{"id":22,"date":"2020-10-17T18:13:25","date_gmt":"2020-10-17T16:13:25","guid":{"rendered":"https:\/\/blogs.donboscovolunteers.de\/vololina\/?page_id=22"},"modified":"2020-10-21T14:07:33","modified_gmt":"2020-10-21T12:07:33","slug":"spenden","status":"publish","type":"page","link":"https:\/\/blogs.donboscovolunteers.de\/vololina\/spenden\/","title":{"rendered":"Spenden"},"content":{"rendered":"<p>Hallo an alle Leser*innen meines Blogs,<\/p>\n\n\n\n<p>vielleicht hat der ein oder die andere sich beim Lesen meines Blogs gefragt, wie ich dieses Jahr finanziere und genau diese Frage m\u00f6chte ich euch hier beantworten.<\/p>\n\n\n\n<p>Der <a href=\"https:\/\/www.donboscovolunteers.de\/\">Freiwilligendienst<\/a> mit <a href=\"https:\/\/www.donboscomission.de\/don-bosco\/\">Don Bosco<\/a> l\u00e4uft im Rahmen des &#8222;weltw\u00e4rts&#8220;-Programms des Bundesministeriums f\u00fcr wirtschaftliche Zusammenarbeit und Entwicklung (BMZ). Das Programm f\u00f6rdert meinen Freiwilligendienst, in dem es 75% der anfallenden Kosten \u00fcbernimmt. Um die restlichen 25% zu finanzieren, liegt es in meiner eigenen Verantwortung, Unterst\u00fctzer f\u00fcr meinen Freiwilligendienst zu finden. Wenn sie mich also unterst\u00fctzen wollen, w\u00fcrde ich mich sehr \u00fcber eine Spende freuen.<\/p>\n\n\n\n<pre class=\"wp-block-verse\">Spendenkonto: DON BOSCO MISSION<br>Bank: LIGA BANK M\u00dcNCHEN<br>IBAN: DE66 7509 0300 0102 1418 76<br>BIC: GENODEF1M05<br>Verwendungszweck: Schulte Lina S20VB018<\/pre>\n\n\n\n<p><\/p>","protected":false},"excerpt":{"rendered":"<p>Hallo an alle Leser*innen meines Blogs, vielleicht hat der ein oder die andere sich beim Lesen meines Blogs gefragt, wie ich dieses Jahr finanziere und genau diese Frage m\u00f6chte ich euch hier beantworten. Der <a href=\"https:\/\/www.donboscovolunteers.de\/\">Freiwilligendienst<\/a> mit <a href=\"https:\/\/www.donboscomission.de\/don-bosco\/\">Don Bosco<\/a> l\u00e4uft im Rahmen des &#8222;weltw\u00e4rts&#8220;-Programms des Bundesministeriums f\u00fcr wirtschaftliche Zusammenarbeit und Entwicklung (BMZ). Das Programm f\u00f6rdert meinen [&hellip;]<\/p>\n","protected":false},"author":21685,"featured_media":0,"parent":0,"menu_order":0,"comment_status":"closed","ping_status":"closed","template":"","meta":{"footnotes":""},"class_list":["post-22","page","type-page","status-publish","hentry"],"yoast_head":"<!-- This site is optimized with the Yoast SEO plugin v25.3.1 - https:\/\/yoast.com\/wordpress\/plugins\/seo\/ -->\n<title>Spenden - Lina schultert...<\/title>\n<meta name=\"robots\" content=\"index, follow, max-snippet:-1, max-image-preview:large, max-video-preview:-1\" \/>\n<link rel=\"canonical\" href=\"https:\/\/blogs.donboscovolunteers.de\/vololina\/spenden\/\" \/>\n<meta property=\"og:locale\" content=\"de_DE\" \/>\n<meta property=\"og:type\" content=\"article\" \/>\n<meta property=\"og:title\" content=\"Spenden - Lina schultert...\" \/>\n<meta property=\"og:description\" content=\"Hallo an alle Leser*innen meines Blogs, vielleicht hat der ein oder die andere sich beim Lesen meines Blogs gefragt, wie ich dieses Jahr finanziere und genau diese Frage m\u00f6chte ich euch hier beantworten. Der Freiwilligendienst mit Don Bosco l\u00e4uft im Rahmen des &#8222;weltw\u00e4rts&#8220;-Programms des Bundesministeriums f\u00fcr wirtschaftliche Zusammenarbeit und Entwicklung (BMZ). Das Programm f\u00f6rdert meinen [&hellip;]\" \/>\n<meta property=\"og:url\" content=\"https:\/\/blogs.donboscovolunteers.de\/vololina\/spenden\/\" \/>\n<meta property=\"og:site_name\" content=\"Lina schultert...\" \/>\n<meta property=\"article:modified_time\" content=\"2020-10-21T12:07:33+00:00\" \/>\n<meta name=\"twitter:card\" content=\"summary_large_image\" \/>\n<meta name=\"twitter:label1\" content=\"Gesch\u00e4tzte Lesezeit\" \/>\n\t<meta name=\"twitter:data1\" content=\"1\u00a0Minute\" \/>\n<script type=\"application\/ld+json\" class=\"yoast-schema-graph\">{\"@context\":\"https:\/\/schema.org\",\"@graph\":[{\"@type\":\"WebPage\",\"@id\":\"https:\/\/blogs.donboscovolunteers.de\/vololina\/spenden\/\",\"url\":\"https:\/\/blogs.donboscovolunteers.de\/vololina\/spenden\/\",\"name\":\"Spenden - Lina schultert...\",\"isPartOf\":{\"@id\":\"https:\/\/blogs.donboscovolunteers.de\/vololina\/#website\"},\"datePublished\":\"2020-10-17T16:13:25+00:00\",\"dateModified\":\"2020-10-21T12:07:33+00:00\",\"breadcrumb\":{\"@id\":\"https:\/\/blogs.donboscovolunteers.de\/vololina\/spenden\/#breadcrumb\"},\"inLanguage\":\"de\",\"potentialAction\":[{\"@type\":\"ReadAction\",\"target\":[\"https:\/\/blogs.donboscovolunteers.de\/vololina\/spenden\/\"]}]},{\"@type\":\"BreadcrumbList\",\"@id\":\"https:\/\/blogs.donboscovolunteers.de\/vololina\/spenden\/#breadcrumb\",\"itemListElement\":[{\"@type\":\"ListItem\",\"position\":1,\"name\":\"Startseite\",\"item\":\"https:\/\/blogs.donboscovolunteers.de\/vololina\/\"},{\"@type\":\"ListItem\",\"position\":2,\"name\":\"Spenden\"}]},{\"@type\":\"WebSite\",\"@id\":\"https:\/\/blogs.donboscovolunteers.de\/vololina\/#website\",\"url\":\"https:\/\/blogs.donboscovolunteers.de\/vololina\/\",\"name\":\"Lina schultert...\",\"description\":\"...ein Jahr als Don Bosco Volunteer\",\"potentialAction\":[{\"@type\":\"SearchAction\",\"target\":{\"@type\":\"EntryPoint\",\"urlTemplate\":\"https:\/\/blogs.donboscovolunteers.de\/vololina\/?s={search_term_string}\"},\"query-input\":{\"@type\":\"PropertyValueSpecification\",\"valueRequired\":true,\"valueName\":\"search_term_string\"}}],\"inLanguage\":\"de\"}]}<\/script>\n<!-- \/ Yoast SEO plugin. -->","yoast_head_json":{"title":"Spenden - Lina schultert...","robots":{"index":"index","follow":"follow","max-snippet":"max-snippet:-1","max-image-preview":"max-image-preview:large","max-video-preview":"max-video-preview:-1"},"canonical":"https:\/\/blogs.donboscovolunteers.de\/vololina\/spenden\/","og_locale":"de_DE","og_type":"article","og_title":"Spenden - Lina schultert...","og_description":"Hallo an alle Leser*innen meines Blogs, vielleicht hat der ein oder die andere sich beim Lesen meines Blogs gefragt, wie ich dieses Jahr finanziere und genau diese Frage m\u00f6chte ich euch hier beantworten. Der Freiwilligendienst mit Don Bosco l\u00e4uft im Rahmen des &#8222;weltw\u00e4rts&#8220;-Programms des Bundesministeriums f\u00fcr wirtschaftliche Zusammenarbeit und Entwicklung (BMZ). Das Programm f\u00f6rdert meinen [&hellip;]","og_url":"https:\/\/blogs.donboscovolunteers.de\/vololina\/spenden\/","og_site_name":"Lina schultert...","article_modified_time":"2020-10-21T12:07:33+00:00","twitter_card":"summary_large_image","twitter_misc":{"Gesch\u00e4tzte Lesezeit":"1\u00a0Minute"},"schema":{"@context":"https:\/\/schema.org","@graph":[{"@type":"WebPage","@id":"https:\/\/blogs.donboscovolunteers.de\/vololina\/spenden\/","url":"https:\/\/blogs.donboscovolunteers.de\/vololina\/spenden\/","name":"Spenden - Lina schultert...","isPartOf":{"@id":"https:\/\/blogs.donboscovolunteers.de\/vololina\/#website"},"datePublished":"2020-10-17T16:13:25+00:00","dateModified":"2020-10-21T12:07:33+00:00","breadcrumb":{"@id":"https:\/\/blogs.donboscovolunteers.de\/vololina\/spenden\/#breadcrumb"},"inLanguage":"de","potentialAction":[{"@type":"ReadAction","target":["https:\/\/blogs.donboscovolunteers.de\/vololina\/spenden\/"]}]},{"@type":"BreadcrumbList","@id":"https:\/\/blogs.donboscovolunteers.de\/vololina\/spenden\/#breadcrumb","itemListElement":[{"@type":"ListItem","position":1,"name":"Startseite","item":"https:\/\/blogs.donboscovolunteers.de\/vololina\/"},{"@type":"ListItem","position":2,"name":"Spenden"}]},{"@type":"WebSite","@id":"https:\/\/blogs.donboscovolunteers.de\/vololina\/#website","url":"https:\/\/blogs.donboscovolunteers.de\/vololina\/","name":"Lina schultert...","description":"...ein Jahr als Don Bosco Volunteer","potentialAction":[{"@type":"SearchAction","target":{"@type":"EntryPoint","urlTemplate":"https:\/\/blogs.donboscovolunteers.de\/vololina\/?s={search_term_string}"},"query-input":{"@type":"PropertyValueSpecification","valueRequired":true,"valueName":"search_term_string"}}],"inLanguage":"de"}]}},"_links":{"self":[{"href":"https:\/\/blogs.donboscovolunteers.de\/vololina\/wp-json\/wp\/v2\/pages\/22","targetHints":{"allow":["GET"]}}],"collection":[{"href":"https:\/\/blogs.donboscovolunteers.de\/vololina\/wp-json\/wp\/v2\/pages"}],"about":[{"href":"https:\/\/blogs.donboscovolunteers.de\/vololina\/wp-json\/wp\/v2\/types\/page"}],"author":[{"embeddable":true,"href":"https:\/\/blogs.donboscovolunteers.de\/vololina\/wp-json\/wp\/v2\/users\/21685"}],"replies":[{"embeddable":true,"href":"https:\/\/blogs.donboscovolunteers.de\/vololina\/wp-json\/wp\/v2\/comments?post=22"}],"version-history":[{"count":4,"href":"https:\/\/blogs.donboscovolunteers.de\/vololina\/wp-json\/wp\/v2\/pages\/22\/revisions"}],"predecessor-version":[{"id":75,"href":"https:\/\/blogs.donboscovolunteers.de\/vololina\/wp-json\/wp\/v2\/pages\/22\/revisions\/75"}],"wp:attachment":[{"href":"https:\/\/blogs.donboscovolunteers.de\/vololina\/wp-json\/wp\/v2\/media?parent=22"}],"curies":[{"name":"wp","href":"https:\/\/api.w.org\/{rel}","templated":true}]}}