{"id":21,"date":"2023-09-11T14:02:35","date_gmt":"2023-09-11T12:02:35","guid":{"rendered":"https:\/\/blogs.donboscovolunteers.de\/viktoriainindien\/?page_id=21"},"modified":"2023-10-16T16:48:24","modified_gmt":"2023-10-16T14:48:24","slug":"spenden","status":"publish","type":"page","link":"https:\/\/blogs.donboscovolunteers.de\/viktoriainindien\/spenden\/","title":{"rendered":"Spendenseite"},"content":{"rendered":"<p>Hallihallo!<\/p>\n\n\n\n<p>Mein Name ist Viktoria Gro\u00df und ich bin in den Jahren 2023\/24 Volunteer in Devadurga, <a href=\"https:\/\/strassenkinder.de\/laender\/asien\/inden\/\">Indien<\/a>. Ich lebe und arbeite in einem Girls Hostel und helfe bei der Betreuung der M\u00e4dchen im Alter von 10 bis 17 Jahren. Das Hostel ist zu Fu\u00df ungef\u00e4hr 10 Minuten von der <a href=\"https:\/\/www.donboscomission.de\/don-bosco\/\">Don Bosco<\/a> School entfernt und bietet den Kindern, die aus den umliegenden D\u00f6rfern stammen, die M\u00f6glichkeit Schulbildung zu erhalten, da sich in den D\u00f6rfern oft keine Schulen befinden und anders als in Deutschland die Entfernung vom nahegelegenem Dorf bis in die Stadt meistens eine bis eineinhalb Stunden betr\u00e4gt und die finanziellen Mittel der Familie f\u00fcr den t\u00e4glichen Transport oft nicht ausreichen. Wenn ich aber mal nicht bei den M\u00e4dchen bin, dann findet man mich h\u00f6chstwahrscheinlich im Hostel nebenan. Dort sind die Kinder untergebracht, die als Kleinkinder arbeiten mussten, um die Familie finanziell zu unterst\u00fctzen und nun resozialisiert und ins Schulleben integriert werden. Tags\u00fcber verbringen wir ein bis zwei Stunden zusammen in der Don Bosco School in denen wir Englisch lernen, basteln, malen und tanzen. In den anderen Schulstunden werde ich bei den Kindergartenkindern oder Grundschulkindern eingesetzt. <\/p>\n\n\n\n<p>Die Projekte sind Teil der Ordensgemeinschaft Don Bosco. Geleitet werden die Projekte durch die Fathers und Sisters des Ordens. Vor Ort arbeiten verschiedene Arbeitskr\u00e4fte wie Lehrkr\u00e4fte, medizinisches Fachpersonal, etc. Jedes Jahr aufs Neue werden Volunt\u00e4re von den Leitern der Projekte angefragt, um zus\u00e4tzlich zu unterst\u00fctzen.<\/p>\n\n\n\n<p>Finanziert wird die Arbeit und der Aufenthalt der Volunt\u00e4re vor allem durch Spenden. Wenn du also Lust hast etwas dazu beizutragen und damit auch meinen <a href=\"https:\/\/www.donboscovolunteers.de\/\">Freiwilligendienst<\/a> zu unterst\u00fctzen, w\u00e4re ich dir mega dankbar, wenn du dies durch den unten angegebenen Link tust. <\/p>\n\n\n\n<p>Dankesch\u00f6n!<\/p>\n\n\n\n<p>Rund 50 Freiwillige werden jedes Jahr von Don Bosco Volunteers ins Ausland entsandt. Hier k\u00f6nnt ihr f\u00fcr meinen Freiwilligendienst spenden: <a href=\"https:\/\/www.donboscomission.de\/volontariat\/2023\/spenden\/viktoriainindien\">https:\/\/www.donboscomission.de\/volontariat\/2023\/spenden\/viktoriainindien<\/a><\/p>\n\n\n\n<p>Tausend Dank, Eure Viki<\/p>","protected":false},"excerpt":{"rendered":"<p>Hallihallo! Mein Name ist Viktoria Gro\u00df und ich bin in den Jahren 2023\/24 Volunteer in Devadurga, <a href=\"https:\/\/strassenkinder.de\/laender\/asien\/inden\/\">Indien<\/a>. Ich lebe und arbeite in einem Girls Hostel und helfe bei der Betreuung der M\u00e4dchen im Alter von 10 bis 17 Jahren. Das Hostel ist zu Fu\u00df ungef\u00e4hr 10 Minuten von der <a href=\"https:\/\/www.donboscomission.de\/don-bosco\/\">Don Bosco<\/a> School entfernt und bietet [&hellip;]<\/p>\n","protected":false},"author":21809,"featured_media":0,"parent":0,"menu_order":0,"comment_status":"closed","ping_status":"closed","template":"","meta":{"footnotes":""},"class_list":["post-21","page","type-page","status-publish","hentry"],"yoast_head":"<!-- This site is optimized with the Yoast SEO plugin v25.3.1 - https:\/\/yoast.com\/wordpress\/plugins\/seo\/ -->\n<title>Spendenseite - Viktoria in Indien<\/title>\n<meta name=\"robots\" content=\"index, follow, max-snippet:-1, max-image-preview:large, max-video-preview:-1\" \/>\n<link rel=\"canonical\" href=\"https:\/\/blogs.donboscovolunteers.de\/viktoriainindien\/spenden\/\" \/>\n<meta property=\"og:locale\" content=\"de_DE\" \/>\n<meta property=\"og:type\" content=\"article\" \/>\n<meta property=\"og:title\" content=\"Spendenseite - Viktoria in Indien\" \/>\n<meta property=\"og:description\" content=\"Hallihallo! Mein Name ist Viktoria Gro\u00df und ich bin in den Jahren 2023\/24 Volunteer in Devadurga, Indien. Ich lebe und arbeite in einem Girls Hostel und helfe bei der Betreuung der M\u00e4dchen im Alter von 10 bis 17 Jahren. Das Hostel ist zu Fu\u00df ungef\u00e4hr 10 Minuten von der Don Bosco School entfernt und bietet [&hellip;]\" \/>\n<meta property=\"og:url\" content=\"https:\/\/blogs.donboscovolunteers.de\/viktoriainindien\/spenden\/\" \/>\n<meta property=\"og:site_name\" content=\"Viktoria in Indien\" \/>\n<meta property=\"article:modified_time\" content=\"2023-10-16T14:48:24+00:00\" \/>\n<meta name=\"twitter:card\" content=\"summary_large_image\" \/>\n<meta name=\"twitter:label1\" content=\"Gesch\u00e4tzte Lesezeit\" \/>\n\t<meta name=\"twitter:data1\" content=\"2\u00a0Minuten\" \/>\n<script type=\"application\/ld+json\" class=\"yoast-schema-graph\">{\"@context\":\"https:\/\/schema.org\",\"@graph\":[{\"@type\":\"WebPage\",\"@id\":\"https:\/\/blogs.donboscovolunteers.de\/viktoriainindien\/spenden\/\",\"url\":\"https:\/\/blogs.donboscovolunteers.de\/viktoriainindien\/spenden\/\",\"name\":\"Spendenseite - Viktoria in Indien\",\"isPartOf\":{\"@id\":\"https:\/\/blogs.donboscovolunteers.de\/viktoriainindien\/#website\"},\"datePublished\":\"2023-09-11T12:02:35+00:00\",\"dateModified\":\"2023-10-16T14:48:24+00:00\",\"breadcrumb\":{\"@id\":\"https:\/\/blogs.donboscovolunteers.de\/viktoriainindien\/spenden\/#breadcrumb\"},\"inLanguage\":\"de\",\"potentialAction\":[{\"@type\":\"ReadAction\",\"target\":[\"https:\/\/blogs.donboscovolunteers.de\/viktoriainindien\/spenden\/\"]}]},{\"@type\":\"BreadcrumbList\",\"@id\":\"https:\/\/blogs.donboscovolunteers.de\/viktoriainindien\/spenden\/#breadcrumb\",\"itemListElement\":[{\"@type\":\"ListItem\",\"position\":1,\"name\":\"Startseite\",\"item\":\"https:\/\/blogs.donboscovolunteers.de\/viktoriainindien\/\"},{\"@type\":\"ListItem\",\"position\":2,\"name\":\"Spendenseite\"}]},{\"@type\":\"WebSite\",\"@id\":\"https:\/\/blogs.donboscovolunteers.de\/viktoriainindien\/#website\",\"url\":\"https:\/\/blogs.donboscovolunteers.de\/viktoriainindien\/\",\"name\":\"Viktoria in Indien\",\"description\":\"\",\"potentialAction\":[{\"@type\":\"SearchAction\",\"target\":{\"@type\":\"EntryPoint\",\"urlTemplate\":\"https:\/\/blogs.donboscovolunteers.de\/viktoriainindien\/?s={search_term_string}\"},\"query-input\":{\"@type\":\"PropertyValueSpecification\",\"valueRequired\":true,\"valueName\":\"search_term_string\"}}],\"inLanguage\":\"de\"}]}<\/script>\n<!-- \/ Yoast SEO plugin. -->","yoast_head_json":{"title":"Spendenseite - Viktoria in Indien","robots":{"index":"index","follow":"follow","max-snippet":"max-snippet:-1","max-image-preview":"max-image-preview:large","max-video-preview":"max-video-preview:-1"},"canonical":"https:\/\/blogs.donboscovolunteers.de\/viktoriainindien\/spenden\/","og_locale":"de_DE","og_type":"article","og_title":"Spendenseite - Viktoria in Indien","og_description":"Hallihallo! Mein Name ist Viktoria Gro\u00df und ich bin in den Jahren 2023\/24 Volunteer in Devadurga, Indien. Ich lebe und arbeite in einem Girls Hostel und helfe bei der Betreuung der M\u00e4dchen im Alter von 10 bis 17 Jahren. Das Hostel ist zu Fu\u00df ungef\u00e4hr 10 Minuten von der Don Bosco School entfernt und bietet [&hellip;]","og_url":"https:\/\/blogs.donboscovolunteers.de\/viktoriainindien\/spenden\/","og_site_name":"Viktoria in Indien","article_modified_time":"2023-10-16T14:48:24+00:00","twitter_card":"summary_large_image","twitter_misc":{"Gesch\u00e4tzte Lesezeit":"2\u00a0Minuten"},"schema":{"@context":"https:\/\/schema.org","@graph":[{"@type":"WebPage","@id":"https:\/\/blogs.donboscovolunteers.de\/viktoriainindien\/spenden\/","url":"https:\/\/blogs.donboscovolunteers.de\/viktoriainindien\/spenden\/","name":"Spendenseite - Viktoria in Indien","isPartOf":{"@id":"https:\/\/blogs.donboscovolunteers.de\/viktoriainindien\/#website"},"datePublished":"2023-09-11T12:02:35+00:00","dateModified":"2023-10-16T14:48:24+00:00","breadcrumb":{"@id":"https:\/\/blogs.donboscovolunteers.de\/viktoriainindien\/spenden\/#breadcrumb"},"inLanguage":"de","potentialAction":[{"@type":"ReadAction","target":["https:\/\/blogs.donboscovolunteers.de\/viktoriainindien\/spenden\/"]}]},{"@type":"BreadcrumbList","@id":"https:\/\/blogs.donboscovolunteers.de\/viktoriainindien\/spenden\/#breadcrumb","itemListElement":[{"@type":"ListItem","position":1,"name":"Startseite","item":"https:\/\/blogs.donboscovolunteers.de\/viktoriainindien\/"},{"@type":"ListItem","position":2,"name":"Spendenseite"}]},{"@type":"WebSite","@id":"https:\/\/blogs.donboscovolunteers.de\/viktoriainindien\/#website","url":"https:\/\/blogs.donboscovolunteers.de\/viktoriainindien\/","name":"Viktoria in Indien","description":"","potentialAction":[{"@type":"SearchAction","target":{"@type":"EntryPoint","urlTemplate":"https:\/\/blogs.donboscovolunteers.de\/viktoriainindien\/?s={search_term_string}"},"query-input":{"@type":"PropertyValueSpecification","valueRequired":true,"valueName":"search_term_string"}}],"inLanguage":"de"}]}},"_links":{"self":[{"href":"https:\/\/blogs.donboscovolunteers.de\/viktoriainindien\/wp-json\/wp\/v2\/pages\/21","targetHints":{"allow":["GET"]}}],"collection":[{"href":"https:\/\/blogs.donboscovolunteers.de\/viktoriainindien\/wp-json\/wp\/v2\/pages"}],"about":[{"href":"https:\/\/blogs.donboscovolunteers.de\/viktoriainindien\/wp-json\/wp\/v2\/types\/page"}],"author":[{"embeddable":true,"href":"https:\/\/blogs.donboscovolunteers.de\/viktoriainindien\/wp-json\/wp\/v2\/users\/21809"}],"replies":[{"embeddable":true,"href":"https:\/\/blogs.donboscovolunteers.de\/viktoriainindien\/wp-json\/wp\/v2\/comments?post=21"}],"version-history":[{"count":13,"href":"https:\/\/blogs.donboscovolunteers.de\/viktoriainindien\/wp-json\/wp\/v2\/pages\/21\/revisions"}],"predecessor-version":[{"id":97,"href":"https:\/\/blogs.donboscovolunteers.de\/viktoriainindien\/wp-json\/wp\/v2\/pages\/21\/revisions\/97"}],"wp:attachment":[{"href":"https:\/\/blogs.donboscovolunteers.de\/viktoriainindien\/wp-json\/wp\/v2\/media?parent=21"}],"curies":[{"name":"wp","href":"https:\/\/api.w.org\/{rel}","templated":true}]}}