{"id":2,"date":"2012-07-22T12:50:09","date_gmt":"2012-07-22T12:50:09","guid":{"rendered":"https:\/\/blogs.donboscovolunteers.de\/tobiasinabidjan\/?page_id=2"},"modified":"2012-10-09T20:33:35","modified_gmt":"2012-10-09T20:33:35","slug":"ueber-mich","status":"publish","type":"page","link":"https:\/\/blogs.donboscovolunteers.de\/tobiasinabidjan\/ueber-mich\/","title":{"rendered":"\u00dcber mich"},"content":{"rendered":"<p>Name:\u00a0\u00a0\u00a0\u00a0\u00a0\u00a0\u00a0 Dr\u00f6\u00dfler<\/p>\n<p>Vorname:\u00a0\u00a0\u00a0 Tobias<\/p>\n<p>Alter:\u00a0\u00a0\u00a0\u00a0\u00a0\u00a0\u00a0\u00a0\u00a0 19 Jahre<\/p>\n<p>Einsatz:\u00a0\u00a0\u00a0\u00a0\u00a0\u00a0 Foyer Magone, Abidjan, C\u00f4te d&#8217;Ivoire<\/p>\n<p>Liebe Leserin, lieber Leser,<\/p>\n<p>nach dem Abi ein Auslandsaufenthalt. Das war Mitte des Jahres 2011 mein Plan. Doch wie, wo und was? Nach monatelanger, ausgedehnter Recherche und vielen \u00dcberlegungen bin ich auf <a href=\"https:\/\/www.donboscomission.de\/don-bosco\/\">DON BOSCO<\/a> VOLUNTEERS gesto\u00dfen. Ein <a href=\"https:\/\/www.donboscovolunteers.de\/\">Freiwilligendienst<\/a> in einem Entwicklungsland? Ist das wirklich das richtige? Naja, bewerben schadet ja nichts.<a href=\"https:\/\/blogs.donboscovolunteers.de\/tobiasinabidjan\/wp-content\/uploads\/sites\/19606\/2012\/09\/Bilder-aus-Zeitung-1.jpg\"><img loading=\"lazy\" decoding=\"async\" class=\"size-full wp-image-52 alignright\" src=\"https:\/\/blogs.donboscovolunteers.de\/tobiasinabidjan\/wp-content\/uploads\/sites\/19606\/2012\/09\/Bilder-aus-Zeitung-1.jpg\" alt=\"\" width=\"306\" height=\"180\" \/><\/a><\/p>\n<p>Prompt wurde ich jedoch zum Informations- und Auswahlseminar im Dezember 2011 nach Bonn eingeladen, das alle anf\u00e4nglichen Unsicherheiten vollkommen beseitigte. GENAU DAS IST ES! Allem Anschein nach bemerkten die Verantwortlichen von DON BOSCO VOLUNTEERS die w\u00e4hrend dieses ersten Seminars in mir aufflammende Begeisterung f\u00fcr ihre Arbeit, denn ich geh\u00f6rte zu den 25 gl\u00fccklichen Volont\u00e4ren, die dieses Jahr in verschiedenste (Entwicklungs-)L\u00e4nder in S\u00fcdamerika, Afrika und Asien von Bonn aus gesendet werden. W\u00e4hrend des zweiten von insgesamt drei Vorbereitungsseminaren erfuhren dann alle 25 Freiwillige, in welches Projekt es genau gehen w\u00fcrde.<\/p>\n<p>Mein Einsatzort soll also das DON BOSCO Stra\u00dfenkinderprojekt in Abidjan im S\u00fcden der Elfenbeink\u00fcste werden. Dort werde ich vorwiegend f\u00fcr die Freizeitgestaltung der Kinder und Jugendlichen und f\u00fcr Alphabetisierungsunterricht zust\u00e4ndig sein.<\/p>\n<p>In diesem Blog werde ich \u00fcber meine Erfahrungen und Eindr\u00fccke im Laufe des bevorstehenden Jahres in hoffentlich regelm\u00e4\u00dfigen Abst\u00e4nden berichten.<\/p>\n","protected":false},"excerpt":{"rendered":"<p>Name:\u00a0\u00a0\u00a0\u00a0\u00a0\u00a0\u00a0 Dr\u00f6\u00dfler Vorname:\u00a0\u00a0\u00a0 Tobias Alter:\u00a0\u00a0\u00a0\u00a0\u00a0\u00a0\u00a0\u00a0\u00a0 19 Jahre Einsatz:\u00a0\u00a0\u00a0\u00a0\u00a0\u00a0 Foyer Magone, Abidjan, C\u00f4te d&#8217;Ivoire Liebe Leserin, lieber Leser, nach dem Abi ein Auslandsaufenthalt. Das war Mitte des Jahres 2011 mein Plan. Doch wie, wo und was? Nach monatelanger, ausgedehnter Recherche und vielen \u00dcberlegungen bin ich auf <a href=\"https:\/\/www.donboscomission.de\/don-bosco\/\">DON BOSCO<\/a> VOLUNTEERS gesto\u00dfen. Ein <a href=\"https:\/\/www.donboscovolunteers.de\/\">Freiwilligendienst<\/a> in einem Entwicklungsland? Ist [&hellip;]<\/p>\n","protected":false},"author":19649,"featured_media":0,"parent":0,"menu_order":0,"comment_status":"open","ping_status":"closed","template":"","meta":{"footnotes":""},"class_list":["post-2","page","type-page","status-publish","hentry"],"yoast_head":"<!-- This site is optimized with the Yoast SEO plugin v25.3.1 - https:\/\/yoast.com\/wordpress\/plugins\/seo\/ -->\n<title>\u00dcber mich - Tobi in Abidjan<\/title>\n<meta name=\"robots\" content=\"index, follow, max-snippet:-1, max-image-preview:large, max-video-preview:-1\" \/>\n<link rel=\"canonical\" href=\"https:\/\/blogs.donboscovolunteers.de\/tobiasinabidjan\/ueber-mich\/\" \/>\n<meta property=\"og:locale\" content=\"de_DE\" \/>\n<meta property=\"og:type\" content=\"article\" \/>\n<meta property=\"og:title\" content=\"\u00dcber mich - Tobi in Abidjan\" \/>\n<meta property=\"og:description\" content=\"Name:\u00a0\u00a0\u00a0\u00a0\u00a0\u00a0\u00a0 Dr\u00f6\u00dfler Vorname:\u00a0\u00a0\u00a0 Tobias Alter:\u00a0\u00a0\u00a0\u00a0\u00a0\u00a0\u00a0\u00a0\u00a0 19 Jahre Einsatz:\u00a0\u00a0\u00a0\u00a0\u00a0\u00a0 Foyer Magone, Abidjan, C\u00f4te d&#8217;Ivoire Liebe Leserin, lieber Leser, nach dem Abi ein Auslandsaufenthalt. Das war Mitte des Jahres 2011 mein Plan. Doch wie, wo und was? Nach monatelanger, ausgedehnter Recherche und vielen \u00dcberlegungen bin ich auf DON BOSCO VOLUNTEERS gesto\u00dfen. Ein Freiwilligendienst in einem Entwicklungsland? Ist [&hellip;]\" \/>\n<meta property=\"og:url\" content=\"https:\/\/blogs.donboscovolunteers.de\/tobiasinabidjan\/ueber-mich\/\" \/>\n<meta property=\"og:site_name\" content=\"Tobi in Abidjan\" \/>\n<meta property=\"article:modified_time\" content=\"2012-10-09T20:33:35+00:00\" \/>\n<meta property=\"og:image\" content=\"https:\/\/blogs.donboscovolunteers.de\/tobiasinabidjan\/wp-content\/uploads\/sites\/19606\/2012\/09\/Bilder-aus-Zeitung-1.jpg\" \/>\n<meta name=\"twitter:card\" content=\"summary_large_image\" \/>\n<meta name=\"twitter:label1\" content=\"Gesch\u00e4tzte Lesezeit\" \/>\n\t<meta name=\"twitter:data1\" content=\"1\u00a0Minute\" \/>\n<script type=\"application\/ld+json\" class=\"yoast-schema-graph\">{\"@context\":\"https:\/\/schema.org\",\"@graph\":[{\"@type\":\"WebPage\",\"@id\":\"https:\/\/blogs.donboscovolunteers.de\/tobiasinabidjan\/ueber-mich\/\",\"url\":\"https:\/\/blogs.donboscovolunteers.de\/tobiasinabidjan\/ueber-mich\/\",\"name\":\"\u00dcber mich - Tobi in Abidjan\",\"isPartOf\":{\"@id\":\"https:\/\/blogs.donboscovolunteers.de\/tobiasinabidjan\/#website\"},\"primaryImageOfPage\":{\"@id\":\"https:\/\/blogs.donboscovolunteers.de\/tobiasinabidjan\/ueber-mich\/#primaryimage\"},\"image\":{\"@id\":\"https:\/\/blogs.donboscovolunteers.de\/tobiasinabidjan\/ueber-mich\/#primaryimage\"},\"thumbnailUrl\":\"https:\/\/blogs.donboscovolunteers.de\/tobiasinabidjan\/wp-content\/uploads\/sites\/19606\/2012\/09\/Bilder-aus-Zeitung-1.jpg\",\"datePublished\":\"2012-07-22T12:50:09+00:00\",\"dateModified\":\"2012-10-09T20:33:35+00:00\",\"breadcrumb\":{\"@id\":\"https:\/\/blogs.donboscovolunteers.de\/tobiasinabidjan\/ueber-mich\/#breadcrumb\"},\"inLanguage\":\"de\",\"potentialAction\":[{\"@type\":\"ReadAction\",\"target\":[\"https:\/\/blogs.donboscovolunteers.de\/tobiasinabidjan\/ueber-mich\/\"]}]},{\"@type\":\"ImageObject\",\"inLanguage\":\"de\",\"@id\":\"https:\/\/blogs.donboscovolunteers.de\/tobiasinabidjan\/ueber-mich\/#primaryimage\",\"url\":\"https:\/\/blogs.donboscovolunteers.de\/tobiasinabidjan\/wp-content\/uploads\/sites\/19606\/2012\/09\/Bilder-aus-Zeitung-1.jpg\",\"contentUrl\":\"https:\/\/blogs.donboscovolunteers.de\/tobiasinabidjan\/wp-content\/uploads\/sites\/19606\/2012\/09\/Bilder-aus-Zeitung-1.jpg\"},{\"@type\":\"BreadcrumbList\",\"@id\":\"https:\/\/blogs.donboscovolunteers.de\/tobiasinabidjan\/ueber-mich\/#breadcrumb\",\"itemListElement\":[{\"@type\":\"ListItem\",\"position\":1,\"name\":\"Startseite\",\"item\":\"https:\/\/blogs.donboscovolunteers.de\/tobiasinabidjan\/\"},{\"@type\":\"ListItem\",\"position\":2,\"name\":\"\u00dcber mich\"}]},{\"@type\":\"WebSite\",\"@id\":\"https:\/\/blogs.donboscovolunteers.de\/tobiasinabidjan\/#website\",\"url\":\"https:\/\/blogs.donboscovolunteers.de\/tobiasinabidjan\/\",\"name\":\"Tobi in Abidjan\",\"description\":\"Ein weiterer strassenkinder.de Blog\",\"potentialAction\":[{\"@type\":\"SearchAction\",\"target\":{\"@type\":\"EntryPoint\",\"urlTemplate\":\"https:\/\/blogs.donboscovolunteers.de\/tobiasinabidjan\/?s={search_term_string}\"},\"query-input\":{\"@type\":\"PropertyValueSpecification\",\"valueRequired\":true,\"valueName\":\"search_term_string\"}}],\"inLanguage\":\"de\"}]}<\/script>\n<!-- \/ Yoast SEO plugin. -->","yoast_head_json":{"title":"\u00dcber mich - Tobi in Abidjan","robots":{"index":"index","follow":"follow","max-snippet":"max-snippet:-1","max-image-preview":"max-image-preview:large","max-video-preview":"max-video-preview:-1"},"canonical":"https:\/\/blogs.donboscovolunteers.de\/tobiasinabidjan\/ueber-mich\/","og_locale":"de_DE","og_type":"article","og_title":"\u00dcber mich - Tobi in Abidjan","og_description":"Name:\u00a0\u00a0\u00a0\u00a0\u00a0\u00a0\u00a0 Dr\u00f6\u00dfler Vorname:\u00a0\u00a0\u00a0 Tobias Alter:\u00a0\u00a0\u00a0\u00a0\u00a0\u00a0\u00a0\u00a0\u00a0 19 Jahre Einsatz:\u00a0\u00a0\u00a0\u00a0\u00a0\u00a0 Foyer Magone, Abidjan, C\u00f4te d&#8217;Ivoire Liebe Leserin, lieber Leser, nach dem Abi ein Auslandsaufenthalt. Das war Mitte des Jahres 2011 mein Plan. Doch wie, wo und was? Nach monatelanger, ausgedehnter Recherche und vielen \u00dcberlegungen bin ich auf DON BOSCO VOLUNTEERS gesto\u00dfen. Ein Freiwilligendienst in einem Entwicklungsland? Ist [&hellip;]","og_url":"https:\/\/blogs.donboscovolunteers.de\/tobiasinabidjan\/ueber-mich\/","og_site_name":"Tobi in Abidjan","article_modified_time":"2012-10-09T20:33:35+00:00","og_image":[{"url":"https:\/\/blogs.donboscovolunteers.de\/tobiasinabidjan\/wp-content\/uploads\/sites\/19606\/2012\/09\/Bilder-aus-Zeitung-1.jpg","type":"","width":"","height":""}],"twitter_card":"summary_large_image","twitter_misc":{"Gesch\u00e4tzte Lesezeit":"1\u00a0Minute"},"schema":{"@context":"https:\/\/schema.org","@graph":[{"@type":"WebPage","@id":"https:\/\/blogs.donboscovolunteers.de\/tobiasinabidjan\/ueber-mich\/","url":"https:\/\/blogs.donboscovolunteers.de\/tobiasinabidjan\/ueber-mich\/","name":"\u00dcber mich - Tobi in Abidjan","isPartOf":{"@id":"https:\/\/blogs.donboscovolunteers.de\/tobiasinabidjan\/#website"},"primaryImageOfPage":{"@id":"https:\/\/blogs.donboscovolunteers.de\/tobiasinabidjan\/ueber-mich\/#primaryimage"},"image":{"@id":"https:\/\/blogs.donboscovolunteers.de\/tobiasinabidjan\/ueber-mich\/#primaryimage"},"thumbnailUrl":"https:\/\/blogs.donboscovolunteers.de\/tobiasinabidjan\/wp-content\/uploads\/sites\/19606\/2012\/09\/Bilder-aus-Zeitung-1.jpg","datePublished":"2012-07-22T12:50:09+00:00","dateModified":"2012-10-09T20:33:35+00:00","breadcrumb":{"@id":"https:\/\/blogs.donboscovolunteers.de\/tobiasinabidjan\/ueber-mich\/#breadcrumb"},"inLanguage":"de","potentialAction":[{"@type":"ReadAction","target":["https:\/\/blogs.donboscovolunteers.de\/tobiasinabidjan\/ueber-mich\/"]}]},{"@type":"ImageObject","inLanguage":"de","@id":"https:\/\/blogs.donboscovolunteers.de\/tobiasinabidjan\/ueber-mich\/#primaryimage","url":"https:\/\/blogs.donboscovolunteers.de\/tobiasinabidjan\/wp-content\/uploads\/sites\/19606\/2012\/09\/Bilder-aus-Zeitung-1.jpg","contentUrl":"https:\/\/blogs.donboscovolunteers.de\/tobiasinabidjan\/wp-content\/uploads\/sites\/19606\/2012\/09\/Bilder-aus-Zeitung-1.jpg"},{"@type":"BreadcrumbList","@id":"https:\/\/blogs.donboscovolunteers.de\/tobiasinabidjan\/ueber-mich\/#breadcrumb","itemListElement":[{"@type":"ListItem","position":1,"name":"Startseite","item":"https:\/\/blogs.donboscovolunteers.de\/tobiasinabidjan\/"},{"@type":"ListItem","position":2,"name":"\u00dcber mich"}]},{"@type":"WebSite","@id":"https:\/\/blogs.donboscovolunteers.de\/tobiasinabidjan\/#website","url":"https:\/\/blogs.donboscovolunteers.de\/tobiasinabidjan\/","name":"Tobi in Abidjan","description":"Ein weiterer strassenkinder.de Blog","potentialAction":[{"@type":"SearchAction","target":{"@type":"EntryPoint","urlTemplate":"https:\/\/blogs.donboscovolunteers.de\/tobiasinabidjan\/?s={search_term_string}"},"query-input":{"@type":"PropertyValueSpecification","valueRequired":true,"valueName":"search_term_string"}}],"inLanguage":"de"}]}},"_links":{"self":[{"href":"https:\/\/blogs.donboscovolunteers.de\/tobiasinabidjan\/wp-json\/wp\/v2\/pages\/2","targetHints":{"allow":["GET"]}}],"collection":[{"href":"https:\/\/blogs.donboscovolunteers.de\/tobiasinabidjan\/wp-json\/wp\/v2\/pages"}],"about":[{"href":"https:\/\/blogs.donboscovolunteers.de\/tobiasinabidjan\/wp-json\/wp\/v2\/types\/page"}],"author":[{"embeddable":true,"href":"https:\/\/blogs.donboscovolunteers.de\/tobiasinabidjan\/wp-json\/wp\/v2\/users\/19649"}],"replies":[{"embeddable":true,"href":"https:\/\/blogs.donboscovolunteers.de\/tobiasinabidjan\/wp-json\/wp\/v2\/comments?post=2"}],"version-history":[{"count":18,"href":"https:\/\/blogs.donboscovolunteers.de\/tobiasinabidjan\/wp-json\/wp\/v2\/pages\/2\/revisions"}],"predecessor-version":[{"id":76,"href":"https:\/\/blogs.donboscovolunteers.de\/tobiasinabidjan\/wp-json\/wp\/v2\/pages\/2\/revisions\/76"}],"wp:attachment":[{"href":"https:\/\/blogs.donboscovolunteers.de\/tobiasinabidjan\/wp-json\/wp\/v2\/media?parent=2"}],"curies":[{"name":"wp","href":"https:\/\/api.w.org\/{rel}","templated":true}]}}

Über mich

<p>Name:        Drößler</p>
<p>Vorname:    Tobias</p>
<p>Alter:          19 Jahre</p>
<p>Einsatz:       Foyer Magone, Abidjan, Côte d&#8217;Ivoire</p>
<p>Liebe Leserin, lieber Leser,</p>
<p>nach dem Abi ein Auslandsaufenthalt. Das war Mitte des Jahres 2011 mein Plan. Doch wie, wo und was? Nach monatelanger, ausgedehnter Recherche und vielen Überlegungen bin ich auf <a href="https://www.donboscomission.de/don-bosco/">DON BOSCO</a> VOLUNTEERS gestoßen. Ein <a href="https://www.donboscovolunteers.de/">Freiwilligendienst</a> in einem Entwicklungsland? Ist das wirklich das richtige? Naja, bewerben schadet ja nichts.<a href="https://blogs.donboscovolunteers.de/tobiasinabidjan/wp-content/uploads/sites/19606/2012/09/Bilder-aus-Zeitung-1.jpg"><img loading="lazy" decoding="async" class="size-full wp-image-52 alignright" src="https://blogs.donboscovolunteers.de/tobiasinabidjan/wp-content/uploads/sites/19606/2012/09/Bilder-aus-Zeitung-1.jpg" alt="" width="306" height="180" /></a></p>
<p>Prompt wurde ich jedoch zum Informations- und Auswahlseminar im Dezember 2011 nach Bonn eingeladen, das alle anfänglichen Unsicherheiten vollkommen beseitigte. GENAU DAS IST ES! Allem Anschein nach bemerkten die Verantwortlichen von DON BOSCO VOLUNTEERS die während dieses ersten Seminars in mir aufflammende Begeisterung für ihre Arbeit, denn ich gehörte zu den 25 glücklichen Volontären, die dieses Jahr in verschiedenste (Entwicklungs-)Länder in Südamerika, Afrika und Asien von Bonn aus gesendet werden. Während des zweiten von insgesamt drei Vorbereitungsseminaren erfuhren dann alle 25 Freiwillige, in welches Projekt es genau gehen würde.</p>
<p>Mein Einsatzort soll also das DON BOSCO Straßenkinderprojekt in Abidjan im Süden der Elfenbeinküste werden. Dort werde ich vorwiegend für die Freizeitgestaltung der Kinder und Jugendlichen und für Alphabetisierungsunterricht zuständig sein.</p>
<p>In diesem Blog werde ich über meine Erfahrungen und Eindrücke im Laufe des bevorstehenden Jahres in hoffentlich regelmäßigen Abständen berichten.</p>

<p>Name:        Drößler Vorname:    Tobias Alter:          19 Jahre Einsatz:       Foyer Magone, Abidjan, Côte d&#8217;Ivoire Liebe Leserin, lieber Leser, nach dem Abi ein Auslandsaufenthalt. Das war Mitte des Jahres 2011 mein Plan. Doch wie, wo und was? Nach monatelanger, ausgedehnter Recherche und vielen Überlegungen bin ich auf <a href="https://www.donboscomission.de/don-bosco/">DON BOSCO</a> VOLUNTEERS gestoßen. Ein <a href="https://www.donboscovolunteers.de/">Freiwilligendienst</a> in einem Entwicklungsland? Ist [&hellip;]</p>

<!-- This site is optimized with the Yoast SEO plugin v25.3.1 - https://yoast.com/wordpress/plugins/seo/ -->
<title>Über mich - Tobi in Abidjan</title>
<meta name="robots" content="index, follow, max-snippet:-1, max-image-preview:large, max-video-preview:-1" />
<link rel="canonical" href="https://blogs.donboscovolunteers.de/tobiasinabidjan/ueber-mich/" />
<meta property="og:locale" content="de_DE" />
<meta property="og:type" content="article" />
<meta property="og:title" content="Über mich - Tobi in Abidjan" />
<meta property="og:description" content="Name:        Drößler Vorname:    Tobias Alter:          19 Jahre Einsatz:       Foyer Magone, Abidjan, Côte d&#8217;Ivoire Liebe Leserin, lieber Leser, nach dem Abi ein Auslandsaufenthalt. Das war Mitte des Jahres 2011 mein Plan. Doch wie, wo und was? Nach monatelanger, ausgedehnter Recherche und vielen Überlegungen bin ich auf DON BOSCO VOLUNTEERS gestoßen. Ein Freiwilligendienst in einem Entwicklungsland? Ist [&hellip;]" />
<meta property="og:url" content="https://blogs.donboscovolunteers.de/tobiasinabidjan/ueber-mich/" />
<meta property="og:site_name" content="Tobi in Abidjan" />
<meta property="article:modified_time" content="2012-10-09T20:33:35+00:00" />
<meta property="og:image" content="https://blogs.donboscovolunteers.de/tobiasinabidjan/wp-content/uploads/sites/19606/2012/09/Bilder-aus-Zeitung-1.jpg" />
<meta name="twitter:card" content="summary_large_image" />
<meta name="twitter:label1" content="Geschätzte Lesezeit" />
	<meta name="twitter:data1" content="1 Minute" />
<script type="application/ld+json" class="yoast-schema-graph">{"@context":"https://schema.org","@graph":[{"@type":"WebPage","@id":"https://blogs.donboscovolunteers.de/tobiasinabidjan/ueber-mich/","url":"https://blogs.donboscovolunteers.de/tobiasinabidjan/ueber-mich/","name":"Über mich - Tobi in Abidjan","isPartOf":{"@id":"https://blogs.donboscovolunteers.de/tobiasinabidjan/#website"},"primaryImageOfPage":{"@id":"https://blogs.donboscovolunteers.de/tobiasinabidjan/ueber-mich/#primaryimage"},"image":{"@id":"https://blogs.donboscovolunteers.de/tobiasinabidjan/ueber-mich/#primaryimage"},"thumbnailUrl":"https://blogs.donboscovolunteers.de/tobiasinabidjan/wp-content/uploads/sites/19606/2012/09/Bilder-aus-Zeitung-1.jpg","datePublished":"2012-07-22T12:50:09+00:00","dateModified":"2012-10-09T20:33:35+00:00","breadcrumb":{"@id":"https://blogs.donboscovolunteers.de/tobiasinabidjan/ueber-mich/#breadcrumb"},"inLanguage":"de","potentialAction":[{"@type":"ReadAction","target":["https://blogs.donboscovolunteers.de/tobiasinabidjan/ueber-mich/"]}]},{"@type":"ImageObject","inLanguage":"de","@id":"https://blogs.donboscovolunteers.de/tobiasinabidjan/ueber-mich/#primaryimage","url":"https://blogs.donboscovolunteers.de/tobiasinabidjan/wp-content/uploads/sites/19606/2012/09/Bilder-aus-Zeitung-1.jpg","contentUrl":"https://blogs.donboscovolunteers.de/tobiasinabidjan/wp-content/uploads/sites/19606/2012/09/Bilder-aus-Zeitung-1.jpg"},{"@type":"BreadcrumbList","@id":"https://blogs.donboscovolunteers.de/tobiasinabidjan/ueber-mich/#breadcrumb","itemListElement":[{"@type":"ListItem","position":1,"name":"Startseite","item":"https://blogs.donboscovolunteers.de/tobiasinabidjan/"},{"@type":"ListItem","position":2,"name":"Über mich"}]},{"@type":"WebSite","@id":"https://blogs.donboscovolunteers.de/tobiasinabidjan/#website","url":"https://blogs.donboscovolunteers.de/tobiasinabidjan/","name":"Tobi in Abidjan","description":"Ein weiterer strassenkinder.de Blog","potentialAction":[{"@type":"SearchAction","target":{"@type":"EntryPoint","urlTemplate":"https://blogs.donboscovolunteers.de/tobiasinabidjan/?s={search_term_string}"},"query-input":{"@type":"PropertyValueSpecification","valueRequired":true,"valueName":"search_term_string"}}],"inLanguage":"de"}]}</script>
<!-- / Yoast SEO plugin. -->

Über mich - Tobi in Abidjan

Name:        Drößler Vorname:    Tobias Alter:          19 Jahre Einsatz:       Foyer Magone, Abidjan, Côte d&#8217;Ivoire Liebe Leserin, lieber Leser, nach dem Abi ein Auslandsaufenthalt. Das war Mitte des Jahres 2011 mein Plan. Doch wie, wo und was? Nach monatelanger, ausgedehnter Recherche und vielen Überlegungen bin ich auf DON BOSCO VOLUNTEERS gestoßen. Ein Freiwilligendienst in einem Entwicklungsland? Ist [&hellip;]
