{"id":105,"date":"2019-09-16T12:09:22","date_gmt":"2019-09-16T10:09:22","guid":{"rendered":"https:\/\/blogs.donboscovolunteers.de\/rikeundruanda\/?page_id=105"},"modified":"2019-12-28T10:45:09","modified_gmt":"2019-12-28T09:45:09","slug":"unsere-arbeit-und-die-der-salesianer","status":"publish","type":"page","link":"https:\/\/blogs.donboscovolunteers.de\/rikeundruanda\/projektfacts\/unsere-arbeit-und-die-der-salesianer\/","title":{"rendered":"Unsere Arbeit und die der Salesianer"},"content":{"rendered":"<p>Die Arbeit der Salesianer und auch unsere Aufgaben hier, k\u00f6nnen in verschiedenen Bereiche aufgeteilt werden. Hier bekommt ihr einen genaueren \u00dcberblick \u00fcber das, was die P\u00e8res und Fr\u00e8res so machen und womit wir unser Jahr hier verbringen. <\/p>\n\n\n\n<hr class=\"wp-block-separator\" \/>\n\n\n\n<p>&#8211;<strong>TVET School<\/strong><\/p>\n\n\n\n<p>Die TVET School ist eine Art Ausbildungszentrum f\u00fcr Jugendliche aus der Umgebung. Hier werden die Sch\u00fcler*innen im Schreinern, N\u00e4hen, Schwei\u00dfen, Maurern und Kochen ausgebildet. Im kommenden Schuljahr wird es auch ein Kleines Atelier f\u00fcr angehende Friseure geben. Zus\u00e4tzlich gibt es noch &#8211; je nach Ausbildungsfach- verschiedenen Unterricht, beispielsweise in Englisch, Franz\u00f6sisch, Swahili, Religion oder Mathematik. Jeder Ausbildungszweig hat hier auf dem Gel\u00e4nde sein eigenes &#8222;Atelier&#8220; mit dem n\u00f6tigen Werkzeug. <\/p>\n\n\n\n<p>Wir werden wahrscheinlich ab dem kommenden Schuljahr (Januar 2020) auch in der Schule beim Englischunterricht helfen.<\/p>\n\n\n\n<p>Da auch die TVET School von einem der Salesianer geleitet, das t\u00e4gliche Mittagessen und die Ausbildungsm\u00f6glichkeiten vom Orden\/<a href=\"https:\/\/www.donboscomission.de\/don-bosco\/\">Don Bosco<\/a> Mondo finanziert wird, findet man auch hier einige Strukturen der Salesianer wieder. So zum Beispiel das &#8222;Mot du Matin&#8220;. Das ist ein Morgenimpuls, der auch unter dem Namen &#8222;Wort des Morgens&#8220; oder &#8222;Good Morning&#8220; in vielen Einrichtungen Don Boscos statt findet. Hierbei erz\u00e4hlt einer der Salesianer eine Geschichte, h\u00e4lt einen kurzen Vortrag \u00fcber ein Thema oder gibt einen kleinen Gedankenansto\u00df. Zum Schluss wird gemeinsam gebetet und danach gehen die Sch\u00fcler in den Unterricht. <\/p>\n\n\n\n<p>Emma und Ich sind auch immer bei diesem Morgenimpuls dabei. Das &#8222;Mot de Matin&#8220; wird zwischendurch auf Englisch, Franz\u00f6sisch oder Kinyarwanda gehalten.<\/p>\n\n\n\n<div class=\"wp-block-image\"><figure class=\"aligncenter is-resized\"><img loading=\"lazy\" decoding=\"async\" src=\"https:\/\/blogs.donboscovolunteers.de\/rikeundruanda\/wp-content\/uploads\/sites\/21604\/2019\/09\/DSC_1876-1024x770.jpg\" alt=\"\" class=\"wp-image-122\" width=\"450\" height=\"338\" srcset=\"https:\/\/blogs.donboscovolunteers.de\/rikeundruanda\/wp-content\/uploads\/sites\/21604\/2019\/09\/DSC_1876-1024x770.jpg 1024w, https:\/\/blogs.donboscovolunteers.de\/rikeundruanda\/wp-content\/uploads\/sites\/21604\/2019\/09\/DSC_1876-300x226.jpg 300w, https:\/\/blogs.donboscovolunteers.de\/rikeundruanda\/wp-content\/uploads\/sites\/21604\/2019\/09\/DSC_1876-768x578.jpg 768w, https:\/\/blogs.donboscovolunteers.de\/rikeundruanda\/wp-content\/uploads\/sites\/21604\/2019\/09\/DSC_1876-900x677.jpg 900w, https:\/\/blogs.donboscovolunteers.de\/rikeundruanda\/wp-content\/uploads\/sites\/21604\/2019\/09\/DSC_1876.jpg 1280w\" sizes=\"auto, (max-width: 450px) 100vw, 450px\" \/><\/figure><\/div>\n\n\n\n<p>&#8211;<strong>Oratorium<\/strong><\/p>\n\n\n\n<p><em>Storytime: Das Oratorium ist ein Konzept, das Don Bosco selbst entwickelte; ein Ort, der Kinder und Jugendlichen aufnimmt und ihnen ein Dach \u00fcberm Kopf schenkt. Dort sollen Impulse f\u00fcrs Leben und den Glauben gegeben werden, eine Schule auf das Leben vorbereiten und ein \u201eSpielhof\u201c geschaffen werden. Dieser ist die Grundlage f\u00fcr freundschaftliche Begegnungen, n\u00f6tige Zuwendung und eine Struktur im Leben der Kinder. Don Bosco glaubte daran, dass jeder Mensch einen guten Kern hat und, dass vor allem das Leben in der Gemeinschaft zur n\u00f6tigen F\u00fcrsorge und Weiterentwicklung beitr\u00e4gt.<\/em><\/p>\n\n\n\n<p>Das Oratorium in Rango hat jeden Nachmittag offen und l\u00e4dt alle Kinder, Jugendliche und Erwachsene zum Zusammenkommen, Austauschen, Spielen und Sportmachen ein. Hier haben alle die M\u00f6glichkeit auf einem der drei Spielfelder f\u00fcr Basketball, Volleyball und Fu\u00dfball zu spielen oder sich einfach auf die umliegenden Wiesen zu setzten, zu zugucken oder zu reden.<\/p>\n\n\n\n<p>Emma und Ich wagen uns langsam an verschiedene Angebote f\u00fcr die Kinder ran, sind aber meistens einfach nur anwesend, um auf die Bed\u00fcrfnisse der Kinder ein zu gehen. Manchmal gesellen wir uns zu den Ballspielen dazu, sobald mehr Kinder kommen oder Studenten der naheliegenden Universit\u00e4t dazukommen, setzten wir uns mei\u00dftens an den Rand, schauen zu oder quatschen mit Kindern, die sich zu uns setzten. Zwischendurch lesen wir mit ein paar interessierten Kindern englische Geschichten, \u00fcben Liedtexte, machen Hausafgaben zusammen, spielen Klatschspiele oder singen Lieder.<\/p>\n\n\n\n<p>Die Kinder hier sind sehr neugierig und offen. So entstehen schnell Gespr\u00e4che- entweder mit unserem br\u00fcchigen und noch kleinem Vokabular an Kinyarwanda oder auf Englisch. Wir bekommen hier viele W\u00f6rter auf Kinyarwanda beigebracht und auch die Kinder sind sehr interessiert an anderen Sprachen. Es wurden uns schon viele kleine Spielchen mit Steinen und Zeichnugen gezeigt, die wir zwischendurch mit den Kindern spielen. Springseilspringen, Malen und zusammen mit den Jugendlichen singen, die Gitarre spielen k\u00f6nnen, geh\u00f6rt schon zu unserem Alltag.<\/p>\n\n\n\n<blockquote class=\"wp-block-quote is-layout-flow wp-block-quote-is-layout-flow\"><p>Unsere Aufgabe ist es, einfach f\u00fcr die Kinder da zu sein und ihnen die M\u00f6glichkeit zu geben etwas zu lernen, sich zu entspannen, kleine Wunden zu versorgen oder einfach nur Spa\u00df zu haben. <\/p><\/blockquote>\n\n\n\n<p>Auch im Oratorium gibt es einen kleinen Impuls, das &#8222;Mot du Soir&#8220; (Abendwort): dieser findet um kurz vor 18:00 Uhr statt, damit dann um 18:00 Uhr das Oratorium geschlossen werden kann. Unsere Aufgabe ist es, die Kinder zu diesem Anlass zusammen zu trommeln, schon einmal die ganzen B\u00e4lle und Utensilien einzusammen und uns darum zu k\u00fcmmern, dass jemand das &#8222;Mot du Soir&#8220; macht. Daf\u00fcr findet sich entweder einer der Salesianer, der Aspiranten oder der \u00e4lteren Kinder, die dann  kurz etwas erz\u00e4hlen oder einfach zum Beten einladen. Manchmal m\u00fcssen auch Emma oder Ich ran und unser Kinyarwanda zum Besten geben, um zusammen das Vater Unser zu beten. So wird auch hier den Kindern eine verl\u00e4ssliche Struktur gegeben. <\/p>\n\n\n\n<div class=\"wp-block-image\"><figure class=\"aligncenter is-resized\"><img loading=\"lazy\" decoding=\"async\" src=\"https:\/\/blogs.donboscovolunteers.de\/rikeundruanda\/wp-content\/uploads\/sites\/21604\/2019\/09\/DSC_1878-770x1024.jpg\" alt=\"\" class=\"wp-image-123\" width=\"276\" height=\"367\" srcset=\"https:\/\/blogs.donboscovolunteers.de\/rikeundruanda\/wp-content\/uploads\/sites\/21604\/2019\/09\/DSC_1878-770x1024.jpg 770w, https:\/\/blogs.donboscovolunteers.de\/rikeundruanda\/wp-content\/uploads\/sites\/21604\/2019\/09\/DSC_1878-226x300.jpg 226w, https:\/\/blogs.donboscovolunteers.de\/rikeundruanda\/wp-content\/uploads\/sites\/21604\/2019\/09\/DSC_1878-768x1021.jpg 768w, https:\/\/blogs.donboscovolunteers.de\/rikeundruanda\/wp-content\/uploads\/sites\/21604\/2019\/09\/DSC_1878-900x1196.jpg 900w, https:\/\/blogs.donboscovolunteers.de\/rikeundruanda\/wp-content\/uploads\/sites\/21604\/2019\/09\/DSC_1878.jpg 963w\" sizes=\"auto, (max-width: 276px) 100vw, 276px\" \/><\/figure><\/div>\n\n\n\n<p class=\"has-text-align-center has-small-font-size\">Der Blick auf einen Teil des Gel\u00e4ndes, auf dem das Oratorium stattfindet: Eine Rasenfl\u00e4che und die Volleyball- und Basketballpl\u00e4tze<\/p>\n\n\n\n<p>&#8211;<strong>&#8222;Don Bosco Ejo Heza&#8220;-Projekt<\/strong><\/p>\n\n\n\n<p>&#8222;Ejo Heza&#8220;, das bedeutet &#8222;sch\u00f6nes Morgen&#8220;-So wurde dieses immer gr\u00f6\u00dfer werdende Projekt im letzten Jahr inoffiziell genannt. Hierbei handelt es sich um ein Projekt, das jeden Samstag mit den Stra\u00dfenkindern der Umgebung statt findet. Das Programm zieht sich \u00fcber den ganzen Vormittag und endet um ca 12:30 Uhr mit dem letzten Punkt; dem Mittagessen. <\/p>\n\n\n\n<p>Zuerst haben die Kinder die M\u00f6glichkeit, sich und ihre Kleidung mit Seife und dem Wasser aus den Wassertanks auf dem Gel\u00e4nde zu waschen und danach einzucremen. Danach ist Zeit f\u00fcr Spiele in der Gruppe, Fu\u00dfball oder einfach Quatschmachen. Auch hier besteht die M\u00f6glichkeit f\u00fcr einen kleinen Impuls, der von einem der Salesianer oder der G\u00e4ste gegeben werden kann, die sich im Moment in der Communaut\u00e9 befinden. Dabei kann es um N\u00e4chstenliebe und Hoffnung, aber auch um Vortr\u00e4ge \u00fcber die Nachteile vom Leben auf der Stra\u00dfe oder andere M\u00f6glichkeiten f\u00fcr Kinder gehen. <\/p>\n\n\n\n<p>Hier kann man auch Zeit finden, um etwas mit dem Kindern zu lernen, zu basteln, Spiele anzuleiten, zu tanzen oder zu singen. Den Part \u00fcbernehmen dann wir Volunteers. <\/p>\n\n\n\n<p>Vor dem Essen wird dann noch die Anwesenheit gecheckt; auch ein Punkt, der den Kinder ein Gef\u00fchl von Struktur und Wertsch\u00e4tzung geben soll. Au\u00dferdem bekommen wir so einen \u00dcberblick, wer von den Kindern regelm\u00e4\u00dfig kommt und, mit wie vielen Kindern man rechnen kann. Die Anzahl der Kinder pro Samstag ist sehr unterschiedlich. Auf der Namensliste, die zusammen mit einer Kartei aller Kinder und deren Beweggr\u00fcnde f\u00fcr das Leben auf der Stra\u00dfe angefertigt wurde, stehen momentan 120 Kinder. Davon kommen nie alle, aber es gibt schon viele Kinder, die regelm\u00e4\u00dfig kommen \ud83d\ude42 <\/p>\n\n\n\n<p>&#8211;<strong>Leben in der Communaut\u00e9 und die Gemeinde<\/strong><\/p>\n\n\n\n<p>Neben den oben genannten Aufgaben, k\u00fcmmern sich die Salesianer auch noch um die Messen in Rango und Umgebung. Vorallem am Wochenende und Morgens in der Woche sind sie alle bussy unterwegs, da sie die Messen in mehrern umliegenden Kirchen, Ordnesgemeinschaften von Schwestern und in verschiedenen Veranstaltungsr\u00e4umen zelebrieren. Zu diesen Messen geh\u00f6ren zum Besispiel auch die 3 Sonntagsmessen in der Rango Church, die nur 5 Miunten Fu\u00dfweg von unserem Gel\u00e4nde entfernt liegt. Je nachdem, wie wir gerade drauf sind, besuchen Emma und ich die erste Sonntagsmesse fr\u00fch am morgen oder die etwas sp\u00e4ter um 10:30 Uhr. <\/p>\n\n\n\n<p>In der Woche gehen wir auch gerne in die Morgenmesse der Gemeinde, wenn bei uns in der Communaut\u00e9 keine Messe in der Kapelle statt findet. <\/p>","protected":false},"excerpt":{"rendered":"<p>Die Arbeit der Salesianer und auch unsere Aufgaben hier, k\u00f6nnen in verschiedenen Bereiche aufgeteilt werden. Hier bekommt ihr einen genaueren \u00dcberblick \u00fcber das, was die P\u00e8res und Fr\u00e8res so machen und womit wir unser Jahr hier verbringen. &#8211;TVET School Die TVET School ist eine Art Ausbildungszentrum f\u00fcr Jugendliche aus der Umgebung. Hier werden die Sch\u00fcler*innen [&hellip;]<\/p>\n","protected":false},"author":21665,"featured_media":118,"parent":30,"menu_order":0,"comment_status":"closed","ping_status":"closed","template":"","meta":{"footnotes":""},"class_list":["post-105","page","type-page","status-publish","has-post-thumbnail","hentry"],"yoast_head":"<!-- This site is optimized with the Yoast SEO plugin v25.3.1 - https:\/\/yoast.com\/wordpress\/plugins\/seo\/ -->\n<title>Unsere Arbeit und die der Salesianer - Rike und Ruanda<\/title>\n<meta name=\"description\" content=\"Die Salesianer hier in Rango haben einiges zu tun: Es gibt hier ein Ausbildungszentrum, das Oratorium, die umliegenden Gemeinden und das Kommunit\u00e4tsleben, um das sich gek\u00fcmmert werden muss. Wie das im Genauen aussieht, k\u00f6nnt ihr hier nachlesen\" \/>\n<meta name=\"robots\" content=\"index, follow, max-snippet:-1, max-image-preview:large, max-video-preview:-1\" \/>\n<link rel=\"canonical\" href=\"https:\/\/blogs.donboscovolunteers.de\/rikeundruanda\/projektfacts\/unsere-arbeit-und-die-der-salesianer\/\" \/>\n<meta property=\"og:locale\" content=\"de_DE\" \/>\n<meta property=\"og:type\" content=\"article\" \/>\n<meta property=\"og:title\" content=\"Unsere Arbeit und die der Salesianer - Rike und Ruanda\" \/>\n<meta property=\"og:description\" content=\"Die Salesianer hier in Rango haben einiges zu tun: Es gibt hier ein Ausbildungszentrum, das Oratorium, die umliegenden Gemeinden und das Kommunit\u00e4tsleben, um das sich gek\u00fcmmert werden muss. Wie das im Genauen aussieht, k\u00f6nnt ihr hier nachlesen\" \/>\n<meta property=\"og:url\" content=\"https:\/\/blogs.donboscovolunteers.de\/rikeundruanda\/projektfacts\/unsere-arbeit-und-die-der-salesianer\/\" \/>\n<meta property=\"og:site_name\" content=\"Rike und Ruanda\" \/>\n<meta property=\"article:modified_time\" content=\"2019-12-28T09:45:09+00:00\" \/>\n<meta property=\"og:image\" content=\"https:\/\/blogs.donboscovolunteers.de\/rikeundruanda\/wp-content\/uploads\/sites\/21604\/2019\/09\/DSC_1877.jpg\" \/>\n\t<meta property=\"og:image:width\" content=\"1280\" \/>\n\t<meta property=\"og:image:height\" content=\"963\" \/>\n\t<meta property=\"og:image:type\" content=\"image\/jpeg\" \/>\n<meta name=\"twitter:card\" content=\"summary_large_image\" \/>\n<meta name=\"twitter:label1\" content=\"Gesch\u00e4tzte Lesezeit\" \/>\n\t<meta name=\"twitter:data1\" content=\"6\u00a0Minuten\" \/>\n<script type=\"application\/ld+json\" class=\"yoast-schema-graph\">{\"@context\":\"https:\/\/schema.org\",\"@graph\":[{\"@type\":\"WebPage\",\"@id\":\"https:\/\/blogs.donboscovolunteers.de\/rikeundruanda\/projektfacts\/unsere-arbeit-und-die-der-salesianer\/\",\"url\":\"https:\/\/blogs.donboscovolunteers.de\/rikeundruanda\/projektfacts\/unsere-arbeit-und-die-der-salesianer\/\",\"name\":\"Unsere Arbeit und die der Salesianer - Rike und Ruanda\",\"isPartOf\":{\"@id\":\"https:\/\/blogs.donboscovolunteers.de\/rikeundruanda\/#website\"},\"primaryImageOfPage\":{\"@id\":\"https:\/\/blogs.donboscovolunteers.de\/rikeundruanda\/projektfacts\/unsere-arbeit-und-die-der-salesianer\/#primaryimage\"},\"image\":{\"@id\":\"https:\/\/blogs.donboscovolunteers.de\/rikeundruanda\/projektfacts\/unsere-arbeit-und-die-der-salesianer\/#primaryimage\"},\"thumbnailUrl\":\"https:\/\/blogs.donboscovolunteers.de\/rikeundruanda\/wp-content\/uploads\/sites\/21604\/2019\/09\/DSC_1877.jpg\",\"datePublished\":\"2019-09-16T10:09:22+00:00\",\"dateModified\":\"2019-12-28T09:45:09+00:00\",\"description\":\"Die Salesianer hier in Rango haben einiges zu tun: Es gibt hier ein Ausbildungszentrum, das Oratorium, die umliegenden Gemeinden und das Kommunit\u00e4tsleben, um das sich gek\u00fcmmert werden muss. Wie das im Genauen aussieht, k\u00f6nnt ihr hier nachlesen\",\"breadcrumb\":{\"@id\":\"https:\/\/blogs.donboscovolunteers.de\/rikeundruanda\/projektfacts\/unsere-arbeit-und-die-der-salesianer\/#breadcrumb\"},\"inLanguage\":\"de\",\"potentialAction\":[{\"@type\":\"ReadAction\",\"target\":[\"https:\/\/blogs.donboscovolunteers.de\/rikeundruanda\/projektfacts\/unsere-arbeit-und-die-der-salesianer\/\"]}]},{\"@type\":\"ImageObject\",\"inLanguage\":\"de\",\"@id\":\"https:\/\/blogs.donboscovolunteers.de\/rikeundruanda\/projektfacts\/unsere-arbeit-und-die-der-salesianer\/#primaryimage\",\"url\":\"https:\/\/blogs.donboscovolunteers.de\/rikeundruanda\/wp-content\/uploads\/sites\/21604\/2019\/09\/DSC_1877.jpg\",\"contentUrl\":\"https:\/\/blogs.donboscovolunteers.de\/rikeundruanda\/wp-content\/uploads\/sites\/21604\/2019\/09\/DSC_1877.jpg\",\"width\":1280,\"height\":963},{\"@type\":\"BreadcrumbList\",\"@id\":\"https:\/\/blogs.donboscovolunteers.de\/rikeundruanda\/projektfacts\/unsere-arbeit-und-die-der-salesianer\/#breadcrumb\",\"itemListElement\":[{\"@type\":\"ListItem\",\"position\":1,\"name\":\"Startseite\",\"item\":\"https:\/\/blogs.donboscovolunteers.de\/rikeundruanda\/\"},{\"@type\":\"ListItem\",\"position\":2,\"name\":\"Unsere Arbeit\",\"item\":\"https:\/\/blogs.donboscovolunteers.de\/rikeundruanda\/projektfacts\/\"},{\"@type\":\"ListItem\",\"position\":3,\"name\":\"Unsere Arbeit und die der Salesianer\"}]},{\"@type\":\"WebSite\",\"@id\":\"https:\/\/blogs.donboscovolunteers.de\/rikeundruanda\/#website\",\"url\":\"https:\/\/blogs.donboscovolunteers.de\/rikeundruanda\/\",\"name\":\"Rike und Ruanda\",\"description\":\"Ein Listen- und Termintaktermensch in einer buhoro buhoro-Welt \",\"potentialAction\":[{\"@type\":\"SearchAction\",\"target\":{\"@type\":\"EntryPoint\",\"urlTemplate\":\"https:\/\/blogs.donboscovolunteers.de\/rikeundruanda\/?s={search_term_string}\"},\"query-input\":{\"@type\":\"PropertyValueSpecification\",\"valueRequired\":true,\"valueName\":\"search_term_string\"}}],\"inLanguage\":\"de\"}]}<\/script>\n<!-- \/ Yoast SEO plugin. -->","yoast_head_json":{"title":"Unsere Arbeit und die der Salesianer - Rike und Ruanda","description":"Die Salesianer hier in Rango haben einiges zu tun: Es gibt hier ein Ausbildungszentrum, das Oratorium, die umliegenden Gemeinden und das Kommunit\u00e4tsleben, um das sich gek\u00fcmmert werden muss. Wie das im Genauen aussieht, k\u00f6nnt ihr hier nachlesen","robots":{"index":"index","follow":"follow","max-snippet":"max-snippet:-1","max-image-preview":"max-image-preview:large","max-video-preview":"max-video-preview:-1"},"canonical":"https:\/\/blogs.donboscovolunteers.de\/rikeundruanda\/projektfacts\/unsere-arbeit-und-die-der-salesianer\/","og_locale":"de_DE","og_type":"article","og_title":"Unsere Arbeit und die der Salesianer - Rike und Ruanda","og_description":"Die Salesianer hier in Rango haben einiges zu tun: Es gibt hier ein Ausbildungszentrum, das Oratorium, die umliegenden Gemeinden und das Kommunit\u00e4tsleben, um das sich gek\u00fcmmert werden muss. Wie das im Genauen aussieht, k\u00f6nnt ihr hier nachlesen","og_url":"https:\/\/blogs.donboscovolunteers.de\/rikeundruanda\/projektfacts\/unsere-arbeit-und-die-der-salesianer\/","og_site_name":"Rike und Ruanda","article_modified_time":"2019-12-28T09:45:09+00:00","og_image":[{"width":1280,"height":963,"url":"https:\/\/blogs.donboscovolunteers.de\/rikeundruanda\/wp-content\/uploads\/sites\/21604\/2019\/09\/DSC_1877.jpg","type":"image\/jpeg"}],"twitter_card":"summary_large_image","twitter_misc":{"Gesch\u00e4tzte Lesezeit":"6\u00a0Minuten"},"schema":{"@context":"https:\/\/schema.org","@graph":[{"@type":"WebPage","@id":"https:\/\/blogs.donboscovolunteers.de\/rikeundruanda\/projektfacts\/unsere-arbeit-und-die-der-salesianer\/","url":"https:\/\/blogs.donboscovolunteers.de\/rikeundruanda\/projektfacts\/unsere-arbeit-und-die-der-salesianer\/","name":"Unsere Arbeit und die der Salesianer - Rike und Ruanda","isPartOf":{"@id":"https:\/\/blogs.donboscovolunteers.de\/rikeundruanda\/#website"},"primaryImageOfPage":{"@id":"https:\/\/blogs.donboscovolunteers.de\/rikeundruanda\/projektfacts\/unsere-arbeit-und-die-der-salesianer\/#primaryimage"},"image":{"@id":"https:\/\/blogs.donboscovolunteers.de\/rikeundruanda\/projektfacts\/unsere-arbeit-und-die-der-salesianer\/#primaryimage"},"thumbnailUrl":"https:\/\/blogs.donboscovolunteers.de\/rikeundruanda\/wp-content\/uploads\/sites\/21604\/2019\/09\/DSC_1877.jpg","datePublished":"2019-09-16T10:09:22+00:00","dateModified":"2019-12-28T09:45:09+00:00","description":"Die Salesianer hier in Rango haben einiges zu tun: Es gibt hier ein Ausbildungszentrum, das Oratorium, die umliegenden Gemeinden und das Kommunit\u00e4tsleben, um das sich gek\u00fcmmert werden muss. Wie das im Genauen aussieht, k\u00f6nnt ihr hier nachlesen","breadcrumb":{"@id":"https:\/\/blogs.donboscovolunteers.de\/rikeundruanda\/projektfacts\/unsere-arbeit-und-die-der-salesianer\/#breadcrumb"},"inLanguage":"de","potentialAction":[{"@type":"ReadAction","target":["https:\/\/blogs.donboscovolunteers.de\/rikeundruanda\/projektfacts\/unsere-arbeit-und-die-der-salesianer\/"]}]},{"@type":"ImageObject","inLanguage":"de","@id":"https:\/\/blogs.donboscovolunteers.de\/rikeundruanda\/projektfacts\/unsere-arbeit-und-die-der-salesianer\/#primaryimage","url":"https:\/\/blogs.donboscovolunteers.de\/rikeundruanda\/wp-content\/uploads\/sites\/21604\/2019\/09\/DSC_1877.jpg","contentUrl":"https:\/\/blogs.donboscovolunteers.de\/rikeundruanda\/wp-content\/uploads\/sites\/21604\/2019\/09\/DSC_1877.jpg","width":1280,"height":963},{"@type":"BreadcrumbList","@id":"https:\/\/blogs.donboscovolunteers.de\/rikeundruanda\/projektfacts\/unsere-arbeit-und-die-der-salesianer\/#breadcrumb","itemListElement":[{"@type":"ListItem","position":1,"name":"Startseite","item":"https:\/\/blogs.donboscovolunteers.de\/rikeundruanda\/"},{"@type":"ListItem","position":2,"name":"Unsere Arbeit","item":"https:\/\/blogs.donboscovolunteers.de\/rikeundruanda\/projektfacts\/"},{"@type":"ListItem","position":3,"name":"Unsere Arbeit und die der Salesianer"}]},{"@type":"WebSite","@id":"https:\/\/blogs.donboscovolunteers.de\/rikeundruanda\/#website","url":"https:\/\/blogs.donboscovolunteers.de\/rikeundruanda\/","name":"Rike und Ruanda","description":"Ein Listen- und Termintaktermensch in einer buhoro buhoro-Welt ","potentialAction":[{"@type":"SearchAction","target":{"@type":"EntryPoint","urlTemplate":"https:\/\/blogs.donboscovolunteers.de\/rikeundruanda\/?s={search_term_string}"},"query-input":{"@type":"PropertyValueSpecification","valueRequired":true,"valueName":"search_term_string"}}],"inLanguage":"de"}]}},"_links":{"self":[{"href":"https:\/\/blogs.donboscovolunteers.de\/rikeundruanda\/wp-json\/wp\/v2\/pages\/105","targetHints":{"allow":["GET"]}}],"collection":[{"href":"https:\/\/blogs.donboscovolunteers.de\/rikeundruanda\/wp-json\/wp\/v2\/pages"}],"about":[{"href":"https:\/\/blogs.donboscovolunteers.de\/rikeundruanda\/wp-json\/wp\/v2\/types\/page"}],"author":[{"embeddable":true,"href":"https:\/\/blogs.donboscovolunteers.de\/rikeundruanda\/wp-json\/wp\/v2\/users\/21665"}],"replies":[{"embeddable":true,"href":"https:\/\/blogs.donboscovolunteers.de\/rikeundruanda\/wp-json\/wp\/v2\/comments?post=105"}],"version-history":[{"count":6,"href":"https:\/\/blogs.donboscovolunteers.de\/rikeundruanda\/wp-json\/wp\/v2\/pages\/105\/revisions"}],"predecessor-version":[{"id":309,"href":"https:\/\/blogs.donboscovolunteers.de\/rikeundruanda\/wp-json\/wp\/v2\/pages\/105\/revisions\/309"}],"up":[{"embeddable":true,"href":"https:\/\/blogs.donboscovolunteers.de\/rikeundruanda\/wp-json\/wp\/v2\/pages\/30"}],"wp:featuredmedia":[{"embeddable":true,"href":"https:\/\/blogs.donboscovolunteers.de\/rikeundruanda\/wp-json\/wp\/v2\/media\/118"}],"wp:attachment":[{"href":"https:\/\/blogs.donboscovolunteers.de\/rikeundruanda\/wp-json\/wp\/v2\/media?parent=105"}],"curies":[{"name":"wp","href":"https:\/\/api.w.org\/{rel}","templated":true}]}}