{"id":2,"date":"2019-06-29T22:25:04","date_gmt":"2019-06-29T20:25:04","guid":{"rendered":"https:\/\/blogs.donboscovolunteers.de\/rebekkainbolivien\/?page_id=2"},"modified":"2019-10-05T18:26:35","modified_gmt":"2019-10-05T16:26:35","slug":"beispiel-seite","status":"publish","type":"page","link":"https:\/\/blogs.donboscovolunteers.de\/rebekkainbolivien\/beispiel-seite\/","title":{"rendered":"Wer bin ich?"},"content":{"rendered":"<figure class=\"wp-block-image is-resized\"><img loading=\"lazy\" decoding=\"async\" src=\"https:\/\/blogs.donboscovolunteers.de\/rebekkainbolivien\/wp-content\/uploads\/sites\/21582\/2019\/09\/IMG-20190703-WA02311-1024x498.jpg\" alt=\"\" class=\"wp-image-27\" width=\"580\" height=\"282\" srcset=\"https:\/\/blogs.donboscovolunteers.de\/rebekkainbolivien\/wp-content\/uploads\/sites\/21582\/2019\/09\/IMG-20190703-WA02311-1024x498.jpg 1024w, https:\/\/blogs.donboscovolunteers.de\/rebekkainbolivien\/wp-content\/uploads\/sites\/21582\/2019\/09\/IMG-20190703-WA02311-300x146.jpg 300w, https:\/\/blogs.donboscovolunteers.de\/rebekkainbolivien\/wp-content\/uploads\/sites\/21582\/2019\/09\/IMG-20190703-WA02311-768x373.jpg 768w, https:\/\/blogs.donboscovolunteers.de\/rebekkainbolivien\/wp-content\/uploads\/sites\/21582\/2019\/09\/IMG-20190703-WA02311-900x437.jpg 900w, https:\/\/blogs.donboscovolunteers.de\/rebekkainbolivien\/wp-content\/uploads\/sites\/21582\/2019\/09\/IMG-20190703-WA02311.jpg 1280w\" sizes=\"auto, (max-width: 580px) 100vw, 580px\" \/><\/figure>\n\n\n<p>Hallo an alle und danke, dass ihr hier vorbeischaut.<\/p>\n<p>Ich bin Rebekka Kuhn, 18 Jahre alt und habe dieses Jahr mein Abitur gemacht. Urspr\u00fcnglich komme ich aus der N\u00e4he von Augsburg, aber wie man bereits an meiner \u00dcberschrift erkennen kann, nutze ich dieses Jahr und verlasse einmal komplett meine Komfortzone.<\/p>\n<p>Das n\u00e4chste Jahr werde ich in <a href=\"https:\/\/multimedia.strassenkinder.de\/bolivien\">Bolivien<\/a> verbringen und in <a href=\"https:\/\/strassenkinder.de\/laender\/lateinamerika\/bolivien-strassenkinderzentrum\/\">Santa Cruz<\/a> de la Sierra einen <a href=\"https:\/\/www.donboscovolunteers.de\/\">Freiwilligendienst<\/a> in einem Projekt der Salesianer <a href=\"https:\/\/www.donboscomission.de\/don-bosco\/\">Don Bosco<\/a> machen.<br \/>F\u00fcr dieses Jahr habe ich mich entschieden, weil ich mich immer gerne verreist bin und ein Jahr au\u00dferhalb Deutschlands sein wollte. Zus\u00e4tzlich dazu ist es mir immer wichtiger geworden, dass ich l\u00e4nger an einem Ort sein werde und die Leute und ihre Lebensweise wirklich kennenlerne und auch mit ihnen arbeite.<\/p>\n<p>Ich verbringe das Jahr mit noch drei Anderen &#8211; Hanna, Gabriel und Philipp &#8211; die sich mit mir auf dieses Jahr eingelassen und vorbereitet haben.<br \/>Ihr k\u00f6nnt auch gerne bei ihnen vorbeischauen:<\/p>\n<p>https:\/\/blogs.donboscovolunteers.de\/hannainbolivien\/<\/p>\n<p>https:\/\/blogs.donboscovolunteers.de\/gabibolivien\/<\/p>\n<p>Wir alle werden in den verschiedenen Projekten arbeiten, die es in Santa Cruz von Don Bosco gibt. Die meisten im Hogar Don Bosco, einem Projekt f\u00fcr Jungs zwischen sechs und achtzehn Jahren. F\u00fcr genauere Infos geht\u00a0 gerne auf die Seite:<\/p>\n<p><blockquote class=\"wp-embedded-content\" data-secret=\"asDVRQsZcV\"><a href=\"https:\/\/bolivida.de\/proyecto-don-bosco\/\">Proyecto Don Bosco<\/a><\/blockquote><iframe loading=\"lazy\" class=\"wp-embedded-content\" sandbox=\"allow-scripts\" security=\"restricted\" style=\"position: absolute; clip: rect(1px, 1px, 1px, 1px);\" title=\"&#8222;Proyecto Don Bosco&#8220; &#8212; boliVIDA e.V.\" src=\"https:\/\/bolivida.de\/proyecto-don-bosco\/embed\/#?secret=QMcLUcWIx1#?secret=asDVRQsZcV\" data-secret=\"asDVRQsZcV\" width=\"600\" height=\"338\" frameborder=\"0\" marginwidth=\"0\" marginheight=\"0\" scrolling=\"no\"><\/iframe><\/p>\n<p>Sie wurde von ehemaligen Volunt\u00e4ren erstellt und erkl\u00e4rt alle sechs Projekte, die es in Santa Cruz gibt.<\/p>\n<p>Das w\u00e4r&#8217;s dann erst mal. Blogs sollten einigerma\u00dfen regelm\u00e4\u00dfig kommen, aber keine Garantie. Ich bin schlie\u00dflich nicht nur zum dokumtenieren hergekommen. \ud83d\ude09<\/p>\n\n<figure class=\"wp-block-image\"><img loading=\"lazy\" decoding=\"async\" width=\"1024\" height=\"684\" class=\"wp-image-22\" src=\"https:\/\/blogs.donboscovolunteers.de\/rebekkainbolivien\/wp-content\/uploads\/sites\/21582\/2019\/09\/IMG-20190726-WA00011-1024x684.jpg\" alt=\"\" srcset=\"https:\/\/blogs.donboscovolunteers.de\/rebekkainbolivien\/wp-content\/uploads\/sites\/21582\/2019\/09\/IMG-20190726-WA00011.jpg 1024w, https:\/\/blogs.donboscovolunteers.de\/rebekkainbolivien\/wp-content\/uploads\/sites\/21582\/2019\/09\/IMG-20190726-WA00011-300x200.jpg 300w, https:\/\/blogs.donboscovolunteers.de\/rebekkainbolivien\/wp-content\/uploads\/sites\/21582\/2019\/09\/IMG-20190726-WA00011-768x513.jpg 768w, https:\/\/blogs.donboscovolunteers.de\/rebekkainbolivien\/wp-content\/uploads\/sites\/21582\/2019\/09\/IMG-20190726-WA00011-900x601.jpg 900w\" sizes=\"auto, (max-width: 1024px) 100vw, 1024px\" \/><\/figure>","protected":false},"excerpt":{"rendered":"<p>Hallo an alle und danke, dass ihr hier vorbeischaut. Ich bin Rebekka Kuhn, 18 Jahre alt und habe dieses Jahr mein Abitur gemacht. Urspr\u00fcnglich komme ich aus der N\u00e4he von Augsburg, aber wie man bereits an meiner \u00dcberschrift erkennen kann, nutze ich dieses Jahr und verlasse einmal komplett meine Komfortzone. Das n\u00e4chste Jahr werde ich [&hellip;]<\/p>\n","protected":false},"author":21643,"featured_media":0,"parent":0,"menu_order":0,"comment_status":"closed","ping_status":"open","template":"","meta":{"footnotes":""},"class_list":["post-2","page","type-page","status-publish","hentry"],"yoast_head":"<!-- This site is optimized with the Yoast SEO plugin v25.3.1 - https:\/\/yoast.com\/wordpress\/plugins\/seo\/ -->\n<title>Wer bin ich? - Abenteuer Bolivien<\/title>\n<meta name=\"robots\" content=\"index, follow, max-snippet:-1, max-image-preview:large, max-video-preview:-1\" \/>\n<link rel=\"canonical\" href=\"https:\/\/blogs.donboscovolunteers.de\/rebekkainbolivien\/beispiel-seite\/\" \/>\n<meta property=\"og:locale\" content=\"de_DE\" \/>\n<meta property=\"og:type\" content=\"article\" \/>\n<meta property=\"og:title\" content=\"Wer bin ich? - Abenteuer Bolivien\" \/>\n<meta property=\"og:description\" content=\"Hallo an alle und danke, dass ihr hier vorbeischaut. Ich bin Rebekka Kuhn, 18 Jahre alt und habe dieses Jahr mein Abitur gemacht. Urspr\u00fcnglich komme ich aus der N\u00e4he von Augsburg, aber wie man bereits an meiner \u00dcberschrift erkennen kann, nutze ich dieses Jahr und verlasse einmal komplett meine Komfortzone. Das n\u00e4chste Jahr werde ich [&hellip;]\" \/>\n<meta property=\"og:url\" content=\"https:\/\/blogs.donboscovolunteers.de\/rebekkainbolivien\/beispiel-seite\/\" \/>\n<meta property=\"og:site_name\" content=\"Abenteuer Bolivien\" \/>\n<meta property=\"article:modified_time\" content=\"2019-10-05T16:26:35+00:00\" \/>\n<meta property=\"og:image\" content=\"https:\/\/blogs.donboscovolunteers.de\/rebekkainbolivien\/wp-content\/uploads\/sites\/21582\/2019\/09\/IMG-20190703-WA02311-1024x498.jpg\" \/>\n<meta name=\"twitter:card\" content=\"summary_large_image\" \/>\n<meta name=\"twitter:label1\" content=\"Gesch\u00e4tzte Lesezeit\" \/>\n\t<meta name=\"twitter:data1\" content=\"1\u00a0Minute\" \/>\n<script type=\"application\/ld+json\" class=\"yoast-schema-graph\">{\"@context\":\"https:\/\/schema.org\",\"@graph\":[{\"@type\":\"WebPage\",\"@id\":\"https:\/\/blogs.donboscovolunteers.de\/rebekkainbolivien\/beispiel-seite\/\",\"url\":\"https:\/\/blogs.donboscovolunteers.de\/rebekkainbolivien\/beispiel-seite\/\",\"name\":\"Wer bin ich? - Abenteuer Bolivien\",\"isPartOf\":{\"@id\":\"https:\/\/blogs.donboscovolunteers.de\/rebekkainbolivien\/#website\"},\"primaryImageOfPage\":{\"@id\":\"https:\/\/blogs.donboscovolunteers.de\/rebekkainbolivien\/beispiel-seite\/#primaryimage\"},\"image\":{\"@id\":\"https:\/\/blogs.donboscovolunteers.de\/rebekkainbolivien\/beispiel-seite\/#primaryimage\"},\"thumbnailUrl\":\"https:\/\/blogs.donboscovolunteers.de\/rebekkainbolivien\/wp-content\/uploads\/sites\/21582\/2019\/09\/IMG-20190703-WA02311-1024x498.jpg\",\"datePublished\":\"2019-06-29T20:25:04+00:00\",\"dateModified\":\"2019-10-05T16:26:35+00:00\",\"breadcrumb\":{\"@id\":\"https:\/\/blogs.donboscovolunteers.de\/rebekkainbolivien\/beispiel-seite\/#breadcrumb\"},\"inLanguage\":\"de\",\"potentialAction\":[{\"@type\":\"ReadAction\",\"target\":[\"https:\/\/blogs.donboscovolunteers.de\/rebekkainbolivien\/beispiel-seite\/\"]}]},{\"@type\":\"ImageObject\",\"inLanguage\":\"de\",\"@id\":\"https:\/\/blogs.donboscovolunteers.de\/rebekkainbolivien\/beispiel-seite\/#primaryimage\",\"url\":\"https:\/\/blogs.donboscovolunteers.de\/rebekkainbolivien\/wp-content\/uploads\/sites\/21582\/2019\/09\/IMG-20190703-WA02311.jpg\",\"contentUrl\":\"https:\/\/blogs.donboscovolunteers.de\/rebekkainbolivien\/wp-content\/uploads\/sites\/21582\/2019\/09\/IMG-20190703-WA02311.jpg\",\"width\":1280,\"height\":622},{\"@type\":\"BreadcrumbList\",\"@id\":\"https:\/\/blogs.donboscovolunteers.de\/rebekkainbolivien\/beispiel-seite\/#breadcrumb\",\"itemListElement\":[{\"@type\":\"ListItem\",\"position\":1,\"name\":\"Startseite\",\"item\":\"https:\/\/blogs.donboscovolunteers.de\/rebekkainbolivien\/\"},{\"@type\":\"ListItem\",\"position\":2,\"name\":\"Wer bin ich?\"}]},{\"@type\":\"WebSite\",\"@id\":\"https:\/\/blogs.donboscovolunteers.de\/rebekkainbolivien\/#website\",\"url\":\"https:\/\/blogs.donboscovolunteers.de\/rebekkainbolivien\/\",\"name\":\"Abenteuer Bolivien\",\"description\":\"Bolivien erleben, neue Sichtweisen kennenlernen und einfach mal rauskommen\",\"potentialAction\":[{\"@type\":\"SearchAction\",\"target\":{\"@type\":\"EntryPoint\",\"urlTemplate\":\"https:\/\/blogs.donboscovolunteers.de\/rebekkainbolivien\/?s={search_term_string}\"},\"query-input\":{\"@type\":\"PropertyValueSpecification\",\"valueRequired\":true,\"valueName\":\"search_term_string\"}}],\"inLanguage\":\"de\"}]}<\/script>\n<!-- \/ Yoast SEO plugin. -->","yoast_head_json":{"title":"Wer bin ich? - Abenteuer Bolivien","robots":{"index":"index","follow":"follow","max-snippet":"max-snippet:-1","max-image-preview":"max-image-preview:large","max-video-preview":"max-video-preview:-1"},"canonical":"https:\/\/blogs.donboscovolunteers.de\/rebekkainbolivien\/beispiel-seite\/","og_locale":"de_DE","og_type":"article","og_title":"Wer bin ich? - Abenteuer Bolivien","og_description":"Hallo an alle und danke, dass ihr hier vorbeischaut. Ich bin Rebekka Kuhn, 18 Jahre alt und habe dieses Jahr mein Abitur gemacht. Urspr\u00fcnglich komme ich aus der N\u00e4he von Augsburg, aber wie man bereits an meiner \u00dcberschrift erkennen kann, nutze ich dieses Jahr und verlasse einmal komplett meine Komfortzone. Das n\u00e4chste Jahr werde ich [&hellip;]","og_url":"https:\/\/blogs.donboscovolunteers.de\/rebekkainbolivien\/beispiel-seite\/","og_site_name":"Abenteuer Bolivien","article_modified_time":"2019-10-05T16:26:35+00:00","og_image":[{"url":"https:\/\/blogs.donboscovolunteers.de\/rebekkainbolivien\/wp-content\/uploads\/sites\/21582\/2019\/09\/IMG-20190703-WA02311-1024x498.jpg","type":"","width":"","height":""}],"twitter_card":"summary_large_image","twitter_misc":{"Gesch\u00e4tzte Lesezeit":"1\u00a0Minute"},"schema":{"@context":"https:\/\/schema.org","@graph":[{"@type":"WebPage","@id":"https:\/\/blogs.donboscovolunteers.de\/rebekkainbolivien\/beispiel-seite\/","url":"https:\/\/blogs.donboscovolunteers.de\/rebekkainbolivien\/beispiel-seite\/","name":"Wer bin ich? - Abenteuer Bolivien","isPartOf":{"@id":"https:\/\/blogs.donboscovolunteers.de\/rebekkainbolivien\/#website"},"primaryImageOfPage":{"@id":"https:\/\/blogs.donboscovolunteers.de\/rebekkainbolivien\/beispiel-seite\/#primaryimage"},"image":{"@id":"https:\/\/blogs.donboscovolunteers.de\/rebekkainbolivien\/beispiel-seite\/#primaryimage"},"thumbnailUrl":"https:\/\/blogs.donboscovolunteers.de\/rebekkainbolivien\/wp-content\/uploads\/sites\/21582\/2019\/09\/IMG-20190703-WA02311-1024x498.jpg","datePublished":"2019-06-29T20:25:04+00:00","dateModified":"2019-10-05T16:26:35+00:00","breadcrumb":{"@id":"https:\/\/blogs.donboscovolunteers.de\/rebekkainbolivien\/beispiel-seite\/#breadcrumb"},"inLanguage":"de","potentialAction":[{"@type":"ReadAction","target":["https:\/\/blogs.donboscovolunteers.de\/rebekkainbolivien\/beispiel-seite\/"]}]},{"@type":"ImageObject","inLanguage":"de","@id":"https:\/\/blogs.donboscovolunteers.de\/rebekkainbolivien\/beispiel-seite\/#primaryimage","url":"https:\/\/blogs.donboscovolunteers.de\/rebekkainbolivien\/wp-content\/uploads\/sites\/21582\/2019\/09\/IMG-20190703-WA02311.jpg","contentUrl":"https:\/\/blogs.donboscovolunteers.de\/rebekkainbolivien\/wp-content\/uploads\/sites\/21582\/2019\/09\/IMG-20190703-WA02311.jpg","width":1280,"height":622},{"@type":"BreadcrumbList","@id":"https:\/\/blogs.donboscovolunteers.de\/rebekkainbolivien\/beispiel-seite\/#breadcrumb","itemListElement":[{"@type":"ListItem","position":1,"name":"Startseite","item":"https:\/\/blogs.donboscovolunteers.de\/rebekkainbolivien\/"},{"@type":"ListItem","position":2,"name":"Wer bin ich?"}]},{"@type":"WebSite","@id":"https:\/\/blogs.donboscovolunteers.de\/rebekkainbolivien\/#website","url":"https:\/\/blogs.donboscovolunteers.de\/rebekkainbolivien\/","name":"Abenteuer Bolivien","description":"Bolivien erleben, neue Sichtweisen kennenlernen und einfach mal rauskommen","potentialAction":[{"@type":"SearchAction","target":{"@type":"EntryPoint","urlTemplate":"https:\/\/blogs.donboscovolunteers.de\/rebekkainbolivien\/?s={search_term_string}"},"query-input":{"@type":"PropertyValueSpecification","valueRequired":true,"valueName":"search_term_string"}}],"inLanguage":"de"}]}},"_links":{"self":[{"href":"https:\/\/blogs.donboscovolunteers.de\/rebekkainbolivien\/wp-json\/wp\/v2\/pages\/2","targetHints":{"allow":["GET"]}}],"collection":[{"href":"https:\/\/blogs.donboscovolunteers.de\/rebekkainbolivien\/wp-json\/wp\/v2\/pages"}],"about":[{"href":"https:\/\/blogs.donboscovolunteers.de\/rebekkainbolivien\/wp-json\/wp\/v2\/types\/page"}],"author":[{"embeddable":true,"href":"https:\/\/blogs.donboscovolunteers.de\/rebekkainbolivien\/wp-json\/wp\/v2\/users\/21643"}],"replies":[{"embeddable":true,"href":"https:\/\/blogs.donboscovolunteers.de\/rebekkainbolivien\/wp-json\/wp\/v2\/comments?post=2"}],"version-history":[{"count":2,"href":"https:\/\/blogs.donboscovolunteers.de\/rebekkainbolivien\/wp-json\/wp\/v2\/pages\/2\/revisions"}],"predecessor-version":[{"id":34,"href":"https:\/\/blogs.donboscovolunteers.de\/rebekkainbolivien\/wp-json\/wp\/v2\/pages\/2\/revisions\/34"}],"wp:attachment":[{"href":"https:\/\/blogs.donboscovolunteers.de\/rebekkainbolivien\/wp-json\/wp\/v2\/media?parent=2"}],"curies":[{"name":"wp","href":"https:\/\/api.w.org\/{rel}","templated":true}]}}