{"id":15,"date":"2025-09-25T11:47:36","date_gmt":"2025-09-25T09:47:36","guid":{"rendered":"https:\/\/blogs.donboscovolunteers.de\/quirinundelia\/?page_id=15"},"modified":"2025-09-25T11:47:36","modified_gmt":"2025-09-25T09:47:36","slug":"auf-dem-weg-nach-ghana%f0%9f%87%ac%f0%9f%87%ad","status":"publish","type":"page","link":"https:\/\/blogs.donboscovolunteers.de\/quirinundelia\/auf-dem-weg-nach-ghana%f0%9f%87%ac%f0%9f%87%ad\/","title":{"rendered":"Auf dem Weg nach Ghana!\ud83c\uddec\ud83c\udded"},"content":{"rendered":"<p>Soo jetzt sitzen wir hier im Flieger nach Accra, 17:23 Uhr und noch 7h Flug vor uns! Aber wer sind wir eigentlich?Wir sind Elia und Quirin: kurz ein paar Worte zu mir (Quirin), ich komme aus M\u00fcnchen bin 20 Jahre und habe Anfang des Jahres meine Ausbildung als technischer Systemplaner abgeschlossen und irgendwie hab es schon immer den Wunsch ins Ausland zu gehen. Mehr relevantes gibt es eigentlich auch nicht zu sagen! :)Mein Name ist Elia und ich komme aus Karlsruhe. Ich habe dieses Jahr mein Abitur abgeschlossen und will mir vor meinem Studium noch den Traum vom Auslandsjahr in Afrika erf\u00fcllen.Was ist unser Plan f\u00fcr diesen Blog? Wir wollen uns einfach regelm\u00e4\u00dfig zusammen setzen und euch \u00fcber unseren Werdegang, unsere Erlebnisse, Erfahrung und den Alltag in Ghana berichten! Das ist zumindest mal unser Ziel, ob das klappt merkt ihr dann schon&#8230; ;)Soweit war&#8217;s das jetzt erstmal, bis jetzt ist nichts spannendes passiert, wir haben beide Hunger und Durst und warten nur darauf, bis lang ersehnte Essen kommt.Ansonsten h\u00f6ren wir uns wenn es wieder hei\u00dft &#8222;Quirin und Elia machen Ghana unsicher!&#8220;<\/p>","protected":false},"excerpt":{"rendered":"<p>Soo jetzt sitzen wir hier im Flieger nach Accra, 17:23 Uhr und noch 7h Flug vor uns! Aber wer sind wir eigentlich?Wir sind Elia und Quirin: kurz ein paar Worte zu mir (Quirin), ich komme aus M\u00fcnchen bin 20 Jahre und habe Anfang des Jahres meine Ausbildung als technischer Systemplaner abgeschlossen und irgendwie hab es [&hellip;]<\/p>\n","protected":false},"author":21884,"featured_media":0,"parent":0,"menu_order":0,"comment_status":"closed","ping_status":"closed","template":"","meta":{"footnotes":""},"class_list":["post-15","page","type-page","status-publish","hentry"],"yoast_head":"<!-- This site is optimized with the Yoast SEO plugin v25.3.1 - https:\/\/yoast.com\/wordpress\/plugins\/seo\/ -->\n<title>Auf dem Weg nach Ghana!\ud83c\uddec\ud83c\udded - Quirin und Elia machen Ghana unsicher<\/title>\n<meta name=\"robots\" content=\"index, follow, max-snippet:-1, max-image-preview:large, max-video-preview:-1\" \/>\n<link rel=\"canonical\" href=\"https:\/\/blogs.donboscovolunteers.de\/quirinundelia\/auf-dem-weg-nach-ghana\ud83c\uddec\ud83c\udded\/\" \/>\n<meta property=\"og:locale\" content=\"de_DE\" \/>\n<meta property=\"og:type\" content=\"article\" \/>\n<meta property=\"og:title\" content=\"Auf dem Weg nach Ghana!\ud83c\uddec\ud83c\udded - Quirin und Elia machen Ghana unsicher\" \/>\n<meta property=\"og:description\" content=\"Soo jetzt sitzen wir hier im Flieger nach Accra, 17:23 Uhr und noch 7h Flug vor uns! Aber wer sind wir eigentlich?Wir sind Elia und Quirin: kurz ein paar Worte zu mir (Quirin), ich komme aus M\u00fcnchen bin 20 Jahre und habe Anfang des Jahres meine Ausbildung als technischer Systemplaner abgeschlossen und irgendwie hab es [&hellip;]\" \/>\n<meta property=\"og:url\" content=\"https:\/\/blogs.donboscovolunteers.de\/quirinundelia\/auf-dem-weg-nach-ghana\ud83c\uddec\ud83c\udded\/\" \/>\n<meta property=\"og:site_name\" content=\"Quirin und Elia machen Ghana unsicher\" \/>\n<meta name=\"twitter:card\" content=\"summary_large_image\" \/>\n<meta name=\"twitter:label1\" content=\"Gesch\u00e4tzte Lesezeit\" \/>\n\t<meta name=\"twitter:data1\" content=\"2\u00a0Minuten\" \/>\n<script type=\"application\/ld+json\" class=\"yoast-schema-graph\">{\"@context\":\"https:\/\/schema.org\",\"@graph\":[{\"@type\":\"WebPage\",\"@id\":\"https:\/\/blogs.donboscovolunteers.de\/quirinundelia\/auf-dem-weg-nach-ghana%f0%9f%87%ac%f0%9f%87%ad\/\",\"url\":\"https:\/\/blogs.donboscovolunteers.de\/quirinundelia\/auf-dem-weg-nach-ghana%f0%9f%87%ac%f0%9f%87%ad\/\",\"name\":\"Auf dem Weg nach Ghana!\ud83c\uddec\ud83c\udded - Quirin und Elia machen Ghana unsicher\",\"isPartOf\":{\"@id\":\"https:\/\/blogs.donboscovolunteers.de\/quirinundelia\/#website\"},\"datePublished\":\"2025-09-25T09:47:36+00:00\",\"breadcrumb\":{\"@id\":\"https:\/\/blogs.donboscovolunteers.de\/quirinundelia\/auf-dem-weg-nach-ghana%f0%9f%87%ac%f0%9f%87%ad\/#breadcrumb\"},\"inLanguage\":\"de\",\"potentialAction\":[{\"@type\":\"ReadAction\",\"target\":[\"https:\/\/blogs.donboscovolunteers.de\/quirinundelia\/auf-dem-weg-nach-ghana%f0%9f%87%ac%f0%9f%87%ad\/\"]}]},{\"@type\":\"BreadcrumbList\",\"@id\":\"https:\/\/blogs.donboscovolunteers.de\/quirinundelia\/auf-dem-weg-nach-ghana%f0%9f%87%ac%f0%9f%87%ad\/#breadcrumb\",\"itemListElement\":[{\"@type\":\"ListItem\",\"position\":1,\"name\":\"Startseite\",\"item\":\"https:\/\/blogs.donboscovolunteers.de\/quirinundelia\/\"},{\"@type\":\"ListItem\",\"position\":2,\"name\":\"Auf dem Weg nach Ghana!\ud83c\uddec\ud83c\udded\"}]},{\"@type\":\"WebSite\",\"@id\":\"https:\/\/blogs.donboscovolunteers.de\/quirinundelia\/#website\",\"url\":\"https:\/\/blogs.donboscovolunteers.de\/quirinundelia\/\",\"name\":\"Quirin und Elia machen Ghana unsicher\",\"description\":\"\",\"potentialAction\":[{\"@type\":\"SearchAction\",\"target\":{\"@type\":\"EntryPoint\",\"urlTemplate\":\"https:\/\/blogs.donboscovolunteers.de\/quirinundelia\/?s={search_term_string}\"},\"query-input\":{\"@type\":\"PropertyValueSpecification\",\"valueRequired\":true,\"valueName\":\"search_term_string\"}}],\"inLanguage\":\"de\"}]}<\/script>\n<!-- \/ Yoast SEO plugin. -->","yoast_head_json":{"title":"Auf dem Weg nach Ghana!\ud83c\uddec\ud83c\udded - Quirin und Elia machen Ghana unsicher","robots":{"index":"index","follow":"follow","max-snippet":"max-snippet:-1","max-image-preview":"max-image-preview:large","max-video-preview":"max-video-preview:-1"},"canonical":"https:\/\/blogs.donboscovolunteers.de\/quirinundelia\/auf-dem-weg-nach-ghana\ud83c\uddec\ud83c\udded\/","og_locale":"de_DE","og_type":"article","og_title":"Auf dem Weg nach Ghana!\ud83c\uddec\ud83c\udded - Quirin und Elia machen Ghana unsicher","og_description":"Soo jetzt sitzen wir hier im Flieger nach Accra, 17:23 Uhr und noch 7h Flug vor uns! Aber wer sind wir eigentlich?Wir sind Elia und Quirin: kurz ein paar Worte zu mir (Quirin), ich komme aus M\u00fcnchen bin 20 Jahre und habe Anfang des Jahres meine Ausbildung als technischer Systemplaner abgeschlossen und irgendwie hab es [&hellip;]","og_url":"https:\/\/blogs.donboscovolunteers.de\/quirinundelia\/auf-dem-weg-nach-ghana\ud83c\uddec\ud83c\udded\/","og_site_name":"Quirin und Elia machen Ghana unsicher","twitter_card":"summary_large_image","twitter_misc":{"Gesch\u00e4tzte Lesezeit":"2\u00a0Minuten"},"schema":{"@context":"https:\/\/schema.org","@graph":[{"@type":"WebPage","@id":"https:\/\/blogs.donboscovolunteers.de\/quirinundelia\/auf-dem-weg-nach-ghana%f0%9f%87%ac%f0%9f%87%ad\/","url":"https:\/\/blogs.donboscovolunteers.de\/quirinundelia\/auf-dem-weg-nach-ghana%f0%9f%87%ac%f0%9f%87%ad\/","name":"Auf dem Weg nach Ghana!\ud83c\uddec\ud83c\udded - Quirin und Elia machen Ghana unsicher","isPartOf":{"@id":"https:\/\/blogs.donboscovolunteers.de\/quirinundelia\/#website"},"datePublished":"2025-09-25T09:47:36+00:00","breadcrumb":{"@id":"https:\/\/blogs.donboscovolunteers.de\/quirinundelia\/auf-dem-weg-nach-ghana%f0%9f%87%ac%f0%9f%87%ad\/#breadcrumb"},"inLanguage":"de","potentialAction":[{"@type":"ReadAction","target":["https:\/\/blogs.donboscovolunteers.de\/quirinundelia\/auf-dem-weg-nach-ghana%f0%9f%87%ac%f0%9f%87%ad\/"]}]},{"@type":"BreadcrumbList","@id":"https:\/\/blogs.donboscovolunteers.de\/quirinundelia\/auf-dem-weg-nach-ghana%f0%9f%87%ac%f0%9f%87%ad\/#breadcrumb","itemListElement":[{"@type":"ListItem","position":1,"name":"Startseite","item":"https:\/\/blogs.donboscovolunteers.de\/quirinundelia\/"},{"@type":"ListItem","position":2,"name":"Auf dem Weg nach Ghana!\ud83c\uddec\ud83c\udded"}]},{"@type":"WebSite","@id":"https:\/\/blogs.donboscovolunteers.de\/quirinundelia\/#website","url":"https:\/\/blogs.donboscovolunteers.de\/quirinundelia\/","name":"Quirin und Elia machen Ghana unsicher","description":"","potentialAction":[{"@type":"SearchAction","target":{"@type":"EntryPoint","urlTemplate":"https:\/\/blogs.donboscovolunteers.de\/quirinundelia\/?s={search_term_string}"},"query-input":{"@type":"PropertyValueSpecification","valueRequired":true,"valueName":"search_term_string"}}],"inLanguage":"de"}]}},"_links":{"self":[{"href":"https:\/\/blogs.donboscovolunteers.de\/quirinundelia\/wp-json\/wp\/v2\/pages\/15","targetHints":{"allow":["GET"]}}],"collection":[{"href":"https:\/\/blogs.donboscovolunteers.de\/quirinundelia\/wp-json\/wp\/v2\/pages"}],"about":[{"href":"https:\/\/blogs.donboscovolunteers.de\/quirinundelia\/wp-json\/wp\/v2\/types\/page"}],"author":[{"embeddable":true,"href":"https:\/\/blogs.donboscovolunteers.de\/quirinundelia\/wp-json\/wp\/v2\/users\/21884"}],"replies":[{"embeddable":true,"href":"https:\/\/blogs.donboscovolunteers.de\/quirinundelia\/wp-json\/wp\/v2\/comments?post=15"}],"version-history":[{"count":1,"href":"https:\/\/blogs.donboscovolunteers.de\/quirinundelia\/wp-json\/wp\/v2\/pages\/15\/revisions"}],"predecessor-version":[{"id":16,"href":"https:\/\/blogs.donboscovolunteers.de\/quirinundelia\/wp-json\/wp\/v2\/pages\/15\/revisions\/16"}],"wp:attachment":[{"href":"https:\/\/blogs.donboscovolunteers.de\/quirinundelia\/wp-json\/wp\/v2\/media?parent=15"}],"curies":[{"name":"wp","href":"https:\/\/api.w.org\/{rel}","templated":true}]}}