{"id":41,"date":"2022-07-12T12:32:56","date_gmt":"2022-07-12T10:32:56","guid":{"rendered":"https:\/\/blogs.donboscovolunteers.de\/paulakirchner\/?page_id=41"},"modified":"2022-09-24T20:47:52","modified_gmt":"2022-09-24T18:47:52","slug":"ueber-mich","status":"publish","type":"page","link":"https:\/\/blogs.donboscovolunteers.de\/paulakirchner\/","title":{"rendered":"\u00dcber Mich"},"content":{"rendered":"<p class=\"has-text-align-left\">Hallo!<\/p>\n\n\n\n<p>Ich hei\u00dfe Paula, bin 19 Jahre alt und ich komme aus Bad Neuenahr-Ahrweiler. Ende M\u00e4rz diesen Jahres habe ich auf dem Gymnasium Calvarienberg meine Schulzeit mit dem Abitur abgeschlossen. Nun werde ich Anfang September einen Auslandsfreiwilligendienst \u00fcber <a href=\"https:\/\/www.donboscomission.de\/don-bosco\/\">Don Bosco<\/a> Volunteers Bonn antreten. Mein Einsatzprojekt ist in Mumbai, <a href=\"https:\/\/strassenkinder.de\/laender\/asien\/inden\/\">Indien<\/a>. Dort werde ich f\u00fcr 12 Monate gemeinsam mit meinem Mitvolont\u00e4r in einem Shelter der <a href=\"https:\/\/www.donboscomission.de\/don-bosco\/erbe\/\">Salesianer Don Boscos<\/a> mit Kindern und Jugendlichen arbeiten. Dabei m\u00f6chte ich gerne alle Interessierten mitnehmen und hier in meinem Blog \u00fcber meine Erfahrungen berichten.<\/p>\n\n\n\n<p>Aktuell bin ich noch in der Vorbereitung f\u00fcr meinen <a href=\"https:\/\/www.donboscovolunteers.de\/\">Freiwilligendienst<\/a>. Zur Vorbereitung geh\u00f6ren 3 Seminare, ein Praktikum in einer Don Bosco Einrichtung und jegliche \u201eb\u00fcrokratische\u201c und pers\u00f6nliche Reisevorbereitungen. Zudem arbeite ich an den Wochenenden noch als Aushilfe beim Ahrtaltourismus. In meiner Freizeit mache ich gerne Sport im Fitnessstudio, spiele Klavier, backe oder mache irgendetwas Kreatives z.B. t\u00f6pfern, malen, basteln und vieles mehr.<\/p>\n\n\n\n<p>Gerne verbringe ich auch Zeit mit meinen Freunden, vor allem an der Ahr, in den Weinbergen oder durch einen Ausflug in eine andere Stadt. Meine beiden \u00e4lteren Geschwister, die beide schon studieren (ein Bruder und eine Schwester) besuche ich auch gerne oder unternehme etwas mit ihnen. Besonders Freude bereitet es mir auch mit meiner Familie zusammen Gesellschaftsspiele zu spielen (oder mit den anderen Volos auf den Seminaren, Gr\u00fc\u00dfe gehen raus an euch!)<\/p>\n\n\n\n<p>Ich habe mir vorgenommen meine Erlebnisse (vor und) in Mumbai schriftlich festzuhalten und hier mit euch zu teilen. Danke f\u00fcr euer Interesse. Ich freue mich immer \u00fcber Kommentare \ud83d\ude42<\/p>\n\n\n\n<figure class=\"wp-block-image size-large\"><img loading=\"lazy\" decoding=\"async\" width=\"1024\" height=\"1024\" src=\"https:\/\/blogs.donboscovolunteers.de\/paulakirchner\/wp-content\/uploads\/sites\/21654\/2022\/07\/Sonnenbrillenbild_2-1024x1024.jpg\" alt=\"\" class=\"wp-image-46\" srcset=\"https:\/\/blogs.donboscovolunteers.de\/paulakirchner\/wp-content\/uploads\/sites\/21654\/2022\/07\/Sonnenbrillenbild_2-1024x1024.jpg 1024w, https:\/\/blogs.donboscovolunteers.de\/paulakirchner\/wp-content\/uploads\/sites\/21654\/2022\/07\/Sonnenbrillenbild_2-300x300.jpg 300w, https:\/\/blogs.donboscovolunteers.de\/paulakirchner\/wp-content\/uploads\/sites\/21654\/2022\/07\/Sonnenbrillenbild_2-150x150.jpg 150w, https:\/\/blogs.donboscovolunteers.de\/paulakirchner\/wp-content\/uploads\/sites\/21654\/2022\/07\/Sonnenbrillenbild_2-768x768.jpg 768w, https:\/\/blogs.donboscovolunteers.de\/paulakirchner\/wp-content\/uploads\/sites\/21654\/2022\/07\/Sonnenbrillenbild_2-88x88.jpg 88w, https:\/\/blogs.donboscovolunteers.de\/paulakirchner\/wp-content\/uploads\/sites\/21654\/2022\/07\/Sonnenbrillenbild_2-900x900.jpg 900w, https:\/\/blogs.donboscovolunteers.de\/paulakirchner\/wp-content\/uploads\/sites\/21654\/2022\/07\/Sonnenbrillenbild_2.jpg 1280w\" sizes=\"auto, (max-width: 1024px) 100vw, 1024px\" \/><\/figure>\n\n\n\n<p>Liebe Gr\u00fc\u00dfe Paula<\/p>\n\n\n\n<p><\/p>","protected":false},"excerpt":{"rendered":"<p>Hallo! Ich hei\u00dfe Paula, bin 19 Jahre alt und ich komme aus Bad Neuenahr-Ahrweiler. Ende M\u00e4rz diesen Jahres habe ich auf dem Gymnasium Calvarienberg meine Schulzeit mit dem Abitur abgeschlossen. Nun werde ich Anfang September einen Auslandsfreiwilligendienst \u00fcber <a href=\"https:\/\/www.donboscomission.de\/don-bosco\/\">Don Bosco<\/a> Volunteers Bonn antreten. Mein Einsatzprojekt ist in Mumbai, <a href=\"https:\/\/strassenkinder.de\/laender\/asien\/inden\/\">Indien<\/a>. Dort werde ich f\u00fcr 12 Monate [&hellip;]<\/p>\n","protected":false},"author":21739,"featured_media":0,"parent":0,"menu_order":0,"comment_status":"closed","ping_status":"closed","template":"","meta":{"footnotes":""},"class_list":["post-41","page","type-page","status-publish","hentry"],"yoast_head":"<!-- This site is optimized with the Yoast SEO plugin v25.3.1 - https:\/\/yoast.com\/wordpress\/plugins\/seo\/ -->\n<title>\u00dcber Mich - Aus der Kleinstadt nach Mumbai<\/title>\n<meta name=\"robots\" content=\"index, follow, max-snippet:-1, max-image-preview:large, max-video-preview:-1\" \/>\n<link rel=\"canonical\" href=\"https:\/\/blogs.donboscovolunteers.de\/paulakirchner\/\" \/>\n<meta property=\"og:locale\" content=\"de_DE\" \/>\n<meta property=\"og:type\" content=\"article\" \/>\n<meta property=\"og:title\" content=\"\u00dcber Mich - Aus der Kleinstadt nach Mumbai\" \/>\n<meta property=\"og:description\" content=\"Hallo! Ich hei\u00dfe Paula, bin 19 Jahre alt und ich komme aus Bad Neuenahr-Ahrweiler. Ende M\u00e4rz diesen Jahres habe ich auf dem Gymnasium Calvarienberg meine Schulzeit mit dem Abitur abgeschlossen. Nun werde ich Anfang September einen Auslandsfreiwilligendienst \u00fcber Don Bosco Volunteers Bonn antreten. Mein Einsatzprojekt ist in Mumbai, Indien. Dort werde ich f\u00fcr 12 Monate [&hellip;]\" \/>\n<meta property=\"og:url\" content=\"https:\/\/blogs.donboscovolunteers.de\/paulakirchner\/\" \/>\n<meta property=\"og:site_name\" content=\"Aus der Kleinstadt nach Mumbai\" \/>\n<meta property=\"article:modified_time\" content=\"2022-09-24T18:47:52+00:00\" \/>\n<meta property=\"og:image\" content=\"https:\/\/blogs.donboscovolunteers.de\/paulakirchner\/wp-content\/uploads\/sites\/21654\/2022\/07\/Sonnenbrillenbild_2-1024x1024.jpg\" \/>\n<meta name=\"twitter:card\" content=\"summary_large_image\" \/>\n<meta name=\"twitter:label1\" content=\"Gesch\u00e4tzte Lesezeit\" \/>\n\t<meta name=\"twitter:data1\" content=\"2\u00a0Minuten\" \/>\n<script type=\"application\/ld+json\" class=\"yoast-schema-graph\">{\"@context\":\"https:\/\/schema.org\",\"@graph\":[{\"@type\":\"WebPage\",\"@id\":\"https:\/\/blogs.donboscovolunteers.de\/paulakirchner\/\",\"url\":\"https:\/\/blogs.donboscovolunteers.de\/paulakirchner\/\",\"name\":\"\u00dcber Mich - Aus der Kleinstadt nach Mumbai\",\"isPartOf\":{\"@id\":\"https:\/\/blogs.donboscovolunteers.de\/paulakirchner\/#website\"},\"primaryImageOfPage\":{\"@id\":\"https:\/\/blogs.donboscovolunteers.de\/paulakirchner\/#primaryimage\"},\"image\":{\"@id\":\"https:\/\/blogs.donboscovolunteers.de\/paulakirchner\/#primaryimage\"},\"thumbnailUrl\":\"https:\/\/blogs.donboscovolunteers.de\/paulakirchner\/wp-content\/uploads\/sites\/21654\/2022\/07\/Sonnenbrillenbild_2-1024x1024.jpg\",\"datePublished\":\"2022-07-12T10:32:56+00:00\",\"dateModified\":\"2022-09-24T18:47:52+00:00\",\"breadcrumb\":{\"@id\":\"https:\/\/blogs.donboscovolunteers.de\/paulakirchner\/#breadcrumb\"},\"inLanguage\":\"de\",\"potentialAction\":[{\"@type\":\"ReadAction\",\"target\":[\"https:\/\/blogs.donboscovolunteers.de\/paulakirchner\/\"]}]},{\"@type\":\"ImageObject\",\"inLanguage\":\"de\",\"@id\":\"https:\/\/blogs.donboscovolunteers.de\/paulakirchner\/#primaryimage\",\"url\":\"https:\/\/blogs.donboscovolunteers.de\/paulakirchner\/wp-content\/uploads\/sites\/21654\/2022\/07\/Sonnenbrillenbild_2.jpg\",\"contentUrl\":\"https:\/\/blogs.donboscovolunteers.de\/paulakirchner\/wp-content\/uploads\/sites\/21654\/2022\/07\/Sonnenbrillenbild_2.jpg\",\"width\":1280,\"height\":1280},{\"@type\":\"BreadcrumbList\",\"@id\":\"https:\/\/blogs.donboscovolunteers.de\/paulakirchner\/#breadcrumb\",\"itemListElement\":[{\"@type\":\"ListItem\",\"position\":1,\"name\":\"Startseite\",\"item\":\"https:\/\/blogs.donboscovolunteers.de\/paulakirchner\/\"},{\"@type\":\"ListItem\",\"position\":2,\"name\":\"\u00dcber Mich\"}]},{\"@type\":\"WebSite\",\"@id\":\"https:\/\/blogs.donboscovolunteers.de\/paulakirchner\/#website\",\"url\":\"https:\/\/blogs.donboscovolunteers.de\/paulakirchner\/\",\"name\":\"Aus der Kleinstadt nach Mumbai\",\"description\":\"Meine pers\u00f6nlichen Erfahrungen aus Mumbai\",\"potentialAction\":[{\"@type\":\"SearchAction\",\"target\":{\"@type\":\"EntryPoint\",\"urlTemplate\":\"https:\/\/blogs.donboscovolunteers.de\/paulakirchner\/?s={search_term_string}\"},\"query-input\":{\"@type\":\"PropertyValueSpecification\",\"valueRequired\":true,\"valueName\":\"search_term_string\"}}],\"inLanguage\":\"de\"}]}<\/script>\n<!-- \/ Yoast SEO plugin. -->","yoast_head_json":{"title":"\u00dcber Mich - Aus der Kleinstadt nach Mumbai","robots":{"index":"index","follow":"follow","max-snippet":"max-snippet:-1","max-image-preview":"max-image-preview:large","max-video-preview":"max-video-preview:-1"},"canonical":"https:\/\/blogs.donboscovolunteers.de\/paulakirchner\/","og_locale":"de_DE","og_type":"article","og_title":"\u00dcber Mich - Aus der Kleinstadt nach Mumbai","og_description":"Hallo! Ich hei\u00dfe Paula, bin 19 Jahre alt und ich komme aus Bad Neuenahr-Ahrweiler. Ende M\u00e4rz diesen Jahres habe ich auf dem Gymnasium Calvarienberg meine Schulzeit mit dem Abitur abgeschlossen. Nun werde ich Anfang September einen Auslandsfreiwilligendienst \u00fcber Don Bosco Volunteers Bonn antreten. Mein Einsatzprojekt ist in Mumbai, Indien. Dort werde ich f\u00fcr 12 Monate [&hellip;]","og_url":"https:\/\/blogs.donboscovolunteers.de\/paulakirchner\/","og_site_name":"Aus der Kleinstadt nach Mumbai","article_modified_time":"2022-09-24T18:47:52+00:00","og_image":[{"url":"https:\/\/blogs.donboscovolunteers.de\/paulakirchner\/wp-content\/uploads\/sites\/21654\/2022\/07\/Sonnenbrillenbild_2-1024x1024.jpg","type":"","width":"","height":""}],"twitter_card":"summary_large_image","twitter_misc":{"Gesch\u00e4tzte Lesezeit":"2\u00a0Minuten"},"schema":{"@context":"https:\/\/schema.org","@graph":[{"@type":"WebPage","@id":"https:\/\/blogs.donboscovolunteers.de\/paulakirchner\/","url":"https:\/\/blogs.donboscovolunteers.de\/paulakirchner\/","name":"\u00dcber Mich - Aus der Kleinstadt nach Mumbai","isPartOf":{"@id":"https:\/\/blogs.donboscovolunteers.de\/paulakirchner\/#website"},"primaryImageOfPage":{"@id":"https:\/\/blogs.donboscovolunteers.de\/paulakirchner\/#primaryimage"},"image":{"@id":"https:\/\/blogs.donboscovolunteers.de\/paulakirchner\/#primaryimage"},"thumbnailUrl":"https:\/\/blogs.donboscovolunteers.de\/paulakirchner\/wp-content\/uploads\/sites\/21654\/2022\/07\/Sonnenbrillenbild_2-1024x1024.jpg","datePublished":"2022-07-12T10:32:56+00:00","dateModified":"2022-09-24T18:47:52+00:00","breadcrumb":{"@id":"https:\/\/blogs.donboscovolunteers.de\/paulakirchner\/#breadcrumb"},"inLanguage":"de","potentialAction":[{"@type":"ReadAction","target":["https:\/\/blogs.donboscovolunteers.de\/paulakirchner\/"]}]},{"@type":"ImageObject","inLanguage":"de","@id":"https:\/\/blogs.donboscovolunteers.de\/paulakirchner\/#primaryimage","url":"https:\/\/blogs.donboscovolunteers.de\/paulakirchner\/wp-content\/uploads\/sites\/21654\/2022\/07\/Sonnenbrillenbild_2.jpg","contentUrl":"https:\/\/blogs.donboscovolunteers.de\/paulakirchner\/wp-content\/uploads\/sites\/21654\/2022\/07\/Sonnenbrillenbild_2.jpg","width":1280,"height":1280},{"@type":"BreadcrumbList","@id":"https:\/\/blogs.donboscovolunteers.de\/paulakirchner\/#breadcrumb","itemListElement":[{"@type":"ListItem","position":1,"name":"Startseite","item":"https:\/\/blogs.donboscovolunteers.de\/paulakirchner\/"},{"@type":"ListItem","position":2,"name":"\u00dcber Mich"}]},{"@type":"WebSite","@id":"https:\/\/blogs.donboscovolunteers.de\/paulakirchner\/#website","url":"https:\/\/blogs.donboscovolunteers.de\/paulakirchner\/","name":"Aus der Kleinstadt nach Mumbai","description":"Meine pers\u00f6nlichen Erfahrungen aus Mumbai","potentialAction":[{"@type":"SearchAction","target":{"@type":"EntryPoint","urlTemplate":"https:\/\/blogs.donboscovolunteers.de\/paulakirchner\/?s={search_term_string}"},"query-input":{"@type":"PropertyValueSpecification","valueRequired":true,"valueName":"search_term_string"}}],"inLanguage":"de"}]}},"_links":{"self":[{"href":"https:\/\/blogs.donboscovolunteers.de\/paulakirchner\/wp-json\/wp\/v2\/pages\/41","targetHints":{"allow":["GET"]}}],"collection":[{"href":"https:\/\/blogs.donboscovolunteers.de\/paulakirchner\/wp-json\/wp\/v2\/pages"}],"about":[{"href":"https:\/\/blogs.donboscovolunteers.de\/paulakirchner\/wp-json\/wp\/v2\/types\/page"}],"author":[{"embeddable":true,"href":"https:\/\/blogs.donboscovolunteers.de\/paulakirchner\/wp-json\/wp\/v2\/users\/21739"}],"replies":[{"embeddable":true,"href":"https:\/\/blogs.donboscovolunteers.de\/paulakirchner\/wp-json\/wp\/v2\/comments?post=41"}],"version-history":[{"count":2,"href":"https:\/\/blogs.donboscovolunteers.de\/paulakirchner\/wp-json\/wp\/v2\/pages\/41\/revisions"}],"predecessor-version":[{"id":47,"href":"https:\/\/blogs.donboscovolunteers.de\/paulakirchner\/wp-json\/wp\/v2\/pages\/41\/revisions\/47"}],"wp:attachment":[{"href":"https:\/\/blogs.donboscovolunteers.de\/paulakirchner\/wp-json\/wp\/v2\/media?parent=41"}],"curies":[{"name":"wp","href":"https:\/\/api.w.org\/{rel}","templated":true}]}}

Über Mich

<p class="has-text-align-left">Hallo!</p>



<p>Ich heiße Paula, bin 19 Jahre alt und ich komme aus Bad Neuenahr-Ahrweiler. Ende März diesen Jahres habe ich auf dem Gymnasium Calvarienberg meine Schulzeit mit dem Abitur abgeschlossen. Nun werde ich Anfang September einen Auslandsfreiwilligendienst über <a href="https://www.donboscomission.de/don-bosco/">Don Bosco</a> Volunteers Bonn antreten. Mein Einsatzprojekt ist in Mumbai, <a href="https://strassenkinder.de/laender/asien/inden/">Indien</a>. Dort werde ich für 12 Monate gemeinsam mit meinem Mitvolontär in einem Shelter der <a href="https://www.donboscomission.de/don-bosco/erbe/">Salesianer Don Boscos</a> mit Kindern und Jugendlichen arbeiten. Dabei möchte ich gerne alle Interessierten mitnehmen und hier in meinem Blog über meine Erfahrungen berichten.</p>



<p>Aktuell bin ich noch in der Vorbereitung für meinen <a href="https://www.donboscovolunteers.de/">Freiwilligendienst</a>. Zur Vorbereitung gehören 3 Seminare, ein Praktikum in einer Don Bosco Einrichtung und jegliche „bürokratische“ und persönliche Reisevorbereitungen. Zudem arbeite ich an den Wochenenden noch als Aushilfe beim Ahrtaltourismus. In meiner Freizeit mache ich gerne Sport im Fitnessstudio, spiele Klavier, backe oder mache irgendetwas Kreatives z.B. töpfern, malen, basteln und vieles mehr.</p>



<p>Gerne verbringe ich auch Zeit mit meinen Freunden, vor allem an der Ahr, in den Weinbergen oder durch einen Ausflug in eine andere Stadt. Meine beiden älteren Geschwister, die beide schon studieren (ein Bruder und eine Schwester) besuche ich auch gerne oder unternehme etwas mit ihnen. Besonders Freude bereitet es mir auch mit meiner Familie zusammen Gesellschaftsspiele zu spielen (oder mit den anderen Volos auf den Seminaren, Grüße gehen raus an euch!)</p>



<p>Ich habe mir vorgenommen meine Erlebnisse (vor und) in Mumbai schriftlich festzuhalten und hier mit euch zu teilen. Danke für euer Interesse. Ich freue mich immer über Kommentare 🙂</p>



<figure class="wp-block-image size-large"><img loading="lazy" decoding="async" width="1024" height="1024" src="https://blogs.donboscovolunteers.de/paulakirchner/wp-content/uploads/sites/21654/2022/07/Sonnenbrillenbild_2-1024x1024.jpg" alt="" class="wp-image-46" srcset="https://blogs.donboscovolunteers.de/paulakirchner/wp-content/uploads/sites/21654/2022/07/Sonnenbrillenbild_2-1024x1024.jpg 1024w, https://blogs.donboscovolunteers.de/paulakirchner/wp-content/uploads/sites/21654/2022/07/Sonnenbrillenbild_2-300x300.jpg 300w, https://blogs.donboscovolunteers.de/paulakirchner/wp-content/uploads/sites/21654/2022/07/Sonnenbrillenbild_2-150x150.jpg 150w, https://blogs.donboscovolunteers.de/paulakirchner/wp-content/uploads/sites/21654/2022/07/Sonnenbrillenbild_2-768x768.jpg 768w, https://blogs.donboscovolunteers.de/paulakirchner/wp-content/uploads/sites/21654/2022/07/Sonnenbrillenbild_2-88x88.jpg 88w, https://blogs.donboscovolunteers.de/paulakirchner/wp-content/uploads/sites/21654/2022/07/Sonnenbrillenbild_2-900x900.jpg 900w, https://blogs.donboscovolunteers.de/paulakirchner/wp-content/uploads/sites/21654/2022/07/Sonnenbrillenbild_2.jpg 1280w" sizes="auto, (max-width: 1024px) 100vw, 1024px" /></figure>



<p>Liebe Grüße Paula</p>



<p></p>

<p>Hallo! Ich heiße Paula, bin 19 Jahre alt und ich komme aus Bad Neuenahr-Ahrweiler. Ende März diesen Jahres habe ich auf dem Gymnasium Calvarienberg meine Schulzeit mit dem Abitur abgeschlossen. Nun werde ich Anfang September einen Auslandsfreiwilligendienst über <a href="https://www.donboscomission.de/don-bosco/">Don Bosco</a> Volunteers Bonn antreten. Mein Einsatzprojekt ist in Mumbai, <a href="https://strassenkinder.de/laender/asien/inden/">Indien</a>. Dort werde ich für 12 Monate [&hellip;]</p>

<!-- This site is optimized with the Yoast SEO plugin v25.3.1 - https://yoast.com/wordpress/plugins/seo/ -->
<title>Über Mich - Aus der Kleinstadt nach Mumbai</title>
<meta name="robots" content="index, follow, max-snippet:-1, max-image-preview:large, max-video-preview:-1" />
<link rel="canonical" href="https://blogs.donboscovolunteers.de/paulakirchner/" />
<meta property="og:locale" content="de_DE" />
<meta property="og:type" content="article" />
<meta property="og:title" content="Über Mich - Aus der Kleinstadt nach Mumbai" />
<meta property="og:description" content="Hallo! Ich heiße Paula, bin 19 Jahre alt und ich komme aus Bad Neuenahr-Ahrweiler. Ende März diesen Jahres habe ich auf dem Gymnasium Calvarienberg meine Schulzeit mit dem Abitur abgeschlossen. Nun werde ich Anfang September einen Auslandsfreiwilligendienst über Don Bosco Volunteers Bonn antreten. Mein Einsatzprojekt ist in Mumbai, Indien. Dort werde ich für 12 Monate [&hellip;]" />
<meta property="og:url" content="https://blogs.donboscovolunteers.de/paulakirchner/" />
<meta property="og:site_name" content="Aus der Kleinstadt nach Mumbai" />
<meta property="article:modified_time" content="2022-09-24T18:47:52+00:00" />
<meta property="og:image" content="https://blogs.donboscovolunteers.de/paulakirchner/wp-content/uploads/sites/21654/2022/07/Sonnenbrillenbild_2-1024x1024.jpg" />
<meta name="twitter:card" content="summary_large_image" />
<meta name="twitter:label1" content="Geschätzte Lesezeit" />
	<meta name="twitter:data1" content="2 Minuten" />
<script type="application/ld+json" class="yoast-schema-graph">{"@context":"https://schema.org","@graph":[{"@type":"WebPage","@id":"https://blogs.donboscovolunteers.de/paulakirchner/","url":"https://blogs.donboscovolunteers.de/paulakirchner/","name":"Über Mich - Aus der Kleinstadt nach Mumbai","isPartOf":{"@id":"https://blogs.donboscovolunteers.de/paulakirchner/#website"},"primaryImageOfPage":{"@id":"https://blogs.donboscovolunteers.de/paulakirchner/#primaryimage"},"image":{"@id":"https://blogs.donboscovolunteers.de/paulakirchner/#primaryimage"},"thumbnailUrl":"https://blogs.donboscovolunteers.de/paulakirchner/wp-content/uploads/sites/21654/2022/07/Sonnenbrillenbild_2-1024x1024.jpg","datePublished":"2022-07-12T10:32:56+00:00","dateModified":"2022-09-24T18:47:52+00:00","breadcrumb":{"@id":"https://blogs.donboscovolunteers.de/paulakirchner/#breadcrumb"},"inLanguage":"de","potentialAction":[{"@type":"ReadAction","target":["https://blogs.donboscovolunteers.de/paulakirchner/"]}]},{"@type":"ImageObject","inLanguage":"de","@id":"https://blogs.donboscovolunteers.de/paulakirchner/#primaryimage","url":"https://blogs.donboscovolunteers.de/paulakirchner/wp-content/uploads/sites/21654/2022/07/Sonnenbrillenbild_2.jpg","contentUrl":"https://blogs.donboscovolunteers.de/paulakirchner/wp-content/uploads/sites/21654/2022/07/Sonnenbrillenbild_2.jpg","width":1280,"height":1280},{"@type":"BreadcrumbList","@id":"https://blogs.donboscovolunteers.de/paulakirchner/#breadcrumb","itemListElement":[{"@type":"ListItem","position":1,"name":"Startseite","item":"https://blogs.donboscovolunteers.de/paulakirchner/"},{"@type":"ListItem","position":2,"name":"Über Mich"}]},{"@type":"WebSite","@id":"https://blogs.donboscovolunteers.de/paulakirchner/#website","url":"https://blogs.donboscovolunteers.de/paulakirchner/","name":"Aus der Kleinstadt nach Mumbai","description":"Meine persönlichen Erfahrungen aus Mumbai","potentialAction":[{"@type":"SearchAction","target":{"@type":"EntryPoint","urlTemplate":"https://blogs.donboscovolunteers.de/paulakirchner/?s={search_term_string}"},"query-input":{"@type":"PropertyValueSpecification","valueRequired":true,"valueName":"search_term_string"}}],"inLanguage":"de"}]}</script>
<!-- / Yoast SEO plugin. -->

Über Mich - Aus der Kleinstadt nach Mumbai

Hallo! Ich heiße Paula, bin 19 Jahre alt und ich komme aus Bad Neuenahr-Ahrweiler. Ende März diesen Jahres habe ich auf dem Gymnasium Calvarienberg meine Schulzeit mit dem Abitur abgeschlossen. Nun werde ich Anfang September einen Auslandsfreiwilligendienst über Don Bosco Volunteers Bonn antreten. Mein Einsatzprojekt ist in Mumbai, Indien. Dort werde ich für 12 Monate [&hellip;]

Meine persönlichen Erfahrungen aus Mumbai
