{"id":53,"date":"2023-09-05T00:27:29","date_gmt":"2023-09-04T22:27:29","guid":{"rendered":"https:\/\/blogs.donboscovolunteers.de\/michaelinargentinien\/?page_id=53"},"modified":"2023-10-09T15:45:39","modified_gmt":"2023-10-09T13:45:39","slug":"projekt-oratorio-in-santiago-del-estero-argentinien","status":"publish","type":"page","link":"https:\/\/blogs.donboscovolunteers.de\/michaelinargentinien\/projekt-oratorio-in-santiago-del-estero-argentinien\/","title":{"rendered":"Projekt"},"content":{"rendered":"<p class=\"has-vivid-cyan-blue-color has-text-color\"><strong>ORATORIO <a href=\"https:\/\/www.donboscomission.de\/don-bosco\/\">Don Bosco<\/a> in Santiago del Estero, Argentinien<\/strong><\/p>\n\n\n\n<p>Santiago del Estero liegt im Nordwesten von Argentinien und hat ca. 253.000 Einwohner. Sie ist die \u00e4lteste Stadt Argentiniens. Das Klima ist subtropisch und es ist das ganze Jahr \u00fcber eher hei\u00df. <\/p>\n\n\n\n<p>Das Oratorio ist ein Aktivit\u00e4tszentrum und ein Wohnheim f\u00fcr Kinder und Jugendliche. Ziel des Projektes ist es Kindern und Jugendlichen, die von Armut bedroht sind oder mit schwierigen famili\u00e4ren Situationen zu k\u00e4mpfen haben, durch einen Platz im Wohnheim zu einem geregelten Leben zu verhelfen. Gleichzeitig gibt es viele Kinder die in ihren Heimatorten (auf dem Land) keinen Zugang zu einer guten oder teilweise zu gar keiner Schule haben. Die Kinder bekommen somit die Chance die Schule abzuschlie\u00dfen und die M\u00f6glichkeit auf die Universit\u00e4t zu gehen, bzw. eine Ausbildung zu machen.  <\/p>\n\n\n\n<p><\/p>","protected":false},"excerpt":{"rendered":"<p>ORATORIO <a href=\"https:\/\/www.donboscomission.de\/don-bosco\/\">Don Bosco<\/a> in Santiago del Estero, Argentinien Santiago del Estero liegt im Nordwesten von Argentinien und hat ca. 253.000 Einwohner. Sie ist die \u00e4lteste Stadt Argentiniens. Das Klima ist subtropisch und es ist das ganze Jahr \u00fcber eher hei\u00df. Das Oratorio ist ein Aktivit\u00e4tszentrum und ein Wohnheim f\u00fcr Kinder und Jugendliche. Ziel des Projektes [&hellip;]<\/p>\n","protected":false},"author":21797,"featured_media":0,"parent":0,"menu_order":0,"comment_status":"closed","ping_status":"closed","template":"","meta":{"footnotes":""},"class_list":["post-53","page","type-page","status-publish","hentry"],"yoast_head":"<!-- This site is optimized with the Yoast SEO plugin v25.3.1 - https:\/\/yoast.com\/wordpress\/plugins\/seo\/ -->\n<title>Projekt - Michael in Argentinien<\/title>\n<meta name=\"description\" content=\"ORATORIO Don Bosco in Santiago del Estero, Argentinien\" \/>\n<meta name=\"robots\" content=\"index, follow, max-snippet:-1, max-image-preview:large, max-video-preview:-1\" \/>\n<link rel=\"canonical\" href=\"https:\/\/blogs.donboscovolunteers.de\/michaelinargentinien\/projekt-oratorio-in-santiago-del-estero-argentinien\/\" \/>\n<meta property=\"og:locale\" content=\"de_DE\" \/>\n<meta property=\"og:type\" content=\"article\" \/>\n<meta property=\"og:title\" content=\"Projekt - Michael in Argentinien\" \/>\n<meta property=\"og:description\" content=\"ORATORIO Don Bosco in Santiago del Estero, Argentinien\" \/>\n<meta property=\"og:url\" content=\"https:\/\/blogs.donboscovolunteers.de\/michaelinargentinien\/projekt-oratorio-in-santiago-del-estero-argentinien\/\" \/>\n<meta property=\"og:site_name\" content=\"Michael in Argentinien\" \/>\n<meta property=\"article:modified_time\" content=\"2023-10-09T13:45:39+00:00\" \/>\n<meta name=\"twitter:card\" content=\"summary_large_image\" \/>\n<meta name=\"twitter:label1\" content=\"Gesch\u00e4tzte Lesezeit\" \/>\n\t<meta name=\"twitter:data1\" content=\"1\u00a0Minute\" \/>\n<script type=\"application\/ld+json\" class=\"yoast-schema-graph\">{\"@context\":\"https:\/\/schema.org\",\"@graph\":[{\"@type\":\"WebPage\",\"@id\":\"https:\/\/blogs.donboscovolunteers.de\/michaelinargentinien\/projekt-oratorio-in-santiago-del-estero-argentinien\/\",\"url\":\"https:\/\/blogs.donboscovolunteers.de\/michaelinargentinien\/projekt-oratorio-in-santiago-del-estero-argentinien\/\",\"name\":\"Projekt - Michael in Argentinien\",\"isPartOf\":{\"@id\":\"https:\/\/blogs.donboscovolunteers.de\/michaelinargentinien\/#website\"},\"datePublished\":\"2023-09-04T22:27:29+00:00\",\"dateModified\":\"2023-10-09T13:45:39+00:00\",\"description\":\"ORATORIO Don Bosco in Santiago del Estero, Argentinien\",\"breadcrumb\":{\"@id\":\"https:\/\/blogs.donboscovolunteers.de\/michaelinargentinien\/projekt-oratorio-in-santiago-del-estero-argentinien\/#breadcrumb\"},\"inLanguage\":\"de\",\"potentialAction\":[{\"@type\":\"ReadAction\",\"target\":[\"https:\/\/blogs.donboscovolunteers.de\/michaelinargentinien\/projekt-oratorio-in-santiago-del-estero-argentinien\/\"]}]},{\"@type\":\"BreadcrumbList\",\"@id\":\"https:\/\/blogs.donboscovolunteers.de\/michaelinargentinien\/projekt-oratorio-in-santiago-del-estero-argentinien\/#breadcrumb\",\"itemListElement\":[{\"@type\":\"ListItem\",\"position\":1,\"name\":\"Startseite\",\"item\":\"https:\/\/blogs.donboscovolunteers.de\/michaelinargentinien\/\"},{\"@type\":\"ListItem\",\"position\":2,\"name\":\"Projekt\"}]},{\"@type\":\"WebSite\",\"@id\":\"https:\/\/blogs.donboscovolunteers.de\/michaelinargentinien\/#website\",\"url\":\"https:\/\/blogs.donboscovolunteers.de\/michaelinargentinien\/\",\"name\":\"Michael in Argentinien\",\"description\":\"\",\"potentialAction\":[{\"@type\":\"SearchAction\",\"target\":{\"@type\":\"EntryPoint\",\"urlTemplate\":\"https:\/\/blogs.donboscovolunteers.de\/michaelinargentinien\/?s={search_term_string}\"},\"query-input\":{\"@type\":\"PropertyValueSpecification\",\"valueRequired\":true,\"valueName\":\"search_term_string\"}}],\"inLanguage\":\"de\"}]}<\/script>\n<!-- \/ Yoast SEO plugin. -->","yoast_head_json":{"title":"Projekt - Michael in Argentinien","description":"ORATORIO Don Bosco in Santiago del Estero, Argentinien","robots":{"index":"index","follow":"follow","max-snippet":"max-snippet:-1","max-image-preview":"max-image-preview:large","max-video-preview":"max-video-preview:-1"},"canonical":"https:\/\/blogs.donboscovolunteers.de\/michaelinargentinien\/projekt-oratorio-in-santiago-del-estero-argentinien\/","og_locale":"de_DE","og_type":"article","og_title":"Projekt - Michael in Argentinien","og_description":"ORATORIO Don Bosco in Santiago del Estero, Argentinien","og_url":"https:\/\/blogs.donboscovolunteers.de\/michaelinargentinien\/projekt-oratorio-in-santiago-del-estero-argentinien\/","og_site_name":"Michael in Argentinien","article_modified_time":"2023-10-09T13:45:39+00:00","twitter_card":"summary_large_image","twitter_misc":{"Gesch\u00e4tzte Lesezeit":"1\u00a0Minute"},"schema":{"@context":"https:\/\/schema.org","@graph":[{"@type":"WebPage","@id":"https:\/\/blogs.donboscovolunteers.de\/michaelinargentinien\/projekt-oratorio-in-santiago-del-estero-argentinien\/","url":"https:\/\/blogs.donboscovolunteers.de\/michaelinargentinien\/projekt-oratorio-in-santiago-del-estero-argentinien\/","name":"Projekt - Michael in Argentinien","isPartOf":{"@id":"https:\/\/blogs.donboscovolunteers.de\/michaelinargentinien\/#website"},"datePublished":"2023-09-04T22:27:29+00:00","dateModified":"2023-10-09T13:45:39+00:00","description":"ORATORIO Don Bosco in Santiago del Estero, Argentinien","breadcrumb":{"@id":"https:\/\/blogs.donboscovolunteers.de\/michaelinargentinien\/projekt-oratorio-in-santiago-del-estero-argentinien\/#breadcrumb"},"inLanguage":"de","potentialAction":[{"@type":"ReadAction","target":["https:\/\/blogs.donboscovolunteers.de\/michaelinargentinien\/projekt-oratorio-in-santiago-del-estero-argentinien\/"]}]},{"@type":"BreadcrumbList","@id":"https:\/\/blogs.donboscovolunteers.de\/michaelinargentinien\/projekt-oratorio-in-santiago-del-estero-argentinien\/#breadcrumb","itemListElement":[{"@type":"ListItem","position":1,"name":"Startseite","item":"https:\/\/blogs.donboscovolunteers.de\/michaelinargentinien\/"},{"@type":"ListItem","position":2,"name":"Projekt"}]},{"@type":"WebSite","@id":"https:\/\/blogs.donboscovolunteers.de\/michaelinargentinien\/#website","url":"https:\/\/blogs.donboscovolunteers.de\/michaelinargentinien\/","name":"Michael in Argentinien","description":"","potentialAction":[{"@type":"SearchAction","target":{"@type":"EntryPoint","urlTemplate":"https:\/\/blogs.donboscovolunteers.de\/michaelinargentinien\/?s={search_term_string}"},"query-input":{"@type":"PropertyValueSpecification","valueRequired":true,"valueName":"search_term_string"}}],"inLanguage":"de"}]}},"_links":{"self":[{"href":"https:\/\/blogs.donboscovolunteers.de\/michaelinargentinien\/wp-json\/wp\/v2\/pages\/53","targetHints":{"allow":["GET"]}}],"collection":[{"href":"https:\/\/blogs.donboscovolunteers.de\/michaelinargentinien\/wp-json\/wp\/v2\/pages"}],"about":[{"href":"https:\/\/blogs.donboscovolunteers.de\/michaelinargentinien\/wp-json\/wp\/v2\/types\/page"}],"author":[{"embeddable":true,"href":"https:\/\/blogs.donboscovolunteers.de\/michaelinargentinien\/wp-json\/wp\/v2\/users\/21797"}],"replies":[{"embeddable":true,"href":"https:\/\/blogs.donboscovolunteers.de\/michaelinargentinien\/wp-json\/wp\/v2\/comments?post=53"}],"version-history":[{"count":6,"href":"https:\/\/blogs.donboscovolunteers.de\/michaelinargentinien\/wp-json\/wp\/v2\/pages\/53\/revisions"}],"predecessor-version":[{"id":186,"href":"https:\/\/blogs.donboscovolunteers.de\/michaelinargentinien\/wp-json\/wp\/v2\/pages\/53\/revisions\/186"}],"wp:attachment":[{"href":"https:\/\/blogs.donboscovolunteers.de\/michaelinargentinien\/wp-json\/wp\/v2\/media?parent=53"}],"curies":[{"name":"wp","href":"https:\/\/api.w.org\/{rel}","templated":true}]}}