{"id":45,"date":"2019-09-09T20:48:38","date_gmt":"2019-09-09T18:48:38","guid":{"rendered":"https:\/\/blogs.donboscovolunteers.de\/messimatemerienda\/?page_id=45"},"modified":"2019-09-09T20:53:12","modified_gmt":"2019-09-09T18:53:12","slug":"spenden","status":"publish","type":"page","link":"https:\/\/blogs.donboscovolunteers.de\/messimatemerienda\/spenden\/","title":{"rendered":"Spenden&#8230;"},"content":{"rendered":"<p>Inwiefern k\u00f6nnt ihr mich bei meinem <a href=\"https:\/\/www.donboscovolunteers.de\/\">Freiwilligendienst<\/a> unterst\u00fctzen? Wenn ihr euch daf\u00fcr entscheidet mir eine kleine (oder auch gr\u00f6\u00dfere \ud83d\ude00 ) Spende zukommen zu lassen, wird das ganze nach dem Prinzip &#8222;Menschen geben f\u00fcr Menschen&#8220; verwendet. Durch eure Unterst\u00fctzung k\u00f6nnen wir im Sinne Don Boscos f\u00fcr die Kinder da sein und ihnen Zeit und Zuwendung schenken. Ihr investiert somit sowohl in uns, die wir speziell auf diese Aufgabe in 3 intensiven Seminaren vorbereitet wurden, als auch damit direkt in die Kinder und das Oratorio vor Ort. Und jeder Euro, der \u00fcber das Spendenziel von 2500\u20ac hinaus dazukommt, kann in zus\u00e4tzliche Projekte hier im Oratorio in Santiago del Estero investiert werden.<\/p>\n<p>Vielen herzlichen Dank f\u00fcr eure Spende! &lt;3<\/p>\n\n\n<p>So k\u00f6nnt ihr mich, den Freiwilligendienst und das Projekt in Santiago unterst\u00fctzen&#8230;<\/p>\n\n\n\n<ul class=\"wp-block-list\"><li>Kontodaten f\u00fcr Spenden: (im Verwendungszweck dann bitte mein Spendenk\u00fcrzel und Name: &#8222;S19VR048 Simon Weniger&#8220; angeben)<\/li><li>F\u00fcr eine Spendenquittung Adresse mit angeben<\/li><\/ul>\n\n\n\n<ul class=\"wp-block-list\"><li><a href=\"https:\/\/www.donboscomission.de\/don-bosco\/\">DON BOSCO<\/a> MISSION<\/li><\/ul>\n\n\n\n<ul class=\"wp-block-list\"><li>LIGA BANK M\u00dcNCHEN<\/li><\/ul>\n\n\n\n<ul class=\"wp-block-list\"><li>IBAN: DE66 7509 0300 0102 1418 76<\/li><\/ul>\n\n\n\n<ul class=\"wp-block-list\"><li>BIC: GENODEF1M05<\/li><\/ul>\n\n\n<p><!--EndFragment--><\/p>","protected":false},"excerpt":{"rendered":"<p>Inwiefern k\u00f6nnt ihr mich bei meinem <a href=\"https:\/\/www.donboscovolunteers.de\/\">Freiwilligendienst<\/a> unterst\u00fctzen? Wenn ihr euch daf\u00fcr entscheidet mir eine kleine (oder auch gr\u00f6\u00dfere \ud83d\ude00 ) Spende zukommen zu lassen, wird das ganze nach dem Prinzip &#8222;Menschen geben f\u00fcr Menschen&#8220; verwendet. Durch eure Unterst\u00fctzung k\u00f6nnen wir im Sinne Don Boscos f\u00fcr die Kinder da sein und ihnen Zeit und Zuwendung [&hellip;]<\/p>\n","protected":false},"author":21648,"featured_media":0,"parent":0,"menu_order":0,"comment_status":"closed","ping_status":"closed","template":"","meta":{"footnotes":""},"class_list":["post-45","page","type-page","status-publish","hentry"],"yoast_head":"<!-- This site is optimized with the Yoast SEO plugin v25.3.1 - https:\/\/yoast.com\/wordpress\/plugins\/seo\/ -->\n<title>Spenden... - Messi, Mate y Merienda<\/title>\n<meta name=\"robots\" content=\"index, follow, max-snippet:-1, max-image-preview:large, max-video-preview:-1\" \/>\n<link rel=\"canonical\" href=\"https:\/\/blogs.donboscovolunteers.de\/messimatemerienda\/spenden\/\" \/>\n<meta property=\"og:locale\" content=\"de_DE\" \/>\n<meta property=\"og:type\" content=\"article\" \/>\n<meta property=\"og:title\" content=\"Spenden... - Messi, Mate y Merienda\" \/>\n<meta property=\"og:description\" content=\"Inwiefern k\u00f6nnt ihr mich bei meinem Freiwilligendienst unterst\u00fctzen? Wenn ihr euch daf\u00fcr entscheidet mir eine kleine (oder auch gr\u00f6\u00dfere \ud83d\ude00 ) Spende zukommen zu lassen, wird das ganze nach dem Prinzip &#8222;Menschen geben f\u00fcr Menschen&#8220; verwendet. Durch eure Unterst\u00fctzung k\u00f6nnen wir im Sinne Don Boscos f\u00fcr die Kinder da sein und ihnen Zeit und Zuwendung [&hellip;]\" \/>\n<meta property=\"og:url\" content=\"https:\/\/blogs.donboscovolunteers.de\/messimatemerienda\/spenden\/\" \/>\n<meta property=\"og:site_name\" content=\"Messi, Mate y Merienda\" \/>\n<meta property=\"article:modified_time\" content=\"2019-09-09T18:53:12+00:00\" \/>\n<meta name=\"twitter:card\" content=\"summary_large_image\" \/>\n<meta name=\"twitter:label1\" content=\"Gesch\u00e4tzte Lesezeit\" \/>\n\t<meta name=\"twitter:data1\" content=\"1\u00a0Minute\" \/>\n<script type=\"application\/ld+json\" class=\"yoast-schema-graph\">{\"@context\":\"https:\/\/schema.org\",\"@graph\":[{\"@type\":\"WebPage\",\"@id\":\"https:\/\/blogs.donboscovolunteers.de\/messimatemerienda\/spenden\/\",\"url\":\"https:\/\/blogs.donboscovolunteers.de\/messimatemerienda\/spenden\/\",\"name\":\"Spenden... - Messi, Mate y Merienda\",\"isPartOf\":{\"@id\":\"https:\/\/blogs.donboscovolunteers.de\/messimatemerienda\/#website\"},\"datePublished\":\"2019-09-09T18:48:38+00:00\",\"dateModified\":\"2019-09-09T18:53:12+00:00\",\"breadcrumb\":{\"@id\":\"https:\/\/blogs.donboscovolunteers.de\/messimatemerienda\/spenden\/#breadcrumb\"},\"inLanguage\":\"de\",\"potentialAction\":[{\"@type\":\"ReadAction\",\"target\":[\"https:\/\/blogs.donboscovolunteers.de\/messimatemerienda\/spenden\/\"]}]},{\"@type\":\"BreadcrumbList\",\"@id\":\"https:\/\/blogs.donboscovolunteers.de\/messimatemerienda\/spenden\/#breadcrumb\",\"itemListElement\":[{\"@type\":\"ListItem\",\"position\":1,\"name\":\"Startseite\",\"item\":\"https:\/\/blogs.donboscovolunteers.de\/messimatemerienda\/\"},{\"@type\":\"ListItem\",\"position\":2,\"name\":\"Spenden&#8230;\"}]},{\"@type\":\"WebSite\",\"@id\":\"https:\/\/blogs.donboscovolunteers.de\/messimatemerienda\/#website\",\"url\":\"https:\/\/blogs.donboscovolunteers.de\/messimatemerienda\/\",\"name\":\"Messi, Mate y Merienda\",\"description\":\"Simon en Santiago\",\"potentialAction\":[{\"@type\":\"SearchAction\",\"target\":{\"@type\":\"EntryPoint\",\"urlTemplate\":\"https:\/\/blogs.donboscovolunteers.de\/messimatemerienda\/?s={search_term_string}\"},\"query-input\":{\"@type\":\"PropertyValueSpecification\",\"valueRequired\":true,\"valueName\":\"search_term_string\"}}],\"inLanguage\":\"de\"}]}<\/script>\n<!-- \/ Yoast SEO plugin. -->","yoast_head_json":{"title":"Spenden... - Messi, Mate y Merienda","robots":{"index":"index","follow":"follow","max-snippet":"max-snippet:-1","max-image-preview":"max-image-preview:large","max-video-preview":"max-video-preview:-1"},"canonical":"https:\/\/blogs.donboscovolunteers.de\/messimatemerienda\/spenden\/","og_locale":"de_DE","og_type":"article","og_title":"Spenden... - Messi, Mate y Merienda","og_description":"Inwiefern k\u00f6nnt ihr mich bei meinem Freiwilligendienst unterst\u00fctzen? Wenn ihr euch daf\u00fcr entscheidet mir eine kleine (oder auch gr\u00f6\u00dfere \ud83d\ude00 ) Spende zukommen zu lassen, wird das ganze nach dem Prinzip &#8222;Menschen geben f\u00fcr Menschen&#8220; verwendet. Durch eure Unterst\u00fctzung k\u00f6nnen wir im Sinne Don Boscos f\u00fcr die Kinder da sein und ihnen Zeit und Zuwendung [&hellip;]","og_url":"https:\/\/blogs.donboscovolunteers.de\/messimatemerienda\/spenden\/","og_site_name":"Messi, Mate y Merienda","article_modified_time":"2019-09-09T18:53:12+00:00","twitter_card":"summary_large_image","twitter_misc":{"Gesch\u00e4tzte Lesezeit":"1\u00a0Minute"},"schema":{"@context":"https:\/\/schema.org","@graph":[{"@type":"WebPage","@id":"https:\/\/blogs.donboscovolunteers.de\/messimatemerienda\/spenden\/","url":"https:\/\/blogs.donboscovolunteers.de\/messimatemerienda\/spenden\/","name":"Spenden... - Messi, Mate y Merienda","isPartOf":{"@id":"https:\/\/blogs.donboscovolunteers.de\/messimatemerienda\/#website"},"datePublished":"2019-09-09T18:48:38+00:00","dateModified":"2019-09-09T18:53:12+00:00","breadcrumb":{"@id":"https:\/\/blogs.donboscovolunteers.de\/messimatemerienda\/spenden\/#breadcrumb"},"inLanguage":"de","potentialAction":[{"@type":"ReadAction","target":["https:\/\/blogs.donboscovolunteers.de\/messimatemerienda\/spenden\/"]}]},{"@type":"BreadcrumbList","@id":"https:\/\/blogs.donboscovolunteers.de\/messimatemerienda\/spenden\/#breadcrumb","itemListElement":[{"@type":"ListItem","position":1,"name":"Startseite","item":"https:\/\/blogs.donboscovolunteers.de\/messimatemerienda\/"},{"@type":"ListItem","position":2,"name":"Spenden&#8230;"}]},{"@type":"WebSite","@id":"https:\/\/blogs.donboscovolunteers.de\/messimatemerienda\/#website","url":"https:\/\/blogs.donboscovolunteers.de\/messimatemerienda\/","name":"Messi, Mate y Merienda","description":"Simon en Santiago","potentialAction":[{"@type":"SearchAction","target":{"@type":"EntryPoint","urlTemplate":"https:\/\/blogs.donboscovolunteers.de\/messimatemerienda\/?s={search_term_string}"},"query-input":{"@type":"PropertyValueSpecification","valueRequired":true,"valueName":"search_term_string"}}],"inLanguage":"de"}]}},"_links":{"self":[{"href":"https:\/\/blogs.donboscovolunteers.de\/messimatemerienda\/wp-json\/wp\/v2\/pages\/45","targetHints":{"allow":["GET"]}}],"collection":[{"href":"https:\/\/blogs.donboscovolunteers.de\/messimatemerienda\/wp-json\/wp\/v2\/pages"}],"about":[{"href":"https:\/\/blogs.donboscovolunteers.de\/messimatemerienda\/wp-json\/wp\/v2\/types\/page"}],"author":[{"embeddable":true,"href":"https:\/\/blogs.donboscovolunteers.de\/messimatemerienda\/wp-json\/wp\/v2\/users\/21648"}],"replies":[{"embeddable":true,"href":"https:\/\/blogs.donboscovolunteers.de\/messimatemerienda\/wp-json\/wp\/v2\/comments?post=45"}],"version-history":[{"count":2,"href":"https:\/\/blogs.donboscovolunteers.de\/messimatemerienda\/wp-json\/wp\/v2\/pages\/45\/revisions"}],"predecessor-version":[{"id":48,"href":"https:\/\/blogs.donboscovolunteers.de\/messimatemerienda\/wp-json\/wp\/v2\/pages\/45\/revisions\/48"}],"wp:attachment":[{"href":"https:\/\/blogs.donboscovolunteers.de\/messimatemerienda\/wp-json\/wp\/v2\/media?parent=45"}],"curies":[{"name":"wp","href":"https:\/\/api.w.org\/{rel}","templated":true}]}}