{"id":11,"date":"2020-10-22T23:56:56","date_gmt":"2020-10-22T21:56:56","guid":{"rendered":"https:\/\/blogs.donboscovolunteers.de\/mahatmaausreisemahatmakeine\/?page_id=11"},"modified":"2020-12-18T15:20:56","modified_gmt":"2020-12-18T14:20:56","slug":"ueber-mich","status":"publish","type":"page","link":"https:\/\/blogs.donboscovolunteers.de\/mahatmaausreisemahatmakeine\/ueber-mich\/","title":{"rendered":"\u00dcber mich"},"content":{"rendered":"<h3 class=\"wp-block-heading\">Wenn ich meine Aufwartung machen d\u00fcrfte&#8230;<\/h3>\n\n\n\n<p>Ich hei\u00dfe Elisabeth, bin 18 Jahre alt und bin &#8211; wer h\u00e4tte es gedacht &#8211; eine <a href=\"https:\/\/www.donboscomission.de\/don-bosco\/\">Don Bosco<\/a> Volont\u00e4rin. Als solche w\u00e4re ich nun vermutlich in Vijayawada in <a href=\"https:\/\/strassenkinder.de\/laender\/asien\/inden\/\">Indien<\/a> &#8230;unter anderen Umst\u00e4nden.<\/p>\n\n\n\n<p>Raus in die weite Welt ziehen und mir von Kindern ihre Lebenswelt zeigen lassen&#8230; das war mein Plan f\u00fcr das Jahr nach dem Abitur. Mal mehr zu sehen und zu erleben, als der Geografieunterricht so zu bieten hat &#8211; wobei mich Geografie eigentlich nie wirklich gefesselt hat. In der Oberstufe habe ich die Leistungskurse Geschichte und Mathematik belegt. Das Fach f\u00fcr das ich am meisten gebrannt habe war aber definitiv Logik, mit vielen spannenden Ausschweifungen in die Philosophie. Doch da ich das Abi nun in der Tasche habe zur\u00fcck zum Thema:<\/p>\n\n\n\n<p>Meine Begeisterung f\u00fcr die Arbeit mit jungen Menschen habe ich wohl aus der Kinder- und Jugendarbeit in meiner Heimatpfarrei. Die allj\u00e4hrliche Ferienfreizeit im Sommer habe ich immer als Jahreshighlight empfunden. Mit singen, tanzen und einer turbulenten Kinderschar geht so eine Woche (mit all ihren Anstrengungen) doch viel zu schnell vorbei. So verbinde ich mit dem <a href=\"https:\/\/www.donboscovolunteers.de\/\">Freiwilligendienst<\/a> die Hoffnung auf ein gleicherma\u00dfen aufregendes Highlightjahr.<\/p>\n\n\n\n<p>Neben der Kinder- und Jugendarbeit liebe ich es zu singen, Gitarre zu spielen und zu n\u00e4hen, meistens getreu dem Motto: Aus alt mach neu. Au\u00dferdem hat mich nicht zuletzt meine Faszination f\u00fcr Logik dazu gebracht, dass ich versuche, im Selbststudium Koreanisch, die Sprache mit dem einzigartig logischen Schriftsystem Hangul (\ud55c\uae00), zu lernen. Ob das was wird?! \ubab0\ub77c\uc694.<\/p>\n\n\n\n<p>Ebenso wenig kann ich absehen, ob mich die Jahre 2020\/2021 tats\u00e4chlich noch nach Indien f\u00fchren werden. Wenn ihr euch aber daf\u00fcr interessiert, wie so ein Auslandsfreiwilligendienst im Inland aussehen kann oder ob ich letztendlich doch noch einen Fu\u00df auf indischen Boden setzen werde, dann seid ihr auf meinem Blog genau richtig. Schaut euch gerne um!<\/p>\n\n\n\n<p>Zum Abschluss noch etwas unn\u00fctzes Wissen \u00fcber mich: W\u00e4re ich ein Junge geworden und h\u00e4tten sich meine Eltern den Vorschlag meines Taufpaten zu Herzen genommen, dann hie\u00dfe ich jetzt Kronf\u00fcrst. Prost!<\/p>\n\n\n\n<div class=\"wp-block-image\"><figure class=\"aligncenter size-large is-resized\"><img loading=\"lazy\" decoding=\"async\" src=\"https:\/\/blogs.donboscovolunteers.de\/mahatmaausreisemahatmakeine\/wp-content\/uploads\/sites\/21627\/2020\/11\/WhatsApp-Image-2020-11-22-at-19.24.34-e1606069688407.jpeg\" alt=\"\" class=\"wp-image-83\" width=\"377\" height=\"377\" \/><\/figure><\/div>","protected":false},"excerpt":{"rendered":"<p>Wenn ich meine Aufwartung machen d\u00fcrfte&#8230; Ich hei\u00dfe Elisabeth, bin 18 Jahre alt und bin &#8211; wer h\u00e4tte es gedacht &#8211; eine <a href=\"https:\/\/www.donboscomission.de\/don-bosco\/\">Don Bosco<\/a> Volont\u00e4rin. Als solche w\u00e4re ich nun vermutlich in Vijayawada in <a href=\"https:\/\/strassenkinder.de\/laender\/asien\/inden\/\">Indien<\/a> &#8230;unter anderen Umst\u00e4nden. Raus in die weite Welt ziehen und mir von Kindern ihre Lebenswelt zeigen lassen&#8230; das war mein [&hellip;]<\/p>\n","protected":false},"author":21691,"featured_media":0,"parent":0,"menu_order":0,"comment_status":"closed","ping_status":"closed","template":"","meta":{"footnotes":""},"class_list":["post-11","page","type-page","status-publish","hentry"],"yoast_head":"<!-- This site is optimized with the Yoast SEO plugin v25.3.1 - https:\/\/yoast.com\/wordpress\/plugins\/seo\/ -->\n<title>\u00dcber mich - Mahatma Ausreise, Mahatma keine!<\/title>\n<meta name=\"robots\" content=\"noindex, follow\" \/>\n<meta property=\"og:locale\" content=\"de_DE\" \/>\n<meta property=\"og:type\" content=\"article\" \/>\n<meta property=\"og:title\" content=\"\u00dcber mich - Mahatma Ausreise, Mahatma keine!\" \/>\n<meta property=\"og:description\" content=\"Wenn ich meine Aufwartung machen d\u00fcrfte&#8230; Ich hei\u00dfe Elisabeth, bin 18 Jahre alt und bin &#8211; wer h\u00e4tte es gedacht &#8211; eine Don Bosco Volont\u00e4rin. Als solche w\u00e4re ich nun vermutlich in Vijayawada in Indien &#8230;unter anderen Umst\u00e4nden. Raus in die weite Welt ziehen und mir von Kindern ihre Lebenswelt zeigen lassen&#8230; das war mein [&hellip;]\" \/>\n<meta property=\"og:url\" content=\"https:\/\/blogs.donboscovolunteers.de\/mahatmaausreisemahatmakeine\/ueber-mich\/\" \/>\n<meta property=\"og:site_name\" content=\"Mahatma Ausreise, Mahatma keine!\" \/>\n<meta property=\"article:modified_time\" content=\"2020-12-18T14:20:56+00:00\" \/>\n<meta property=\"og:image\" content=\"https:\/\/blogs.donboscovolunteers.de\/mahatmaausreisemahatmakeine\/wp-content\/uploads\/sites\/21627\/2020\/11\/WhatsApp-Image-2020-11-22-at-19.24.34-e1606069688407.jpeg\" \/>\n<meta name=\"twitter:card\" content=\"summary_large_image\" \/>\n<meta name=\"twitter:label1\" content=\"Gesch\u00e4tzte Lesezeit\" \/>\n\t<meta name=\"twitter:data1\" content=\"2\u00a0Minuten\" \/>\n<script type=\"application\/ld+json\" class=\"yoast-schema-graph\">{\"@context\":\"https:\/\/schema.org\",\"@graph\":[{\"@type\":\"WebPage\",\"@id\":\"https:\/\/blogs.donboscovolunteers.de\/mahatmaausreisemahatmakeine\/ueber-mich\/\",\"url\":\"https:\/\/blogs.donboscovolunteers.de\/mahatmaausreisemahatmakeine\/ueber-mich\/\",\"name\":\"\u00dcber mich - Mahatma Ausreise, Mahatma keine!\",\"isPartOf\":{\"@id\":\"https:\/\/blogs.donboscovolunteers.de\/mahatmaausreisemahatmakeine\/#website\"},\"primaryImageOfPage\":{\"@id\":\"https:\/\/blogs.donboscovolunteers.de\/mahatmaausreisemahatmakeine\/ueber-mich\/#primaryimage\"},\"image\":{\"@id\":\"https:\/\/blogs.donboscovolunteers.de\/mahatmaausreisemahatmakeine\/ueber-mich\/#primaryimage\"},\"thumbnailUrl\":\"https:\/\/blogs.donboscovolunteers.de\/mahatmaausreisemahatmakeine\/wp-content\/uploads\/sites\/21627\/2020\/11\/WhatsApp-Image-2020-11-22-at-19.24.34-e1606069688407.jpeg\",\"datePublished\":\"2020-10-22T21:56:56+00:00\",\"dateModified\":\"2020-12-18T14:20:56+00:00\",\"breadcrumb\":{\"@id\":\"https:\/\/blogs.donboscovolunteers.de\/mahatmaausreisemahatmakeine\/ueber-mich\/#breadcrumb\"},\"inLanguage\":\"de\",\"potentialAction\":[{\"@type\":\"ReadAction\",\"target\":[\"https:\/\/blogs.donboscovolunteers.de\/mahatmaausreisemahatmakeine\/ueber-mich\/\"]}]},{\"@type\":\"ImageObject\",\"inLanguage\":\"de\",\"@id\":\"https:\/\/blogs.donboscovolunteers.de\/mahatmaausreisemahatmakeine\/ueber-mich\/#primaryimage\",\"url\":\"https:\/\/blogs.donboscovolunteers.de\/mahatmaausreisemahatmakeine\/wp-content\/uploads\/sites\/21627\/2020\/11\/WhatsApp-Image-2020-11-22-at-19.24.34-e1606069688407.jpeg\",\"contentUrl\":\"https:\/\/blogs.donboscovolunteers.de\/mahatmaausreisemahatmakeine\/wp-content\/uploads\/sites\/21627\/2020\/11\/WhatsApp-Image-2020-11-22-at-19.24.34-e1606069688407.jpeg\",\"width\":720,\"height\":720},{\"@type\":\"BreadcrumbList\",\"@id\":\"https:\/\/blogs.donboscovolunteers.de\/mahatmaausreisemahatmakeine\/ueber-mich\/#breadcrumb\",\"itemListElement\":[{\"@type\":\"ListItem\",\"position\":1,\"name\":\"Startseite\",\"item\":\"https:\/\/blogs.donboscovolunteers.de\/mahatmaausreisemahatmakeine\/\"},{\"@type\":\"ListItem\",\"position\":2,\"name\":\"\u00dcber mich\"}]},{\"@type\":\"WebSite\",\"@id\":\"https:\/\/blogs.donboscovolunteers.de\/mahatmaausreisemahatmakeine\/#website\",\"url\":\"https:\/\/blogs.donboscovolunteers.de\/mahatmaausreisemahatmakeine\/\",\"name\":\"Mahatma Ausreise, Mahatma keine!\",\"description\":\"Mein Jahr als Freiwillige in bisher nicht Indien\",\"potentialAction\":[{\"@type\":\"SearchAction\",\"target\":{\"@type\":\"EntryPoint\",\"urlTemplate\":\"https:\/\/blogs.donboscovolunteers.de\/mahatmaausreisemahatmakeine\/?s={search_term_string}\"},\"query-input\":{\"@type\":\"PropertyValueSpecification\",\"valueRequired\":true,\"valueName\":\"search_term_string\"}}],\"inLanguage\":\"de\"}]}<\/script>\n<!-- \/ Yoast SEO plugin. -->","yoast_head_json":{"title":"\u00dcber mich - Mahatma Ausreise, Mahatma keine!","robots":{"index":"noindex","follow":"follow"},"og_locale":"de_DE","og_type":"article","og_title":"\u00dcber mich - Mahatma Ausreise, Mahatma keine!","og_description":"Wenn ich meine Aufwartung machen d\u00fcrfte&#8230; Ich hei\u00dfe Elisabeth, bin 18 Jahre alt und bin &#8211; wer h\u00e4tte es gedacht &#8211; eine Don Bosco Volont\u00e4rin. Als solche w\u00e4re ich nun vermutlich in Vijayawada in Indien &#8230;unter anderen Umst\u00e4nden. Raus in die weite Welt ziehen und mir von Kindern ihre Lebenswelt zeigen lassen&#8230; das war mein [&hellip;]","og_url":"https:\/\/blogs.donboscovolunteers.de\/mahatmaausreisemahatmakeine\/ueber-mich\/","og_site_name":"Mahatma Ausreise, Mahatma keine!","article_modified_time":"2020-12-18T14:20:56+00:00","og_image":[{"url":"https:\/\/blogs.donboscovolunteers.de\/mahatmaausreisemahatmakeine\/wp-content\/uploads\/sites\/21627\/2020\/11\/WhatsApp-Image-2020-11-22-at-19.24.34-e1606069688407.jpeg","type":"","width":"","height":""}],"twitter_card":"summary_large_image","twitter_misc":{"Gesch\u00e4tzte Lesezeit":"2\u00a0Minuten"},"schema":{"@context":"https:\/\/schema.org","@graph":[{"@type":"WebPage","@id":"https:\/\/blogs.donboscovolunteers.de\/mahatmaausreisemahatmakeine\/ueber-mich\/","url":"https:\/\/blogs.donboscovolunteers.de\/mahatmaausreisemahatmakeine\/ueber-mich\/","name":"\u00dcber mich - Mahatma Ausreise, Mahatma keine!","isPartOf":{"@id":"https:\/\/blogs.donboscovolunteers.de\/mahatmaausreisemahatmakeine\/#website"},"primaryImageOfPage":{"@id":"https:\/\/blogs.donboscovolunteers.de\/mahatmaausreisemahatmakeine\/ueber-mich\/#primaryimage"},"image":{"@id":"https:\/\/blogs.donboscovolunteers.de\/mahatmaausreisemahatmakeine\/ueber-mich\/#primaryimage"},"thumbnailUrl":"https:\/\/blogs.donboscovolunteers.de\/mahatmaausreisemahatmakeine\/wp-content\/uploads\/sites\/21627\/2020\/11\/WhatsApp-Image-2020-11-22-at-19.24.34-e1606069688407.jpeg","datePublished":"2020-10-22T21:56:56+00:00","dateModified":"2020-12-18T14:20:56+00:00","breadcrumb":{"@id":"https:\/\/blogs.donboscovolunteers.de\/mahatmaausreisemahatmakeine\/ueber-mich\/#breadcrumb"},"inLanguage":"de","potentialAction":[{"@type":"ReadAction","target":["https:\/\/blogs.donboscovolunteers.de\/mahatmaausreisemahatmakeine\/ueber-mich\/"]}]},{"@type":"ImageObject","inLanguage":"de","@id":"https:\/\/blogs.donboscovolunteers.de\/mahatmaausreisemahatmakeine\/ueber-mich\/#primaryimage","url":"https:\/\/blogs.donboscovolunteers.de\/mahatmaausreisemahatmakeine\/wp-content\/uploads\/sites\/21627\/2020\/11\/WhatsApp-Image-2020-11-22-at-19.24.34-e1606069688407.jpeg","contentUrl":"https:\/\/blogs.donboscovolunteers.de\/mahatmaausreisemahatmakeine\/wp-content\/uploads\/sites\/21627\/2020\/11\/WhatsApp-Image-2020-11-22-at-19.24.34-e1606069688407.jpeg","width":720,"height":720},{"@type":"BreadcrumbList","@id":"https:\/\/blogs.donboscovolunteers.de\/mahatmaausreisemahatmakeine\/ueber-mich\/#breadcrumb","itemListElement":[{"@type":"ListItem","position":1,"name":"Startseite","item":"https:\/\/blogs.donboscovolunteers.de\/mahatmaausreisemahatmakeine\/"},{"@type":"ListItem","position":2,"name":"\u00dcber mich"}]},{"@type":"WebSite","@id":"https:\/\/blogs.donboscovolunteers.de\/mahatmaausreisemahatmakeine\/#website","url":"https:\/\/blogs.donboscovolunteers.de\/mahatmaausreisemahatmakeine\/","name":"Mahatma Ausreise, Mahatma keine!","description":"Mein Jahr als Freiwillige in bisher nicht Indien","potentialAction":[{"@type":"SearchAction","target":{"@type":"EntryPoint","urlTemplate":"https:\/\/blogs.donboscovolunteers.de\/mahatmaausreisemahatmakeine\/?s={search_term_string}"},"query-input":{"@type":"PropertyValueSpecification","valueRequired":true,"valueName":"search_term_string"}}],"inLanguage":"de"}]}},"_links":{"self":[{"href":"https:\/\/blogs.donboscovolunteers.de\/mahatmaausreisemahatmakeine\/wp-json\/wp\/v2\/pages\/11","targetHints":{"allow":["GET"]}}],"collection":[{"href":"https:\/\/blogs.donboscovolunteers.de\/mahatmaausreisemahatmakeine\/wp-json\/wp\/v2\/pages"}],"about":[{"href":"https:\/\/blogs.donboscovolunteers.de\/mahatmaausreisemahatmakeine\/wp-json\/wp\/v2\/types\/page"}],"author":[{"embeddable":true,"href":"https:\/\/blogs.donboscovolunteers.de\/mahatmaausreisemahatmakeine\/wp-json\/wp\/v2\/users\/21691"}],"replies":[{"embeddable":true,"href":"https:\/\/blogs.donboscovolunteers.de\/mahatmaausreisemahatmakeine\/wp-json\/wp\/v2\/comments?post=11"}],"version-history":[{"count":4,"href":"https:\/\/blogs.donboscovolunteers.de\/mahatmaausreisemahatmakeine\/wp-json\/wp\/v2\/pages\/11\/revisions"}],"predecessor-version":[{"id":84,"href":"https:\/\/blogs.donboscovolunteers.de\/mahatmaausreisemahatmakeine\/wp-json\/wp\/v2\/pages\/11\/revisions\/84"}],"wp:attachment":[{"href":"https:\/\/blogs.donboscovolunteers.de\/mahatmaausreisemahatmakeine\/wp-json\/wp\/v2\/media?parent=11"}],"curies":[{"name":"wp","href":"https:\/\/api.w.org\/{rel}","templated":true}]}}