{"id":19,"date":"2023-07-25T19:25:57","date_gmt":"2023-07-25T17:25:57","guid":{"rendered":"https:\/\/blogs.donboscovolunteers.de\/lukasinmontenegro\/?page_id=19"},"modified":"2023-09-23T10:41:50","modified_gmt":"2023-09-23T08:41:50","slug":"spenden","status":"publish","type":"page","link":"https:\/\/blogs.donboscovolunteers.de\/lukasinmontenegro\/spenden\/","title":{"rendered":"Spenden"},"content":{"rendered":"<p>Die <a href=\"https:\/\/www.donboscovolunteers.de\/\"><strong>Don Bosco Volunteers<\/strong><\/a> sind Teil des <strong><a href=\"https:\/\/www.weltwaerts.de\/de\/startseite.html\">weltw\u00e4rts<\/a>-Programmes<\/strong>. Das hei\u00dft, das der <strong><a href=\"https:\/\/www.donboscovolunteers.de\/\">Freiwilligendienst<\/a><\/strong> zu <strong>75%<\/strong> vom Bundesministerium f\u00fcr wirtschaftliche Zusammenarbeit und Entwicklung (<strong>BMZ<\/strong>) gef\u00f6rdert wird. Die restlichen <strong>25%<\/strong> m\u00fcssen von der Entsendeorganisation und den Freiwilligen getragen werden. <\/p>\n\n\n\n<p>Damit auch in Zukunft noch Frewilligendienste mit den Don Bosco Volunteers m\u00f6glich sind, w\u00fcrde ich mich sehr \u00fcber Spenden freuen!<\/p>\n\n\n\n<p>Wenn ihr also meinen Freiwilligendienst und das Projekt in Podgorica unterst\u00fctzen wollt, k\u00f6nnt ihr gerne den folgenden Link verwenden oder direkt auf das Konto \u00fcberweisen:<\/p>\n\n\n\n<div class=\"wp-block-buttons is-content-justification-center is-layout-flex wp-container-core-buttons-is-layout-16018d1d wp-block-buttons-is-layout-flex\">\n<div class=\"wp-block-button\"><a class=\"wp-block-button__link wp-element-button\" href=\"https:\/\/www.donboscomission.de\/volontariat\/2023\/spenden\/lukasinmontenegro\">Hier Online Spenden!<\/a><\/div>\n<\/div>\n\n\n\n<h2 class=\"wp-block-heading\">Spendenkonto:<\/h2>\n\n\n\n<p><strong>DON BOSCO MISSION<\/strong><br>LIGA BANK M\u00dcNCHEN<\/p>\n\n\n\n<p><strong>IBAN: <\/strong>DE66 7509 0300 0102 1418 76<strong> <\/strong><br><strong>BIC: <\/strong>GENODEF1M05<\/p>\n\n\n\n<p><strong>VERWENDUNGSZWECK: Lukas Warsberg, <strong>S23VB018<\/strong><\/strong> (ggf. Name und Adresse f\u00fcr eine Spendenquittung)<\/p>","protected":false},"excerpt":{"rendered":"<p>Die <a href=\"https:\/\/www.donboscomission.de\/don-bosco\/\">Don Bosco<\/a> Volunteers sind Teil des weltw\u00e4rts-Programmes. Das hei\u00dft, das der <a href=\"https:\/\/www.donboscovolunteers.de\/\">Freiwilligendienst<\/a> zu 75% vom Bundesministerium f\u00fcr wirtschaftliche Zusammenarbeit und Entwicklung (BMZ) gef\u00f6rdert wird. Die restlichen 25% m\u00fcssen von der Entsendeorganisation und den Freiwilligen getragen werden. Damit auch in Zukunft noch Frewilligendienste mit den Don Bosco Volunteers m\u00f6glich sind, w\u00fcrde ich mich sehr \u00fcber [&hellip;]<\/p>\n","protected":false},"author":21770,"featured_media":0,"parent":0,"menu_order":0,"comment_status":"closed","ping_status":"closed","template":"","meta":{"footnotes":""},"class_list":["post-19","page","type-page","status-publish","hentry"],"yoast_head":"<!-- This site is optimized with the Yoast SEO plugin v25.3.1 - https:\/\/yoast.com\/wordpress\/plugins\/seo\/ -->\n<title>Spenden - Lukas bei den Fu\u00dfballern in Podgorica<\/title>\n<meta name=\"robots\" content=\"index, follow, max-snippet:-1, max-image-preview:large, max-video-preview:-1\" \/>\n<link rel=\"canonical\" href=\"https:\/\/blogs.donboscovolunteers.de\/lukasinmontenegro\/spenden\/\" \/>\n<meta property=\"og:locale\" content=\"de_DE\" \/>\n<meta property=\"og:type\" content=\"article\" \/>\n<meta property=\"og:title\" content=\"Spenden - Lukas bei den Fu\u00dfballern in Podgorica\" \/>\n<meta property=\"og:description\" content=\"Die Don Bosco Volunteers sind Teil des weltw\u00e4rts-Programmes. Das hei\u00dft, das der Freiwilligendienst zu 75% vom Bundesministerium f\u00fcr wirtschaftliche Zusammenarbeit und Entwicklung (BMZ) gef\u00f6rdert wird. Die restlichen 25% m\u00fcssen von der Entsendeorganisation und den Freiwilligen getragen werden. Damit auch in Zukunft noch Frewilligendienste mit den Don Bosco Volunteers m\u00f6glich sind, w\u00fcrde ich mich sehr \u00fcber [&hellip;]\" \/>\n<meta property=\"og:url\" content=\"https:\/\/blogs.donboscovolunteers.de\/lukasinmontenegro\/spenden\/\" \/>\n<meta property=\"og:site_name\" content=\"Lukas bei den Fu\u00dfballern in Podgorica\" \/>\n<meta property=\"article:modified_time\" content=\"2023-09-23T08:41:50+00:00\" \/>\n<meta name=\"twitter:card\" content=\"summary_large_image\" \/>\n<meta name=\"twitter:label1\" content=\"Gesch\u00e4tzte Lesezeit\" \/>\n\t<meta name=\"twitter:data1\" content=\"1\u00a0Minute\" \/>\n<script type=\"application\/ld+json\" class=\"yoast-schema-graph\">{\"@context\":\"https:\/\/schema.org\",\"@graph\":[{\"@type\":\"WebPage\",\"@id\":\"https:\/\/blogs.donboscovolunteers.de\/lukasinmontenegro\/spenden\/\",\"url\":\"https:\/\/blogs.donboscovolunteers.de\/lukasinmontenegro\/spenden\/\",\"name\":\"Spenden - Lukas bei den Fu\u00dfballern in Podgorica\",\"isPartOf\":{\"@id\":\"https:\/\/blogs.donboscovolunteers.de\/lukasinmontenegro\/#website\"},\"datePublished\":\"2023-07-25T17:25:57+00:00\",\"dateModified\":\"2023-09-23T08:41:50+00:00\",\"breadcrumb\":{\"@id\":\"https:\/\/blogs.donboscovolunteers.de\/lukasinmontenegro\/spenden\/#breadcrumb\"},\"inLanguage\":\"de\",\"potentialAction\":[{\"@type\":\"ReadAction\",\"target\":[\"https:\/\/blogs.donboscovolunteers.de\/lukasinmontenegro\/spenden\/\"]}]},{\"@type\":\"BreadcrumbList\",\"@id\":\"https:\/\/blogs.donboscovolunteers.de\/lukasinmontenegro\/spenden\/#breadcrumb\",\"itemListElement\":[{\"@type\":\"ListItem\",\"position\":1,\"name\":\"Startseite\",\"item\":\"https:\/\/blogs.donboscovolunteers.de\/lukasinmontenegro\/\"},{\"@type\":\"ListItem\",\"position\":2,\"name\":\"Spenden\"}]},{\"@type\":\"WebSite\",\"@id\":\"https:\/\/blogs.donboscovolunteers.de\/lukasinmontenegro\/#website\",\"url\":\"https:\/\/blogs.donboscovolunteers.de\/lukasinmontenegro\/\",\"name\":\"Lukas bei den Fu\u00dfballern in Podgorica\",\"description\":\"Meine Erfahrungen im Freiwilligendienst\",\"potentialAction\":[{\"@type\":\"SearchAction\",\"target\":{\"@type\":\"EntryPoint\",\"urlTemplate\":\"https:\/\/blogs.donboscovolunteers.de\/lukasinmontenegro\/?s={search_term_string}\"},\"query-input\":{\"@type\":\"PropertyValueSpecification\",\"valueRequired\":true,\"valueName\":\"search_term_string\"}}],\"inLanguage\":\"de\"}]}<\/script>\n<!-- \/ Yoast SEO plugin. -->","yoast_head_json":{"title":"Spenden - Lukas bei den Fu\u00dfballern in Podgorica","robots":{"index":"index","follow":"follow","max-snippet":"max-snippet:-1","max-image-preview":"max-image-preview:large","max-video-preview":"max-video-preview:-1"},"canonical":"https:\/\/blogs.donboscovolunteers.de\/lukasinmontenegro\/spenden\/","og_locale":"de_DE","og_type":"article","og_title":"Spenden - Lukas bei den Fu\u00dfballern in Podgorica","og_description":"Die Don Bosco Volunteers sind Teil des weltw\u00e4rts-Programmes. Das hei\u00dft, das der Freiwilligendienst zu 75% vom Bundesministerium f\u00fcr wirtschaftliche Zusammenarbeit und Entwicklung (BMZ) gef\u00f6rdert wird. Die restlichen 25% m\u00fcssen von der Entsendeorganisation und den Freiwilligen getragen werden. Damit auch in Zukunft noch Frewilligendienste mit den Don Bosco Volunteers m\u00f6glich sind, w\u00fcrde ich mich sehr \u00fcber [&hellip;]","og_url":"https:\/\/blogs.donboscovolunteers.de\/lukasinmontenegro\/spenden\/","og_site_name":"Lukas bei den Fu\u00dfballern in Podgorica","article_modified_time":"2023-09-23T08:41:50+00:00","twitter_card":"summary_large_image","twitter_misc":{"Gesch\u00e4tzte Lesezeit":"1\u00a0Minute"},"schema":{"@context":"https:\/\/schema.org","@graph":[{"@type":"WebPage","@id":"https:\/\/blogs.donboscovolunteers.de\/lukasinmontenegro\/spenden\/","url":"https:\/\/blogs.donboscovolunteers.de\/lukasinmontenegro\/spenden\/","name":"Spenden - Lukas bei den Fu\u00dfballern in Podgorica","isPartOf":{"@id":"https:\/\/blogs.donboscovolunteers.de\/lukasinmontenegro\/#website"},"datePublished":"2023-07-25T17:25:57+00:00","dateModified":"2023-09-23T08:41:50+00:00","breadcrumb":{"@id":"https:\/\/blogs.donboscovolunteers.de\/lukasinmontenegro\/spenden\/#breadcrumb"},"inLanguage":"de","potentialAction":[{"@type":"ReadAction","target":["https:\/\/blogs.donboscovolunteers.de\/lukasinmontenegro\/spenden\/"]}]},{"@type":"BreadcrumbList","@id":"https:\/\/blogs.donboscovolunteers.de\/lukasinmontenegro\/spenden\/#breadcrumb","itemListElement":[{"@type":"ListItem","position":1,"name":"Startseite","item":"https:\/\/blogs.donboscovolunteers.de\/lukasinmontenegro\/"},{"@type":"ListItem","position":2,"name":"Spenden"}]},{"@type":"WebSite","@id":"https:\/\/blogs.donboscovolunteers.de\/lukasinmontenegro\/#website","url":"https:\/\/blogs.donboscovolunteers.de\/lukasinmontenegro\/","name":"Lukas bei den Fu\u00dfballern in Podgorica","description":"Meine Erfahrungen im Freiwilligendienst","potentialAction":[{"@type":"SearchAction","target":{"@type":"EntryPoint","urlTemplate":"https:\/\/blogs.donboscovolunteers.de\/lukasinmontenegro\/?s={search_term_string}"},"query-input":{"@type":"PropertyValueSpecification","valueRequired":true,"valueName":"search_term_string"}}],"inLanguage":"de"}]}},"_links":{"self":[{"href":"https:\/\/blogs.donboscovolunteers.de\/lukasinmontenegro\/wp-json\/wp\/v2\/pages\/19","targetHints":{"allow":["GET"]}}],"collection":[{"href":"https:\/\/blogs.donboscovolunteers.de\/lukasinmontenegro\/wp-json\/wp\/v2\/pages"}],"about":[{"href":"https:\/\/blogs.donboscovolunteers.de\/lukasinmontenegro\/wp-json\/wp\/v2\/types\/page"}],"author":[{"embeddable":true,"href":"https:\/\/blogs.donboscovolunteers.de\/lukasinmontenegro\/wp-json\/wp\/v2\/users\/21770"}],"replies":[{"embeddable":true,"href":"https:\/\/blogs.donboscovolunteers.de\/lukasinmontenegro\/wp-json\/wp\/v2\/comments?post=19"}],"version-history":[{"count":9,"href":"https:\/\/blogs.donboscovolunteers.de\/lukasinmontenegro\/wp-json\/wp\/v2\/pages\/19\/revisions"}],"predecessor-version":[{"id":92,"href":"https:\/\/blogs.donboscovolunteers.de\/lukasinmontenegro\/wp-json\/wp\/v2\/pages\/19\/revisions\/92"}],"wp:attachment":[{"href":"https:\/\/blogs.donboscovolunteers.de\/lukasinmontenegro\/wp-json\/wp\/v2\/media?parent=19"}],"curies":[{"name":"wp","href":"https:\/\/api.w.org\/{rel}","templated":true}]}}

<p>Die <a href="https://www.donboscovolunteers.de/"><strong>Don Bosco Volunteers</strong></a> sind Teil des <strong><a href="https://www.weltwaerts.de/de/startseite.html">weltwärts</a>-Programmes</strong>. Das heißt, das der <strong><a href="https://www.donboscovolunteers.de/">Freiwilligendienst</a></strong> zu <strong>75%</strong> vom Bundesministerium für wirtschaftliche Zusammenarbeit und Entwicklung (<strong>BMZ</strong>) gefördert wird. Die restlichen <strong>25%</strong> müssen von der Entsendeorganisation und den Freiwilligen getragen werden. </p>



<p>Damit auch in Zukunft noch Frewilligendienste mit den Don Bosco Volunteers möglich sind, würde ich mich sehr über Spenden freuen!</p>



<p>Wenn ihr also meinen Freiwilligendienst und das Projekt in Podgorica unterstützen wollt, könnt ihr gerne den folgenden Link verwenden oder direkt auf das Konto überweisen:</p>



<div class="wp-block-buttons is-content-justification-center is-layout-flex wp-container-core-buttons-is-layout-16018d1d wp-block-buttons-is-layout-flex">
<div class="wp-block-button"><a class="wp-block-button__link wp-element-button" href="https://www.donboscomission.de/volontariat/2023/spenden/lukasinmontenegro">Hier Online Spenden!</a></div>
</div>



<h2 class="wp-block-heading">Spendenkonto:</h2>



<p><strong>DON BOSCO MISSION</strong><br>LIGA BANK MÜNCHEN</p>



<p><strong>IBAN: </strong>DE66 7509 0300 0102 1418 76<strong> </strong><br><strong>BIC: </strong>GENODEF1M05</p>



<p><strong>VERWENDUNGSZWECK: Lukas Warsberg, <strong>S23VB018</strong></strong> (ggf. Name und Adresse für eine Spendenquittung)</p>

<p>Die <a href="https://www.donboscomission.de/don-bosco/">Don Bosco</a> Volunteers sind Teil des weltwärts-Programmes. Das heißt, das der <a href="https://www.donboscovolunteers.de/">Freiwilligendienst</a> zu 75% vom Bundesministerium für wirtschaftliche Zusammenarbeit und Entwicklung (BMZ) gefördert wird. Die restlichen 25% müssen von der Entsendeorganisation und den Freiwilligen getragen werden. Damit auch in Zukunft noch Frewilligendienste mit den Don Bosco Volunteers möglich sind, würde ich mich sehr über [&hellip;]</p>

<!-- This site is optimized with the Yoast SEO plugin v25.3.1 - https://yoast.com/wordpress/plugins/seo/ -->
<title>Spenden - Lukas bei den Fußballern in Podgorica</title>
<meta name="robots" content="index, follow, max-snippet:-1, max-image-preview:large, max-video-preview:-1" />
<link rel="canonical" href="https://blogs.donboscovolunteers.de/lukasinmontenegro/spenden/" />
<meta property="og:locale" content="de_DE" />
<meta property="og:type" content="article" />
<meta property="og:title" content="Spenden - Lukas bei den Fußballern in Podgorica" />
<meta property="og:description" content="Die Don Bosco Volunteers sind Teil des weltwärts-Programmes. Das heißt, das der Freiwilligendienst zu 75% vom Bundesministerium für wirtschaftliche Zusammenarbeit und Entwicklung (BMZ) gefördert wird. Die restlichen 25% müssen von der Entsendeorganisation und den Freiwilligen getragen werden. Damit auch in Zukunft noch Frewilligendienste mit den Don Bosco Volunteers möglich sind, würde ich mich sehr über [&hellip;]" />
<meta property="og:url" content="https://blogs.donboscovolunteers.de/lukasinmontenegro/spenden/" />
<meta property="og:site_name" content="Lukas bei den Fußballern in Podgorica" />
<meta property="article:modified_time" content="2023-09-23T08:41:50+00:00" />
<meta name="twitter:card" content="summary_large_image" />
<meta name="twitter:label1" content="Geschätzte Lesezeit" />
	<meta name="twitter:data1" content="1 Minute" />
<script type="application/ld+json" class="yoast-schema-graph">{"@context":"https://schema.org","@graph":[{"@type":"WebPage","@id":"https://blogs.donboscovolunteers.de/lukasinmontenegro/spenden/","url":"https://blogs.donboscovolunteers.de/lukasinmontenegro/spenden/","name":"Spenden - Lukas bei den Fußballern in Podgorica","isPartOf":{"@id":"https://blogs.donboscovolunteers.de/lukasinmontenegro/#website"},"datePublished":"2023-07-25T17:25:57+00:00","dateModified":"2023-09-23T08:41:50+00:00","breadcrumb":{"@id":"https://blogs.donboscovolunteers.de/lukasinmontenegro/spenden/#breadcrumb"},"inLanguage":"de","potentialAction":[{"@type":"ReadAction","target":["https://blogs.donboscovolunteers.de/lukasinmontenegro/spenden/"]}]},{"@type":"BreadcrumbList","@id":"https://blogs.donboscovolunteers.de/lukasinmontenegro/spenden/#breadcrumb","itemListElement":[{"@type":"ListItem","position":1,"name":"Startseite","item":"https://blogs.donboscovolunteers.de/lukasinmontenegro/"},{"@type":"ListItem","position":2,"name":"Spenden"}]},{"@type":"WebSite","@id":"https://blogs.donboscovolunteers.de/lukasinmontenegro/#website","url":"https://blogs.donboscovolunteers.de/lukasinmontenegro/","name":"Lukas bei den Fußballern in Podgorica","description":"Meine Erfahrungen im Freiwilligendienst","potentialAction":[{"@type":"SearchAction","target":{"@type":"EntryPoint","urlTemplate":"https://blogs.donboscovolunteers.de/lukasinmontenegro/?s={search_term_string}"},"query-input":{"@type":"PropertyValueSpecification","valueRequired":true,"valueName":"search_term_string"}}],"inLanguage":"de"}]}</script>
<!-- / Yoast SEO plugin. -->

Spenden - Lukas bei den Fußballern in Podgorica

Die Don Bosco Volunteers sind Teil des weltwärts-Programmes. Das heißt, das der Freiwilligendienst zu 75% vom Bundesministerium für wirtschaftliche Zusammenarbeit und Entwicklung (BMZ) gefördert wird. Die restlichen 25% müssen von der Entsendeorganisation und den Freiwilligen getragen werden. Damit auch in Zukunft noch Frewilligendienste mit den Don Bosco Volunteers möglich sind, würde ich mich sehr über [&hellip;]

Lukas bei den Fußballern in Podgorica
