{"id":35,"date":"2023-09-09T11:31:36","date_gmt":"2023-09-09T09:31:36","guid":{"rendered":"https:\/\/blogs.donboscovolunteers.de\/kathiinruanda\/?page_id=35"},"modified":"2023-09-20T22:18:33","modified_gmt":"2023-09-20T20:18:33","slug":"das-bin-ich","status":"publish","type":"page","link":"https:\/\/blogs.donboscovolunteers.de\/kathiinruanda\/das-bin-ich\/","title":{"rendered":"Das bin ich:)"},"content":{"rendered":"<p>Muraho (so sagt man \u201ehallo\u201c in Ruanda) und herzlich Willkommen zu meinem Blog \u00fcber meinen Bundesfreiwilligendienst in Ruanda. Mein Name ist Katharina. Ich komme aus Essen, doch jetzt werde ich ein Jahr in Butare &#8211; Rango in Ruanda als Volont\u00e4rin mit <a href=\"https:\/\/www.donboscomission.de\/don-bosco\/\">Don Bosco<\/a> Volunteers verbringen. In diesem Blog werde ich von nun an regelm\u00e4\u00dfig Beitr\u00e4ge posten, in denen ich \u00fcber mein Leben hier berichte. Aber erst einmal m\u00f6chte ich mich gerne vorstellen:<\/p>\n\n\n\n<p>Wie schon gesagt, ich hei\u00dfe Katharina oder oft einfach nur Kathi. Ich bin gerade 18 Jahre alt geworden und lebe normalerweise zusammen mit meinen Eltern und meinem zwei Jahre \u00e4lteren Bruder in Essen. In meiner Freizeit mache ich gerne alle Arten von Sport, insbesondere schwimme ich viel, fahre Fahrrad, gehe joggen oder ins Fitnessstudio. Au\u00dferdem mag ich es zu lesen, zu reisen, zu kochen, zu backen und seit neuestem auch zu h\u00e4keln. Mit am liebsten unternehme ich aber was mit meiner Familie und Freunden, wobei ich das mit meinen Hobbys gerne kombiniere.&nbsp;<\/p>\n\n\n\n<figure class=\"wp-block-image size-large\"><img loading=\"lazy\" decoding=\"async\" width=\"1024\" height=\"692\" src=\"https:\/\/blogs.donboscovolunteers.de\/kathiinruanda\/wp-content\/uploads\/sites\/21685\/2023\/09\/2052EA9E-BB08-41EB-844D-C19B6C8122B3-1024x692.jpeg\" alt=\"\" class=\"wp-image-57\" srcset=\"https:\/\/blogs.donboscovolunteers.de\/kathiinruanda\/wp-content\/uploads\/sites\/21685\/2023\/09\/2052EA9E-BB08-41EB-844D-C19B6C8122B3-1024x692.jpeg 1024w, https:\/\/blogs.donboscovolunteers.de\/kathiinruanda\/wp-content\/uploads\/sites\/21685\/2023\/09\/2052EA9E-BB08-41EB-844D-C19B6C8122B3-300x203.jpeg 300w, https:\/\/blogs.donboscovolunteers.de\/kathiinruanda\/wp-content\/uploads\/sites\/21685\/2023\/09\/2052EA9E-BB08-41EB-844D-C19B6C8122B3-768x519.jpeg 768w, https:\/\/blogs.donboscovolunteers.de\/kathiinruanda\/wp-content\/uploads\/sites\/21685\/2023\/09\/2052EA9E-BB08-41EB-844D-C19B6C8122B3-900x608.jpeg 900w, https:\/\/blogs.donboscovolunteers.de\/kathiinruanda\/wp-content\/uploads\/sites\/21685\/2023\/09\/2052EA9E-BB08-41EB-844D-C19B6C8122B3.jpeg 1225w\" sizes=\"auto, (max-width: 1024px) 100vw, 1024px\" \/><figcaption class=\"wp-element-caption\">   Hier bin ich mit meiner Familie und meinen besten Freundinnen<\/figcaption><\/figure>\n\n\n\n<p>Gerade habe ich mein Abitur gemacht und beschlossen, ein Jahr Pause zu machen, bevor ich anfange zu studieren. Ein <a href=\"https:\/\/www.donboscovolunteers.de\/\">Freiwilligendienst<\/a> im Ausland hat mich schon immer interessiert, weshalb ich mich sehr freue, diesen Traum nun wahr werden lassen zu k\u00f6nnen. Da ich in Essen das Don Bosco-Gymnasium besucht habe, lag es nahe, meinen Freiwilligendienst mit der fast gleichnamigen Organisation Don Bosco-Volunteers anzutreten. Auf insgesamt drei Seminaren habe ich die anderen Volont\u00e4re kennengelernt und wir wurden intensiv auf unser Abenteuer vorbereitet. Gemeinsam mit meiner Mitvolont\u00e4rin Elisa werde ich ein Projekt in Rango in Ruanda unterst\u00fctzen.<\/p>\n\n\n\n<figure class=\"wp-block-image size-large\"><img loading=\"lazy\" decoding=\"async\" width=\"1024\" height=\"682\" src=\"https:\/\/blogs.donboscovolunteers.de\/kathiinruanda\/wp-content\/uploads\/sites\/21685\/2023\/09\/794D55BD-2D62-4B54-950D-4ABCBBF00E07-1024x682.jpeg\" alt=\"\" class=\"wp-image-46\" srcset=\"https:\/\/blogs.donboscovolunteers.de\/kathiinruanda\/wp-content\/uploads\/sites\/21685\/2023\/09\/794D55BD-2D62-4B54-950D-4ABCBBF00E07-1024x682.jpeg 1024w, https:\/\/blogs.donboscovolunteers.de\/kathiinruanda\/wp-content\/uploads\/sites\/21685\/2023\/09\/794D55BD-2D62-4B54-950D-4ABCBBF00E07-300x200.jpeg 300w, https:\/\/blogs.donboscovolunteers.de\/kathiinruanda\/wp-content\/uploads\/sites\/21685\/2023\/09\/794D55BD-2D62-4B54-950D-4ABCBBF00E07-768x512.jpeg 768w, https:\/\/blogs.donboscovolunteers.de\/kathiinruanda\/wp-content\/uploads\/sites\/21685\/2023\/09\/794D55BD-2D62-4B54-950D-4ABCBBF00E07-900x600.jpeg 900w, https:\/\/blogs.donboscovolunteers.de\/kathiinruanda\/wp-content\/uploads\/sites\/21685\/2023\/09\/794D55BD-2D62-4B54-950D-4ABCBBF00E07.jpeg 1280w\" sizes=\"auto, (max-width: 1024px) 100vw, 1024px\" \/><figcaption class=\"wp-element-caption\">    Links seht ihr mich mit meiner Mitvolont\u00e4rin Elisa und rechts uns Volont\u00e4re bei der Vorbereitung<\/figcaption><\/figure>\n\n\n\n<p>Dieser Blog bietet die M\u00f6glichkeit, euch an meinem Leben hier teilhaben zu lassen. Ich freue mich sehr, dass ihr ihn gefunden habt und hoffe, dass er euch gef\u00e4llt und ihr Spa\u00df beim Lesen habt!&nbsp;<\/p>\n\n\n\n<p>Ihr k\u00f6nnt auch gerne Elisas und meinem gemeinsamen Instagram-Account folgen, auf dem wir regelm\u00e4\u00dfig posten. Wenn ihr vom Block auf uns aufmerksam werdet, w\u00fcrden wir uns \u00fcber eine kleine Nachricht freuen: <a href=\"https:\/\/instagram.com\/ubuzimabwomurwanda?igshid=NGVhN2U2NjQ0Yg==\">https:\/\/instagram.com\/ubuzimabwomurwanda?igshid=NGVhN2U2NjQ0Yg==<\/a><\/p>\n\n\n\n<p><\/p>\n\n\n\n<p><\/p>","protected":false},"excerpt":{"rendered":"<p>Muraho (so sagt man \u201ehallo\u201c in Ruanda) und herzlich Willkommen zu meinem Blog \u00fcber meinen Bundesfreiwilligendienst in Ruanda. Mein Name ist Katharina. Ich komme aus Essen, doch jetzt werde ich ein Jahr in Butare &#8211; Rango in Ruanda als Volont\u00e4rin mit <a href=\"https:\/\/www.donboscomission.de\/don-bosco\/\">Don Bosco<\/a> Volunteers verbringen. In diesem Blog werde ich von nun an regelm\u00e4\u00dfig Beitr\u00e4ge [&hellip;]<\/p>\n","protected":false},"author":21805,"featured_media":0,"parent":0,"menu_order":0,"comment_status":"open","ping_status":"closed","template":"","meta":{"footnotes":""},"class_list":["post-35","page","type-page","status-publish","hentry"],"yoast_head":"<!-- This site is optimized with the Yoast SEO plugin v25.3.1 - https:\/\/yoast.com\/wordpress\/plugins\/seo\/ -->\n<title>Das bin ich:) - Kathi in Ruanda<\/title>\n<meta name=\"description\" content=\"Hier stelle ich mich und meinen Block aus Ruanda vor. Wenn euch dieser interessiert, dann klickt gerne hier!\" \/>\n<meta name=\"robots\" content=\"index, follow, max-snippet:-1, max-image-preview:large, max-video-preview:-1\" \/>\n<link rel=\"canonical\" href=\"https:\/\/blogs.donboscovolunteers.de\/kathiinruanda\/das-bin-ich\/\" \/>\n<meta property=\"og:locale\" content=\"de_DE\" \/>\n<meta property=\"og:type\" content=\"article\" \/>\n<meta property=\"og:title\" content=\"Das bin ich:) - Kathi in Ruanda\" \/>\n<meta property=\"og:description\" content=\"Hier stelle ich mich und meinen Block aus Ruanda vor. Wenn euch dieser interessiert, dann klickt gerne hier!\" \/>\n<meta property=\"og:url\" content=\"https:\/\/blogs.donboscovolunteers.de\/kathiinruanda\/das-bin-ich\/\" \/>\n<meta property=\"og:site_name\" content=\"Kathi in Ruanda\" \/>\n<meta property=\"article:modified_time\" content=\"2023-09-20T20:18:33+00:00\" \/>\n<meta property=\"og:image\" content=\"https:\/\/blogs.donboscovolunteers.de\/kathiinruanda\/wp-content\/uploads\/sites\/21685\/2023\/09\/2052EA9E-BB08-41EB-844D-C19B6C8122B3-1024x692.jpeg\" \/>\n<meta name=\"twitter:card\" content=\"summary_large_image\" \/>\n<meta name=\"twitter:label1\" content=\"Gesch\u00e4tzte Lesezeit\" \/>\n\t<meta name=\"twitter:data1\" content=\"2\u00a0Minuten\" \/>\n<script type=\"application\/ld+json\" class=\"yoast-schema-graph\">{\"@context\":\"https:\/\/schema.org\",\"@graph\":[{\"@type\":\"WebPage\",\"@id\":\"https:\/\/blogs.donboscovolunteers.de\/kathiinruanda\/das-bin-ich\/\",\"url\":\"https:\/\/blogs.donboscovolunteers.de\/kathiinruanda\/das-bin-ich\/\",\"name\":\"Das bin ich:) - Kathi in Ruanda\",\"isPartOf\":{\"@id\":\"https:\/\/blogs.donboscovolunteers.de\/kathiinruanda\/#website\"},\"primaryImageOfPage\":{\"@id\":\"https:\/\/blogs.donboscovolunteers.de\/kathiinruanda\/das-bin-ich\/#primaryimage\"},\"image\":{\"@id\":\"https:\/\/blogs.donboscovolunteers.de\/kathiinruanda\/das-bin-ich\/#primaryimage\"},\"thumbnailUrl\":\"https:\/\/blogs.donboscovolunteers.de\/kathiinruanda\/wp-content\/uploads\/sites\/21685\/2023\/09\/2052EA9E-BB08-41EB-844D-C19B6C8122B3-1024x692.jpeg\",\"datePublished\":\"2023-09-09T09:31:36+00:00\",\"dateModified\":\"2023-09-20T20:18:33+00:00\",\"description\":\"Hier stelle ich mich und meinen Block aus Ruanda vor. Wenn euch dieser interessiert, dann klickt gerne hier!\",\"breadcrumb\":{\"@id\":\"https:\/\/blogs.donboscovolunteers.de\/kathiinruanda\/das-bin-ich\/#breadcrumb\"},\"inLanguage\":\"de\",\"potentialAction\":[{\"@type\":\"ReadAction\",\"target\":[\"https:\/\/blogs.donboscovolunteers.de\/kathiinruanda\/das-bin-ich\/\"]}]},{\"@type\":\"ImageObject\",\"inLanguage\":\"de\",\"@id\":\"https:\/\/blogs.donboscovolunteers.de\/kathiinruanda\/das-bin-ich\/#primaryimage\",\"url\":\"https:\/\/blogs.donboscovolunteers.de\/kathiinruanda\/wp-content\/uploads\/sites\/21685\/2023\/09\/2052EA9E-BB08-41EB-844D-C19B6C8122B3.jpeg\",\"contentUrl\":\"https:\/\/blogs.donboscovolunteers.de\/kathiinruanda\/wp-content\/uploads\/sites\/21685\/2023\/09\/2052EA9E-BB08-41EB-844D-C19B6C8122B3.jpeg\",\"width\":1225,\"height\":828},{\"@type\":\"BreadcrumbList\",\"@id\":\"https:\/\/blogs.donboscovolunteers.de\/kathiinruanda\/das-bin-ich\/#breadcrumb\",\"itemListElement\":[{\"@type\":\"ListItem\",\"position\":1,\"name\":\"Startseite\",\"item\":\"https:\/\/blogs.donboscovolunteers.de\/kathiinruanda\/\"},{\"@type\":\"ListItem\",\"position\":2,\"name\":\"Das bin ich:)\"}]},{\"@type\":\"WebSite\",\"@id\":\"https:\/\/blogs.donboscovolunteers.de\/kathiinruanda\/#website\",\"url\":\"https:\/\/blogs.donboscovolunteers.de\/kathiinruanda\/\",\"name\":\"Kathi in Ruanda\",\"description\":\"\",\"potentialAction\":[{\"@type\":\"SearchAction\",\"target\":{\"@type\":\"EntryPoint\",\"urlTemplate\":\"https:\/\/blogs.donboscovolunteers.de\/kathiinruanda\/?s={search_term_string}\"},\"query-input\":{\"@type\":\"PropertyValueSpecification\",\"valueRequired\":true,\"valueName\":\"search_term_string\"}}],\"inLanguage\":\"de\"}]}<\/script>\n<!-- \/ Yoast SEO plugin. -->","yoast_head_json":{"title":"Das bin ich:) - Kathi in Ruanda","description":"Hier stelle ich mich und meinen Block aus Ruanda vor. Wenn euch dieser interessiert, dann klickt gerne hier!","robots":{"index":"index","follow":"follow","max-snippet":"max-snippet:-1","max-image-preview":"max-image-preview:large","max-video-preview":"max-video-preview:-1"},"canonical":"https:\/\/blogs.donboscovolunteers.de\/kathiinruanda\/das-bin-ich\/","og_locale":"de_DE","og_type":"article","og_title":"Das bin ich:) - Kathi in Ruanda","og_description":"Hier stelle ich mich und meinen Block aus Ruanda vor. Wenn euch dieser interessiert, dann klickt gerne hier!","og_url":"https:\/\/blogs.donboscovolunteers.de\/kathiinruanda\/das-bin-ich\/","og_site_name":"Kathi in Ruanda","article_modified_time":"2023-09-20T20:18:33+00:00","og_image":[{"url":"https:\/\/blogs.donboscovolunteers.de\/kathiinruanda\/wp-content\/uploads\/sites\/21685\/2023\/09\/2052EA9E-BB08-41EB-844D-C19B6C8122B3-1024x692.jpeg","type":"","width":"","height":""}],"twitter_card":"summary_large_image","twitter_misc":{"Gesch\u00e4tzte Lesezeit":"2\u00a0Minuten"},"schema":{"@context":"https:\/\/schema.org","@graph":[{"@type":"WebPage","@id":"https:\/\/blogs.donboscovolunteers.de\/kathiinruanda\/das-bin-ich\/","url":"https:\/\/blogs.donboscovolunteers.de\/kathiinruanda\/das-bin-ich\/","name":"Das bin ich:) - Kathi in Ruanda","isPartOf":{"@id":"https:\/\/blogs.donboscovolunteers.de\/kathiinruanda\/#website"},"primaryImageOfPage":{"@id":"https:\/\/blogs.donboscovolunteers.de\/kathiinruanda\/das-bin-ich\/#primaryimage"},"image":{"@id":"https:\/\/blogs.donboscovolunteers.de\/kathiinruanda\/das-bin-ich\/#primaryimage"},"thumbnailUrl":"https:\/\/blogs.donboscovolunteers.de\/kathiinruanda\/wp-content\/uploads\/sites\/21685\/2023\/09\/2052EA9E-BB08-41EB-844D-C19B6C8122B3-1024x692.jpeg","datePublished":"2023-09-09T09:31:36+00:00","dateModified":"2023-09-20T20:18:33+00:00","description":"Hier stelle ich mich und meinen Block aus Ruanda vor. Wenn euch dieser interessiert, dann klickt gerne hier!","breadcrumb":{"@id":"https:\/\/blogs.donboscovolunteers.de\/kathiinruanda\/das-bin-ich\/#breadcrumb"},"inLanguage":"de","potentialAction":[{"@type":"ReadAction","target":["https:\/\/blogs.donboscovolunteers.de\/kathiinruanda\/das-bin-ich\/"]}]},{"@type":"ImageObject","inLanguage":"de","@id":"https:\/\/blogs.donboscovolunteers.de\/kathiinruanda\/das-bin-ich\/#primaryimage","url":"https:\/\/blogs.donboscovolunteers.de\/kathiinruanda\/wp-content\/uploads\/sites\/21685\/2023\/09\/2052EA9E-BB08-41EB-844D-C19B6C8122B3.jpeg","contentUrl":"https:\/\/blogs.donboscovolunteers.de\/kathiinruanda\/wp-content\/uploads\/sites\/21685\/2023\/09\/2052EA9E-BB08-41EB-844D-C19B6C8122B3.jpeg","width":1225,"height":828},{"@type":"BreadcrumbList","@id":"https:\/\/blogs.donboscovolunteers.de\/kathiinruanda\/das-bin-ich\/#breadcrumb","itemListElement":[{"@type":"ListItem","position":1,"name":"Startseite","item":"https:\/\/blogs.donboscovolunteers.de\/kathiinruanda\/"},{"@type":"ListItem","position":2,"name":"Das bin ich:)"}]},{"@type":"WebSite","@id":"https:\/\/blogs.donboscovolunteers.de\/kathiinruanda\/#website","url":"https:\/\/blogs.donboscovolunteers.de\/kathiinruanda\/","name":"Kathi in Ruanda","description":"","potentialAction":[{"@type":"SearchAction","target":{"@type":"EntryPoint","urlTemplate":"https:\/\/blogs.donboscovolunteers.de\/kathiinruanda\/?s={search_term_string}"},"query-input":{"@type":"PropertyValueSpecification","valueRequired":true,"valueName":"search_term_string"}}],"inLanguage":"de"}]}},"_links":{"self":[{"href":"https:\/\/blogs.donboscovolunteers.de\/kathiinruanda\/wp-json\/wp\/v2\/pages\/35","targetHints":{"allow":["GET"]}}],"collection":[{"href":"https:\/\/blogs.donboscovolunteers.de\/kathiinruanda\/wp-json\/wp\/v2\/pages"}],"about":[{"href":"https:\/\/blogs.donboscovolunteers.de\/kathiinruanda\/wp-json\/wp\/v2\/types\/page"}],"author":[{"embeddable":true,"href":"https:\/\/blogs.donboscovolunteers.de\/kathiinruanda\/wp-json\/wp\/v2\/users\/21805"}],"replies":[{"embeddable":true,"href":"https:\/\/blogs.donboscovolunteers.de\/kathiinruanda\/wp-json\/wp\/v2\/comments?post=35"}],"version-history":[{"count":13,"href":"https:\/\/blogs.donboscovolunteers.de\/kathiinruanda\/wp-json\/wp\/v2\/pages\/35\/revisions"}],"predecessor-version":[{"id":72,"href":"https:\/\/blogs.donboscovolunteers.de\/kathiinruanda\/wp-json\/wp\/v2\/pages\/35\/revisions\/72"}],"wp:attachment":[{"href":"https:\/\/blogs.donboscovolunteers.de\/kathiinruanda\/wp-json\/wp\/v2\/media?parent=35"}],"curies":[{"name":"wp","href":"https:\/\/api.w.org\/{rel}","templated":true}]}}