{"id":17,"date":"2019-09-13T11:38:54","date_gmt":"2019-09-13T09:38:54","guid":{"rendered":"https:\/\/blogs.donboscovolunteers.de\/katharinainsambia\/?page_id=17"},"modified":"2019-09-13T14:31:27","modified_gmt":"2019-09-13T12:31:27","slug":"das-bin-ich","status":"publish","type":"page","link":"https:\/\/blogs.donboscovolunteers.de\/katharinainsambia\/das-bin-ich\/","title":{"rendered":"Das bin ich."},"content":{"rendered":"<div class=\"wp-block-image\"><figure class=\"aligncenter is-resized\"><img loading=\"lazy\" decoding=\"async\" src=\"https:\/\/blogs.donboscovolunteers.de\/katharinainsambia\/wp-content\/uploads\/sites\/21608\/2019\/09\/IMG-20190519-WA0001-2-1024x911.jpg\" alt=\"\" class=\"wp-image-29\" width=\"405\" height=\"359\" srcset=\"https:\/\/blogs.donboscovolunteers.de\/katharinainsambia\/wp-content\/uploads\/sites\/21608\/2019\/09\/IMG-20190519-WA0001-2-1024x911.jpg 1024w, https:\/\/blogs.donboscovolunteers.de\/katharinainsambia\/wp-content\/uploads\/sites\/21608\/2019\/09\/IMG-20190519-WA0001-2-300x267.jpg 300w, https:\/\/blogs.donboscovolunteers.de\/katharinainsambia\/wp-content\/uploads\/sites\/21608\/2019\/09\/IMG-20190519-WA0001-2-768x683.jpg 768w, https:\/\/blogs.donboscovolunteers.de\/katharinainsambia\/wp-content\/uploads\/sites\/21608\/2019\/09\/IMG-20190519-WA0001-2.jpg 1200w\" sizes=\"auto, (max-width: 405px) 100vw, 405px\" \/><\/figure><\/div>\n\n\n\n<p><strong>Moin<\/strong>,<\/p>\n\n\n\n<p>ich bin Katharina, geb\u00fcrtige Hessin\naus der sch\u00f6nen Kleinstadt Wetzlar (vielleicht bekannt in Verbindung\nmit Goethe, Buderus, Leica?) die sich das \u201eMoin\u201c aus ihrer Zeit\nin Kiel behalten hat. Dort hat es mich n\u00e4mlich vor etwa 7 Jahren\nf\u00fcr&#8217;s Studium hin verschlagen. Genau, anders als die meisten meiner\nMitvolunt\u00e4re habe ich nicht gerade erst die Schule abgeschlossen\nsondern war die  letzten 2 Jahre, mit einer  Unterbrechung f\u00fcr die\nBefriedigung meines Fernwehs und meiner Sehnsucht nach Afrika,\nbereits als Sozialp\u00e4dagogin t\u00e4tig. \n<\/p>\n\n\n\n<p>Ich dachte immer dass ein\n<a href=\"https:\/\/www.donboscovolunteers.de\/\">Freiwilligendienst<\/a> nur nach der Schule m\u00f6glich sei. Es war also\nkeine schwere Entscheidung als ich heraus fand dass dies nicht stimmt\nund ich ihn mit meinen 26Jahren ebenso absolvieren kann.<\/p>\n\n\n\n<p><strong>Was meine Motivation ist?  <\/strong><\/p>\n\n\n\n<p>Wie bereits erw\u00e4hnt treibt mich das Fernweh immer mal wieder weit weg von zu Hause. Ich bin sehr interessiert an anderen Kulturen und Lebensweisen und finde dass dies bei uns z.B. in der Schule h\u00e4ufig zu kurz kommt. Daher glaube ich dass solch ein Jahr im Ausland eine unglaubliche Chance f\u00fcr interkulturellen Austausch auf beiden Seiten ist.  <\/p>\n\n\n\n<p>Hinzu kommt die Arbeit mit Kindern und\nJugendlichen und wie sich Sozialp\u00e4dagogik au\u00dferhalb Deutschlands\ndarstellt. Daher ist es nat\u00fcrlich toll in einer Organisation t\u00e4tig\nzu sein hinter der auch noch eine P\u00e4dagogik steckt. \n<\/p>\n\n\n\n<p>Ansonsten spiele ich Klavier, Tanze gerne mal eine Nacht durch, widme mich hin und wieder der Kunst und verbringe gerne Zeit mit Freunden.<\/p>\n\n\n\n<p><strong>\u00dcber Fragen, Kommentare und Anmerkungen freue ich mich immer!<\/strong><\/p>\n\n\n\n<p>Bis dahin freue ich mich wenn ihr mich\nauf meiner Reise begleitet.<\/p>\n\n\n\n<p>Eure Katharina<\/p>","protected":false},"excerpt":{"rendered":"<p>Moin, ich bin Katharina, geb\u00fcrtige Hessin aus der sch\u00f6nen Kleinstadt Wetzlar (vielleicht bekannt in Verbindung mit Goethe, Buderus, Leica?) die sich das \u201eMoin\u201c aus ihrer Zeit in Kiel behalten hat. Dort hat es mich n\u00e4mlich vor etwa 7 Jahren f\u00fcr&#8217;s Studium hin verschlagen. Genau, anders als die meisten meiner Mitvolunt\u00e4re habe ich nicht gerade erst [&hellip;]<\/p>\n","protected":false},"author":21669,"featured_media":0,"parent":0,"menu_order":0,"comment_status":"closed","ping_status":"closed","template":"","meta":{"footnotes":""},"class_list":["post-17","page","type-page","status-publish","hentry"],"yoast_head":"<!-- This site is optimized with the Yoast SEO plugin v25.3.1 - https:\/\/yoast.com\/wordpress\/plugins\/seo\/ -->\n<title>Das bin ich. - Ein Jahr in Mansa, Sambia.<\/title>\n<meta name=\"robots\" content=\"index, follow, max-snippet:-1, max-image-preview:large, max-video-preview:-1\" \/>\n<link rel=\"canonical\" href=\"https:\/\/blogs.donboscovolunteers.de\/katharinainsambia\/das-bin-ich\/\" \/>\n<meta property=\"og:locale\" content=\"de_DE\" \/>\n<meta property=\"og:type\" content=\"article\" \/>\n<meta property=\"og:title\" content=\"Das bin ich. - Ein Jahr in Mansa, Sambia.\" \/>\n<meta property=\"og:description\" content=\"Moin, ich bin Katharina, geb\u00fcrtige Hessin aus der sch\u00f6nen Kleinstadt Wetzlar (vielleicht bekannt in Verbindung mit Goethe, Buderus, Leica?) die sich das \u201eMoin\u201c aus ihrer Zeit in Kiel behalten hat. Dort hat es mich n\u00e4mlich vor etwa 7 Jahren f\u00fcr&#8217;s Studium hin verschlagen. Genau, anders als die meisten meiner Mitvolunt\u00e4re habe ich nicht gerade erst [&hellip;]\" \/>\n<meta property=\"og:url\" content=\"https:\/\/blogs.donboscovolunteers.de\/katharinainsambia\/das-bin-ich\/\" \/>\n<meta property=\"og:site_name\" content=\"Ein Jahr in Mansa, Sambia.\" \/>\n<meta property=\"article:modified_time\" content=\"2019-09-13T12:31:27+00:00\" \/>\n<meta property=\"og:image\" content=\"https:\/\/blogs.donboscovolunteers.de\/katharinainsambia\/wp-content\/uploads\/sites\/21608\/2019\/09\/IMG-20190519-WA0001-2-1024x911.jpg\" \/>\n<meta name=\"twitter:card\" content=\"summary_large_image\" \/>\n<meta name=\"twitter:label1\" content=\"Gesch\u00e4tzte Lesezeit\" \/>\n\t<meta name=\"twitter:data1\" content=\"1\u00a0Minute\" \/>\n<script type=\"application\/ld+json\" class=\"yoast-schema-graph\">{\"@context\":\"https:\/\/schema.org\",\"@graph\":[{\"@type\":\"WebPage\",\"@id\":\"https:\/\/blogs.donboscovolunteers.de\/katharinainsambia\/das-bin-ich\/\",\"url\":\"https:\/\/blogs.donboscovolunteers.de\/katharinainsambia\/das-bin-ich\/\",\"name\":\"Das bin ich. - Ein Jahr in Mansa, Sambia.\",\"isPartOf\":{\"@id\":\"https:\/\/blogs.donboscovolunteers.de\/katharinainsambia\/#website\"},\"primaryImageOfPage\":{\"@id\":\"https:\/\/blogs.donboscovolunteers.de\/katharinainsambia\/das-bin-ich\/#primaryimage\"},\"image\":{\"@id\":\"https:\/\/blogs.donboscovolunteers.de\/katharinainsambia\/das-bin-ich\/#primaryimage\"},\"thumbnailUrl\":\"https:\/\/blogs.donboscovolunteers.de\/katharinainsambia\/wp-content\/uploads\/sites\/21608\/2019\/09\/IMG-20190519-WA0001-2-1024x911.jpg\",\"datePublished\":\"2019-09-13T09:38:54+00:00\",\"dateModified\":\"2019-09-13T12:31:27+00:00\",\"breadcrumb\":{\"@id\":\"https:\/\/blogs.donboscovolunteers.de\/katharinainsambia\/das-bin-ich\/#breadcrumb\"},\"inLanguage\":\"de\",\"potentialAction\":[{\"@type\":\"ReadAction\",\"target\":[\"https:\/\/blogs.donboscovolunteers.de\/katharinainsambia\/das-bin-ich\/\"]}]},{\"@type\":\"ImageObject\",\"inLanguage\":\"de\",\"@id\":\"https:\/\/blogs.donboscovolunteers.de\/katharinainsambia\/das-bin-ich\/#primaryimage\",\"url\":\"https:\/\/blogs.donboscovolunteers.de\/katharinainsambia\/wp-content\/uploads\/sites\/21608\/2019\/09\/IMG-20190519-WA0001-2.jpg\",\"contentUrl\":\"https:\/\/blogs.donboscovolunteers.de\/katharinainsambia\/wp-content\/uploads\/sites\/21608\/2019\/09\/IMG-20190519-WA0001-2.jpg\",\"width\":1200,\"height\":1067},{\"@type\":\"BreadcrumbList\",\"@id\":\"https:\/\/blogs.donboscovolunteers.de\/katharinainsambia\/das-bin-ich\/#breadcrumb\",\"itemListElement\":[{\"@type\":\"ListItem\",\"position\":1,\"name\":\"Startseite\",\"item\":\"https:\/\/blogs.donboscovolunteers.de\/katharinainsambia\/\"},{\"@type\":\"ListItem\",\"position\":2,\"name\":\"Das bin ich.\"}]},{\"@type\":\"WebSite\",\"@id\":\"https:\/\/blogs.donboscovolunteers.de\/katharinainsambia\/#website\",\"url\":\"https:\/\/blogs.donboscovolunteers.de\/katharinainsambia\/\",\"name\":\"Ein Jahr in Mansa, Sambia.\",\"description\":\"&quot;Wenn du mutig genug bist &#039;Lebewohl&#039; zu sagen, wird das Leben dich mit einem neuen &#039;Hallo&#039; belohnen.&quot; (Paulo Coelho)\",\"potentialAction\":[{\"@type\":\"SearchAction\",\"target\":{\"@type\":\"EntryPoint\",\"urlTemplate\":\"https:\/\/blogs.donboscovolunteers.de\/katharinainsambia\/?s={search_term_string}\"},\"query-input\":{\"@type\":\"PropertyValueSpecification\",\"valueRequired\":true,\"valueName\":\"search_term_string\"}}],\"inLanguage\":\"de\"}]}<\/script>\n<!-- \/ Yoast SEO plugin. -->","yoast_head_json":{"title":"Das bin ich. - Ein Jahr in Mansa, Sambia.","robots":{"index":"index","follow":"follow","max-snippet":"max-snippet:-1","max-image-preview":"max-image-preview:large","max-video-preview":"max-video-preview:-1"},"canonical":"https:\/\/blogs.donboscovolunteers.de\/katharinainsambia\/das-bin-ich\/","og_locale":"de_DE","og_type":"article","og_title":"Das bin ich. - Ein Jahr in Mansa, Sambia.","og_description":"Moin, ich bin Katharina, geb\u00fcrtige Hessin aus der sch\u00f6nen Kleinstadt Wetzlar (vielleicht bekannt in Verbindung mit Goethe, Buderus, Leica?) die sich das \u201eMoin\u201c aus ihrer Zeit in Kiel behalten hat. Dort hat es mich n\u00e4mlich vor etwa 7 Jahren f\u00fcr&#8217;s Studium hin verschlagen. Genau, anders als die meisten meiner Mitvolunt\u00e4re habe ich nicht gerade erst [&hellip;]","og_url":"https:\/\/blogs.donboscovolunteers.de\/katharinainsambia\/das-bin-ich\/","og_site_name":"Ein Jahr in Mansa, Sambia.","article_modified_time":"2019-09-13T12:31:27+00:00","og_image":[{"url":"https:\/\/blogs.donboscovolunteers.de\/katharinainsambia\/wp-content\/uploads\/sites\/21608\/2019\/09\/IMG-20190519-WA0001-2-1024x911.jpg","type":"","width":"","height":""}],"twitter_card":"summary_large_image","twitter_misc":{"Gesch\u00e4tzte Lesezeit":"1\u00a0Minute"},"schema":{"@context":"https:\/\/schema.org","@graph":[{"@type":"WebPage","@id":"https:\/\/blogs.donboscovolunteers.de\/katharinainsambia\/das-bin-ich\/","url":"https:\/\/blogs.donboscovolunteers.de\/katharinainsambia\/das-bin-ich\/","name":"Das bin ich. - Ein Jahr in Mansa, Sambia.","isPartOf":{"@id":"https:\/\/blogs.donboscovolunteers.de\/katharinainsambia\/#website"},"primaryImageOfPage":{"@id":"https:\/\/blogs.donboscovolunteers.de\/katharinainsambia\/das-bin-ich\/#primaryimage"},"image":{"@id":"https:\/\/blogs.donboscovolunteers.de\/katharinainsambia\/das-bin-ich\/#primaryimage"},"thumbnailUrl":"https:\/\/blogs.donboscovolunteers.de\/katharinainsambia\/wp-content\/uploads\/sites\/21608\/2019\/09\/IMG-20190519-WA0001-2-1024x911.jpg","datePublished":"2019-09-13T09:38:54+00:00","dateModified":"2019-09-13T12:31:27+00:00","breadcrumb":{"@id":"https:\/\/blogs.donboscovolunteers.de\/katharinainsambia\/das-bin-ich\/#breadcrumb"},"inLanguage":"de","potentialAction":[{"@type":"ReadAction","target":["https:\/\/blogs.donboscovolunteers.de\/katharinainsambia\/das-bin-ich\/"]}]},{"@type":"ImageObject","inLanguage":"de","@id":"https:\/\/blogs.donboscovolunteers.de\/katharinainsambia\/das-bin-ich\/#primaryimage","url":"https:\/\/blogs.donboscovolunteers.de\/katharinainsambia\/wp-content\/uploads\/sites\/21608\/2019\/09\/IMG-20190519-WA0001-2.jpg","contentUrl":"https:\/\/blogs.donboscovolunteers.de\/katharinainsambia\/wp-content\/uploads\/sites\/21608\/2019\/09\/IMG-20190519-WA0001-2.jpg","width":1200,"height":1067},{"@type":"BreadcrumbList","@id":"https:\/\/blogs.donboscovolunteers.de\/katharinainsambia\/das-bin-ich\/#breadcrumb","itemListElement":[{"@type":"ListItem","position":1,"name":"Startseite","item":"https:\/\/blogs.donboscovolunteers.de\/katharinainsambia\/"},{"@type":"ListItem","position":2,"name":"Das bin ich."}]},{"@type":"WebSite","@id":"https:\/\/blogs.donboscovolunteers.de\/katharinainsambia\/#website","url":"https:\/\/blogs.donboscovolunteers.de\/katharinainsambia\/","name":"Ein Jahr in Mansa, Sambia.","description":"&quot;Wenn du mutig genug bist &#039;Lebewohl&#039; zu sagen, wird das Leben dich mit einem neuen &#039;Hallo&#039; belohnen.&quot; (Paulo Coelho)","potentialAction":[{"@type":"SearchAction","target":{"@type":"EntryPoint","urlTemplate":"https:\/\/blogs.donboscovolunteers.de\/katharinainsambia\/?s={search_term_string}"},"query-input":{"@type":"PropertyValueSpecification","valueRequired":true,"valueName":"search_term_string"}}],"inLanguage":"de"}]}},"_links":{"self":[{"href":"https:\/\/blogs.donboscovolunteers.de\/katharinainsambia\/wp-json\/wp\/v2\/pages\/17","targetHints":{"allow":["GET"]}}],"collection":[{"href":"https:\/\/blogs.donboscovolunteers.de\/katharinainsambia\/wp-json\/wp\/v2\/pages"}],"about":[{"href":"https:\/\/blogs.donboscovolunteers.de\/katharinainsambia\/wp-json\/wp\/v2\/types\/page"}],"author":[{"embeddable":true,"href":"https:\/\/blogs.donboscovolunteers.de\/katharinainsambia\/wp-json\/wp\/v2\/users\/21669"}],"replies":[{"embeddable":true,"href":"https:\/\/blogs.donboscovolunteers.de\/katharinainsambia\/wp-json\/wp\/v2\/comments?post=17"}],"version-history":[{"count":4,"href":"https:\/\/blogs.donboscovolunteers.de\/katharinainsambia\/wp-json\/wp\/v2\/pages\/17\/revisions"}],"predecessor-version":[{"id":34,"href":"https:\/\/blogs.donboscovolunteers.de\/katharinainsambia\/wp-json\/wp\/v2\/pages\/17\/revisions\/34"}],"wp:attachment":[{"href":"https:\/\/blogs.donboscovolunteers.de\/katharinainsambia\/wp-json\/wp\/v2\/media?parent=17"}],"curies":[{"name":"wp","href":"https:\/\/api.w.org\/{rel}","templated":true}]}}