{"id":85,"date":"2020-11-30T01:48:27","date_gmt":"2020-11-30T00:48:27","guid":{"rendered":"https:\/\/blogs.donboscovolunteers.de\/josiasimausland\/?page_id=85"},"modified":"2020-12-03T23:35:25","modified_gmt":"2020-12-03T22:35:25","slug":"santiago-del-estero","status":"publish","type":"page","link":"https:\/\/blogs.donboscovolunteers.de\/josiasimausland\/santiago-del-estero\/","title":{"rendered":"Santiago del Estero"},"content":{"rendered":"<p>Das ist der Ort, in dem ich mein Auslandsjahr verbracht h\u00e4tte\/ verbringen werde. Peinlicherweise dachte ich bis vor Kurzem, er l\u00e4ge in der Gegend la Pampa in Argentinien (ich habe allen erz\u00e4hlt, ich ginge in die Pampa), aber das stimmt anscheinend gar nicht. Santiago del Estero liegt deutlich weiter n\u00f6rdlich, nahe der bolivianischen Grenze. Der Beschreibungen nach zu urteilen ist die Landschaft dennoch \u00e4hnlich karg, wie wir es uns in der Pampa vorstellen. Santiago del Estero ist eine Stadt mit etwa 250 000 Einwohnern, der gleichnamige Bundesstaat jedoch ist kaum besiedelt. <\/p>\n\n\n\n<h4 class=\"wp-block-heading\">Was ich dort machen werde<\/h4>\n\n\n\n<p>Ich k\u00f6nnte den folgenden Text nat\u00fcrlich auch im Konjunktiv schreiben, aber ehrlich gesagt will ich meine Hoffnung auf eine Ausreise noch nicht aufgeben.<\/p>\n\n\n\n<figure class=\"wp-block-image size-large\"><img loading=\"lazy\" decoding=\"async\" width=\"1024\" height=\"768\" src=\"https:\/\/blogs.donboscovolunteers.de\/josiasimausland\/wp-content\/uploads\/sites\/21629\/2020\/12\/WhatsApp-Image-2020-12-03-at-23.29.50-1024x768.jpeg\" alt=\"\" class=\"wp-image-107\" srcset=\"https:\/\/blogs.donboscovolunteers.de\/josiasimausland\/wp-content\/uploads\/sites\/21629\/2020\/12\/WhatsApp-Image-2020-12-03-at-23.29.50-1024x768.jpeg 1024w, https:\/\/blogs.donboscovolunteers.de\/josiasimausland\/wp-content\/uploads\/sites\/21629\/2020\/12\/WhatsApp-Image-2020-12-03-at-23.29.50-300x225.jpeg 300w, https:\/\/blogs.donboscovolunteers.de\/josiasimausland\/wp-content\/uploads\/sites\/21629\/2020\/12\/WhatsApp-Image-2020-12-03-at-23.29.50-768x576.jpeg 768w, https:\/\/blogs.donboscovolunteers.de\/josiasimausland\/wp-content\/uploads\/sites\/21629\/2020\/12\/WhatsApp-Image-2020-12-03-at-23.29.50-900x675.jpeg 900w, https:\/\/blogs.donboscovolunteers.de\/josiasimausland\/wp-content\/uploads\/sites\/21629\/2020\/12\/WhatsApp-Image-2020-12-03-at-23.29.50.jpeg 1280w\" sizes=\"auto, (max-width: 1024px) 100vw, 1024px\" \/><figcaption>Auf dem Sportplatz des Internats (Bild meiner Vorg\u00e4ngerin)<\/figcaption><\/figure>\n\n\n\n<p>In Santiago del Estero bin ich in einem Jungsinternat f\u00fcr Kinder und Jugendliche aus der Umgebung. Prim\u00e4r leben hier Kinder, die vom Land kommen und f\u00fcr die der Schulweg schlichtweg zu weit w\u00e4re. Mit ihnen lerne ich, mache Hausaufgabe und verbringe Freizeit, meistens wahrscheinlich auf dem Fu\u00dfballplatz (gut, dass mein Fu\u00dfballerherz auch so gro\u00df ist). Andere Kinder und Jugendliche kommen regelm\u00e4\u00dfig ebenfalls in die Einrichtung und es werden gemeinsam Spiele gespielt. <\/p>\n\n\n\n<p>Das sind die Infos, die ich von Vorg\u00e4nger*innen bekommen habe. Wie es letztendlich wirklich sein wird, wei\u00df wohl niemand. Aber gespannt bin ich allemal! Also lasst uns die Daumen dr\u00fccken, dass das mit meiner Ausreise doch noch irgendwie klappt!<\/p>","protected":false},"excerpt":{"rendered":"<p>Das ist der Ort, in dem ich mein Auslandsjahr verbracht h\u00e4tte\/ verbringen werde. Peinlicherweise dachte ich bis vor Kurzem, er l\u00e4ge in der Gegend la Pampa in Argentinien (ich habe allen erz\u00e4hlt, ich ginge in die Pampa), aber das stimmt anscheinend gar nicht. Santiago del Estero liegt deutlich weiter n\u00f6rdlich, nahe der bolivianischen Grenze. Der [&hellip;]<\/p>\n","protected":false},"author":21694,"featured_media":0,"parent":0,"menu_order":0,"comment_status":"closed","ping_status":"closed","template":"","meta":{"footnotes":""},"class_list":["post-85","page","type-page","status-publish","hentry"],"yoast_head":"<!-- This site is optimized with the Yoast SEO plugin v25.3.1 - https:\/\/yoast.com\/wordpress\/plugins\/seo\/ -->\n<title>Santiago del Estero - Josias im Ausland<\/title>\n<meta name=\"robots\" content=\"index, follow, max-snippet:-1, max-image-preview:large, max-video-preview:-1\" \/>\n<link rel=\"canonical\" href=\"https:\/\/blogs.donboscovolunteers.de\/josiasimausland\/santiago-del-estero\/\" \/>\n<meta property=\"og:locale\" content=\"de_DE\" \/>\n<meta property=\"og:type\" content=\"article\" \/>\n<meta property=\"og:title\" content=\"Santiago del Estero - Josias im Ausland\" \/>\n<meta property=\"og:description\" content=\"Das ist der Ort, in dem ich mein Auslandsjahr verbracht h\u00e4tte\/ verbringen werde. Peinlicherweise dachte ich bis vor Kurzem, er l\u00e4ge in der Gegend la Pampa in Argentinien (ich habe allen erz\u00e4hlt, ich ginge in die Pampa), aber das stimmt anscheinend gar nicht. Santiago del Estero liegt deutlich weiter n\u00f6rdlich, nahe der bolivianischen Grenze. Der [&hellip;]\" \/>\n<meta property=\"og:url\" content=\"https:\/\/blogs.donboscovolunteers.de\/josiasimausland\/santiago-del-estero\/\" \/>\n<meta property=\"og:site_name\" content=\"Josias im Ausland\" \/>\n<meta property=\"article:modified_time\" content=\"2020-12-03T22:35:25+00:00\" \/>\n<meta property=\"og:image\" content=\"https:\/\/blogs.donboscovolunteers.de\/josiasimausland\/wp-content\/uploads\/sites\/21629\/2020\/12\/WhatsApp-Image-2020-12-03-at-23.29.50-1024x768.jpeg\" \/>\n<meta name=\"twitter:card\" content=\"summary_large_image\" \/>\n<meta name=\"twitter:label1\" content=\"Gesch\u00e4tzte Lesezeit\" \/>\n\t<meta name=\"twitter:data1\" content=\"1\u00a0Minute\" \/>\n<script type=\"application\/ld+json\" class=\"yoast-schema-graph\">{\"@context\":\"https:\/\/schema.org\",\"@graph\":[{\"@type\":\"WebPage\",\"@id\":\"https:\/\/blogs.donboscovolunteers.de\/josiasimausland\/santiago-del-estero\/\",\"url\":\"https:\/\/blogs.donboscovolunteers.de\/josiasimausland\/santiago-del-estero\/\",\"name\":\"Santiago del Estero - Josias im Ausland\",\"isPartOf\":{\"@id\":\"https:\/\/blogs.donboscovolunteers.de\/josiasimausland\/#website\"},\"primaryImageOfPage\":{\"@id\":\"https:\/\/blogs.donboscovolunteers.de\/josiasimausland\/santiago-del-estero\/#primaryimage\"},\"image\":{\"@id\":\"https:\/\/blogs.donboscovolunteers.de\/josiasimausland\/santiago-del-estero\/#primaryimage\"},\"thumbnailUrl\":\"https:\/\/blogs.donboscovolunteers.de\/josiasimausland\/wp-content\/uploads\/sites\/21629\/2020\/12\/WhatsApp-Image-2020-12-03-at-23.29.50-1024x768.jpeg\",\"datePublished\":\"2020-11-30T00:48:27+00:00\",\"dateModified\":\"2020-12-03T22:35:25+00:00\",\"breadcrumb\":{\"@id\":\"https:\/\/blogs.donboscovolunteers.de\/josiasimausland\/santiago-del-estero\/#breadcrumb\"},\"inLanguage\":\"de\",\"potentialAction\":[{\"@type\":\"ReadAction\",\"target\":[\"https:\/\/blogs.donboscovolunteers.de\/josiasimausland\/santiago-del-estero\/\"]}]},{\"@type\":\"ImageObject\",\"inLanguage\":\"de\",\"@id\":\"https:\/\/blogs.donboscovolunteers.de\/josiasimausland\/santiago-del-estero\/#primaryimage\",\"url\":\"https:\/\/blogs.donboscovolunteers.de\/josiasimausland\/wp-content\/uploads\/sites\/21629\/2020\/12\/WhatsApp-Image-2020-12-03-at-23.29.50-1024x768.jpeg\",\"contentUrl\":\"https:\/\/blogs.donboscovolunteers.de\/josiasimausland\/wp-content\/uploads\/sites\/21629\/2020\/12\/WhatsApp-Image-2020-12-03-at-23.29.50-1024x768.jpeg\"},{\"@type\":\"BreadcrumbList\",\"@id\":\"https:\/\/blogs.donboscovolunteers.de\/josiasimausland\/santiago-del-estero\/#breadcrumb\",\"itemListElement\":[{\"@type\":\"ListItem\",\"position\":1,\"name\":\"Startseite\",\"item\":\"https:\/\/blogs.donboscovolunteers.de\/josiasimausland\/\"},{\"@type\":\"ListItem\",\"position\":2,\"name\":\"Santiago del Estero\"}]},{\"@type\":\"WebSite\",\"@id\":\"https:\/\/blogs.donboscovolunteers.de\/josiasimausland\/#website\",\"url\":\"https:\/\/blogs.donboscovolunteers.de\/josiasimausland\/\",\"name\":\"Josias im Ausland\",\"description\":\"Oberbayern statt &quot;Pampa&quot;\",\"potentialAction\":[{\"@type\":\"SearchAction\",\"target\":{\"@type\":\"EntryPoint\",\"urlTemplate\":\"https:\/\/blogs.donboscovolunteers.de\/josiasimausland\/?s={search_term_string}\"},\"query-input\":{\"@type\":\"PropertyValueSpecification\",\"valueRequired\":true,\"valueName\":\"search_term_string\"}}],\"inLanguage\":\"de\"}]}<\/script>\n<!-- \/ Yoast SEO plugin. -->","yoast_head_json":{"title":"Santiago del Estero - Josias im Ausland","robots":{"index":"index","follow":"follow","max-snippet":"max-snippet:-1","max-image-preview":"max-image-preview:large","max-video-preview":"max-video-preview:-1"},"canonical":"https:\/\/blogs.donboscovolunteers.de\/josiasimausland\/santiago-del-estero\/","og_locale":"de_DE","og_type":"article","og_title":"Santiago del Estero - Josias im Ausland","og_description":"Das ist der Ort, in dem ich mein Auslandsjahr verbracht h\u00e4tte\/ verbringen werde. Peinlicherweise dachte ich bis vor Kurzem, er l\u00e4ge in der Gegend la Pampa in Argentinien (ich habe allen erz\u00e4hlt, ich ginge in die Pampa), aber das stimmt anscheinend gar nicht. Santiago del Estero liegt deutlich weiter n\u00f6rdlich, nahe der bolivianischen Grenze. Der [&hellip;]","og_url":"https:\/\/blogs.donboscovolunteers.de\/josiasimausland\/santiago-del-estero\/","og_site_name":"Josias im Ausland","article_modified_time":"2020-12-03T22:35:25+00:00","og_image":[{"url":"https:\/\/blogs.donboscovolunteers.de\/josiasimausland\/wp-content\/uploads\/sites\/21629\/2020\/12\/WhatsApp-Image-2020-12-03-at-23.29.50-1024x768.jpeg","type":"","width":"","height":""}],"twitter_card":"summary_large_image","twitter_misc":{"Gesch\u00e4tzte Lesezeit":"1\u00a0Minute"},"schema":{"@context":"https:\/\/schema.org","@graph":[{"@type":"WebPage","@id":"https:\/\/blogs.donboscovolunteers.de\/josiasimausland\/santiago-del-estero\/","url":"https:\/\/blogs.donboscovolunteers.de\/josiasimausland\/santiago-del-estero\/","name":"Santiago del Estero - Josias im Ausland","isPartOf":{"@id":"https:\/\/blogs.donboscovolunteers.de\/josiasimausland\/#website"},"primaryImageOfPage":{"@id":"https:\/\/blogs.donboscovolunteers.de\/josiasimausland\/santiago-del-estero\/#primaryimage"},"image":{"@id":"https:\/\/blogs.donboscovolunteers.de\/josiasimausland\/santiago-del-estero\/#primaryimage"},"thumbnailUrl":"https:\/\/blogs.donboscovolunteers.de\/josiasimausland\/wp-content\/uploads\/sites\/21629\/2020\/12\/WhatsApp-Image-2020-12-03-at-23.29.50-1024x768.jpeg","datePublished":"2020-11-30T00:48:27+00:00","dateModified":"2020-12-03T22:35:25+00:00","breadcrumb":{"@id":"https:\/\/blogs.donboscovolunteers.de\/josiasimausland\/santiago-del-estero\/#breadcrumb"},"inLanguage":"de","potentialAction":[{"@type":"ReadAction","target":["https:\/\/blogs.donboscovolunteers.de\/josiasimausland\/santiago-del-estero\/"]}]},{"@type":"ImageObject","inLanguage":"de","@id":"https:\/\/blogs.donboscovolunteers.de\/josiasimausland\/santiago-del-estero\/#primaryimage","url":"https:\/\/blogs.donboscovolunteers.de\/josiasimausland\/wp-content\/uploads\/sites\/21629\/2020\/12\/WhatsApp-Image-2020-12-03-at-23.29.50-1024x768.jpeg","contentUrl":"https:\/\/blogs.donboscovolunteers.de\/josiasimausland\/wp-content\/uploads\/sites\/21629\/2020\/12\/WhatsApp-Image-2020-12-03-at-23.29.50-1024x768.jpeg"},{"@type":"BreadcrumbList","@id":"https:\/\/blogs.donboscovolunteers.de\/josiasimausland\/santiago-del-estero\/#breadcrumb","itemListElement":[{"@type":"ListItem","position":1,"name":"Startseite","item":"https:\/\/blogs.donboscovolunteers.de\/josiasimausland\/"},{"@type":"ListItem","position":2,"name":"Santiago del Estero"}]},{"@type":"WebSite","@id":"https:\/\/blogs.donboscovolunteers.de\/josiasimausland\/#website","url":"https:\/\/blogs.donboscovolunteers.de\/josiasimausland\/","name":"Josias im Ausland","description":"Oberbayern statt &quot;Pampa&quot;","potentialAction":[{"@type":"SearchAction","target":{"@type":"EntryPoint","urlTemplate":"https:\/\/blogs.donboscovolunteers.de\/josiasimausland\/?s={search_term_string}"},"query-input":{"@type":"PropertyValueSpecification","valueRequired":true,"valueName":"search_term_string"}}],"inLanguage":"de"}]}},"_links":{"self":[{"href":"https:\/\/blogs.donboscovolunteers.de\/josiasimausland\/wp-json\/wp\/v2\/pages\/85","targetHints":{"allow":["GET"]}}],"collection":[{"href":"https:\/\/blogs.donboscovolunteers.de\/josiasimausland\/wp-json\/wp\/v2\/pages"}],"about":[{"href":"https:\/\/blogs.donboscovolunteers.de\/josiasimausland\/wp-json\/wp\/v2\/types\/page"}],"author":[{"embeddable":true,"href":"https:\/\/blogs.donboscovolunteers.de\/josiasimausland\/wp-json\/wp\/v2\/users\/21694"}],"replies":[{"embeddable":true,"href":"https:\/\/blogs.donboscovolunteers.de\/josiasimausland\/wp-json\/wp\/v2\/comments?post=85"}],"version-history":[{"count":3,"href":"https:\/\/blogs.donboscovolunteers.de\/josiasimausland\/wp-json\/wp\/v2\/pages\/85\/revisions"}],"predecessor-version":[{"id":108,"href":"https:\/\/blogs.donboscovolunteers.de\/josiasimausland\/wp-json\/wp\/v2\/pages\/85\/revisions\/108"}],"wp:attachment":[{"href":"https:\/\/blogs.donboscovolunteers.de\/josiasimausland\/wp-json\/wp\/v2\/media?parent=85"}],"curies":[{"name":"wp","href":"https:\/\/api.w.org\/{rel}","templated":true}]}}