{"id":2,"date":"2020-11-17T16:08:56","date_gmt":"2020-11-17T15:08:56","guid":{"rendered":"https:\/\/blogs.donboscovolunteers.de\/josiasimausland\/?page_id=2"},"modified":"2020-11-28T22:26:13","modified_gmt":"2020-11-28T21:26:13","slug":"beispiel-seite","status":"publish","type":"page","link":"https:\/\/blogs.donboscovolunteers.de\/josiasimausland\/beispiel-seite\/","title":{"rendered":"\u00dcber mich"},"content":{"rendered":"<h4 class=\"wp-block-heading\">Hallo Ihr da drau\u00dfen!<\/h4>\n\n\n\n<p>Ich bin Josias Grube, einer der Auslandsfreiwilligen 2020\/21. Ja, einer von denen, bei denen das Wort Ausland irgendwie nicht so richtig passt. Obwohl, irgendwie dann doch, aber dazu mehr in einem anderen Blogeintrag. Ich komme aus dem sch\u00f6nen Freiburg und habe dort meine Kind- und Schulzeit verbracht. Meine ersten Schritte, Einschulung, Abi und der ganze Rest; ist alles dort passiert. Doch mir war eigentlich schon immer klar, dass Freiburg so sch\u00f6n ist, dass ich auch mal wegkommen muss von dort. Sonst kann man ja gar nicht sch\u00e4tzen, was man hat. Au\u00dferdem wollte ich schon immer neue und interessante Menschen und Orte kennenlernen, man hat ja schlie\u00dflich nur ein Leben. Diesen Menschen dann auch noch zu helfen, ist nat\u00fcrlich super cool. So kam ich zu der Idee eines Auslandsfreiwilligendiensts. Dass ich dann bei <a href=\"https:\/\/www.donboscomission.de\/don-bosco\/\">Don Bosco<\/a> gelandet bin, war f\u00fcr mich eine gl\u00fcckliche F\u00fcgung des Schicksals, weil ich trotz der schwierigen Situation meinen <a href=\"https:\/\/www.donboscovolunteers.de\/\">Freiwilligendienst<\/a> absolvieren darf. <\/p>\n\n\n\n<h4 class=\"wp-block-heading\">Und jetzt wirklich \u00fcber mich<\/h4>\n\n\n\n<p>Ich spiele Fu\u00dfball, Theater, Klavier und Klarinette im Orchester. Ich lese viel, gehe gerne joggen und leide als klassische Nachteule an chronischer M\u00fcdigkeit. Ansonsten bin ich immer dabei, wenn es um neue Pl\u00e4ne oder Projekte geht, sei es ein Spendenlauf f\u00fcr die Schule oder ein gro\u00dfer Harry-Potter-Marathon. Mit Kindern spielen, bei den Hausaufgaben helfen, mit gefl\u00fcchteten Kindern deutsch lernen, Nachhilfe geben, Aktionen mit Kindern und Jugendlichen gestalten; all das macht mir unglaublich viel Spa\u00df! Deshalb hat es mich das Motto Don Boscos &#8222;damit das Leben junger Menschen gelingt&#8220; gleich begeistert. Ich bin sehr gespannt, wie sich das kommende Jahr gestaltet. Corona schr\u00e4nkt zwar Vieles ein, er\u00f6ffnet aber ganz neue Perspektiven!<\/p>\n\n\n<p><!--EndFragment--><\/p>","protected":false},"excerpt":{"rendered":"<p>Hallo Ihr da drau\u00dfen! Ich bin Josias Grube, einer der Auslandsfreiwilligen 2020\/21. Ja, einer von denen, bei denen das Wort Ausland irgendwie nicht so richtig passt. Obwohl, irgendwie dann doch, aber dazu mehr in einem anderen Blogeintrag. Ich komme aus dem sch\u00f6nen Freiburg und habe dort meine Kind- und Schulzeit verbracht. Meine ersten Schritte, Einschulung, [&hellip;]<\/p>\n","protected":false},"author":21694,"featured_media":0,"parent":0,"menu_order":0,"comment_status":"closed","ping_status":"open","template":"","meta":{"footnotes":""},"class_list":["post-2","page","type-page","status-publish","hentry"],"yoast_head":"<!-- This site is optimized with the Yoast SEO plugin v25.3.1 - https:\/\/yoast.com\/wordpress\/plugins\/seo\/ -->\n<title>\u00dcber mich - Josias im Ausland<\/title>\n<meta name=\"robots\" content=\"index, follow, max-snippet:-1, max-image-preview:large, max-video-preview:-1\" \/>\n<link rel=\"canonical\" href=\"https:\/\/blogs.donboscovolunteers.de\/josiasimausland\/beispiel-seite\/\" \/>\n<meta property=\"og:locale\" content=\"de_DE\" \/>\n<meta property=\"og:type\" content=\"article\" \/>\n<meta property=\"og:title\" content=\"\u00dcber mich - Josias im Ausland\" \/>\n<meta property=\"og:description\" content=\"Hallo Ihr da drau\u00dfen! Ich bin Josias Grube, einer der Auslandsfreiwilligen 2020\/21. Ja, einer von denen, bei denen das Wort Ausland irgendwie nicht so richtig passt. Obwohl, irgendwie dann doch, aber dazu mehr in einem anderen Blogeintrag. Ich komme aus dem sch\u00f6nen Freiburg und habe dort meine Kind- und Schulzeit verbracht. Meine ersten Schritte, Einschulung, [&hellip;]\" \/>\n<meta property=\"og:url\" content=\"https:\/\/blogs.donboscovolunteers.de\/josiasimausland\/beispiel-seite\/\" \/>\n<meta property=\"og:site_name\" content=\"Josias im Ausland\" \/>\n<meta property=\"article:modified_time\" content=\"2020-11-28T21:26:13+00:00\" \/>\n<meta name=\"twitter:card\" content=\"summary_large_image\" \/>\n<meta name=\"twitter:label1\" content=\"Gesch\u00e4tzte Lesezeit\" \/>\n\t<meta name=\"twitter:data1\" content=\"1\u00a0Minute\" \/>\n<script type=\"application\/ld+json\" class=\"yoast-schema-graph\">{\"@context\":\"https:\/\/schema.org\",\"@graph\":[{\"@type\":\"WebPage\",\"@id\":\"https:\/\/blogs.donboscovolunteers.de\/josiasimausland\/beispiel-seite\/\",\"url\":\"https:\/\/blogs.donboscovolunteers.de\/josiasimausland\/beispiel-seite\/\",\"name\":\"\u00dcber mich - Josias im Ausland\",\"isPartOf\":{\"@id\":\"https:\/\/blogs.donboscovolunteers.de\/josiasimausland\/#website\"},\"datePublished\":\"2020-11-17T15:08:56+00:00\",\"dateModified\":\"2020-11-28T21:26:13+00:00\",\"breadcrumb\":{\"@id\":\"https:\/\/blogs.donboscovolunteers.de\/josiasimausland\/beispiel-seite\/#breadcrumb\"},\"inLanguage\":\"de\",\"potentialAction\":[{\"@type\":\"ReadAction\",\"target\":[\"https:\/\/blogs.donboscovolunteers.de\/josiasimausland\/beispiel-seite\/\"]}]},{\"@type\":\"BreadcrumbList\",\"@id\":\"https:\/\/blogs.donboscovolunteers.de\/josiasimausland\/beispiel-seite\/#breadcrumb\",\"itemListElement\":[{\"@type\":\"ListItem\",\"position\":1,\"name\":\"Startseite\",\"item\":\"https:\/\/blogs.donboscovolunteers.de\/josiasimausland\/\"},{\"@type\":\"ListItem\",\"position\":2,\"name\":\"\u00dcber mich\"}]},{\"@type\":\"WebSite\",\"@id\":\"https:\/\/blogs.donboscovolunteers.de\/josiasimausland\/#website\",\"url\":\"https:\/\/blogs.donboscovolunteers.de\/josiasimausland\/\",\"name\":\"Josias im Ausland\",\"description\":\"Oberbayern statt &quot;Pampa&quot;\",\"potentialAction\":[{\"@type\":\"SearchAction\",\"target\":{\"@type\":\"EntryPoint\",\"urlTemplate\":\"https:\/\/blogs.donboscovolunteers.de\/josiasimausland\/?s={search_term_string}\"},\"query-input\":{\"@type\":\"PropertyValueSpecification\",\"valueRequired\":true,\"valueName\":\"search_term_string\"}}],\"inLanguage\":\"de\"}]}<\/script>\n<!-- \/ Yoast SEO plugin. -->","yoast_head_json":{"title":"\u00dcber mich - Josias im Ausland","robots":{"index":"index","follow":"follow","max-snippet":"max-snippet:-1","max-image-preview":"max-image-preview:large","max-video-preview":"max-video-preview:-1"},"canonical":"https:\/\/blogs.donboscovolunteers.de\/josiasimausland\/beispiel-seite\/","og_locale":"de_DE","og_type":"article","og_title":"\u00dcber mich - Josias im Ausland","og_description":"Hallo Ihr da drau\u00dfen! Ich bin Josias Grube, einer der Auslandsfreiwilligen 2020\/21. Ja, einer von denen, bei denen das Wort Ausland irgendwie nicht so richtig passt. Obwohl, irgendwie dann doch, aber dazu mehr in einem anderen Blogeintrag. Ich komme aus dem sch\u00f6nen Freiburg und habe dort meine Kind- und Schulzeit verbracht. Meine ersten Schritte, Einschulung, [&hellip;]","og_url":"https:\/\/blogs.donboscovolunteers.de\/josiasimausland\/beispiel-seite\/","og_site_name":"Josias im Ausland","article_modified_time":"2020-11-28T21:26:13+00:00","twitter_card":"summary_large_image","twitter_misc":{"Gesch\u00e4tzte Lesezeit":"1\u00a0Minute"},"schema":{"@context":"https:\/\/schema.org","@graph":[{"@type":"WebPage","@id":"https:\/\/blogs.donboscovolunteers.de\/josiasimausland\/beispiel-seite\/","url":"https:\/\/blogs.donboscovolunteers.de\/josiasimausland\/beispiel-seite\/","name":"\u00dcber mich - Josias im Ausland","isPartOf":{"@id":"https:\/\/blogs.donboscovolunteers.de\/josiasimausland\/#website"},"datePublished":"2020-11-17T15:08:56+00:00","dateModified":"2020-11-28T21:26:13+00:00","breadcrumb":{"@id":"https:\/\/blogs.donboscovolunteers.de\/josiasimausland\/beispiel-seite\/#breadcrumb"},"inLanguage":"de","potentialAction":[{"@type":"ReadAction","target":["https:\/\/blogs.donboscovolunteers.de\/josiasimausland\/beispiel-seite\/"]}]},{"@type":"BreadcrumbList","@id":"https:\/\/blogs.donboscovolunteers.de\/josiasimausland\/beispiel-seite\/#breadcrumb","itemListElement":[{"@type":"ListItem","position":1,"name":"Startseite","item":"https:\/\/blogs.donboscovolunteers.de\/josiasimausland\/"},{"@type":"ListItem","position":2,"name":"\u00dcber mich"}]},{"@type":"WebSite","@id":"https:\/\/blogs.donboscovolunteers.de\/josiasimausland\/#website","url":"https:\/\/blogs.donboscovolunteers.de\/josiasimausland\/","name":"Josias im Ausland","description":"Oberbayern statt &quot;Pampa&quot;","potentialAction":[{"@type":"SearchAction","target":{"@type":"EntryPoint","urlTemplate":"https:\/\/blogs.donboscovolunteers.de\/josiasimausland\/?s={search_term_string}"},"query-input":{"@type":"PropertyValueSpecification","valueRequired":true,"valueName":"search_term_string"}}],"inLanguage":"de"}]}},"_links":{"self":[{"href":"https:\/\/blogs.donboscovolunteers.de\/josiasimausland\/wp-json\/wp\/v2\/pages\/2","targetHints":{"allow":["GET"]}}],"collection":[{"href":"https:\/\/blogs.donboscovolunteers.de\/josiasimausland\/wp-json\/wp\/v2\/pages"}],"about":[{"href":"https:\/\/blogs.donboscovolunteers.de\/josiasimausland\/wp-json\/wp\/v2\/types\/page"}],"author":[{"embeddable":true,"href":"https:\/\/blogs.donboscovolunteers.de\/josiasimausland\/wp-json\/wp\/v2\/users\/21694"}],"replies":[{"embeddable":true,"href":"https:\/\/blogs.donboscovolunteers.de\/josiasimausland\/wp-json\/wp\/v2\/comments?post=2"}],"version-history":[{"count":3,"href":"https:\/\/blogs.donboscovolunteers.de\/josiasimausland\/wp-json\/wp\/v2\/pages\/2\/revisions"}],"predecessor-version":[{"id":83,"href":"https:\/\/blogs.donboscovolunteers.de\/josiasimausland\/wp-json\/wp\/v2\/pages\/2\/revisions\/83"}],"wp:attachment":[{"href":"https:\/\/blogs.donboscovolunteers.de\/josiasimausland\/wp-json\/wp\/v2\/media?parent=2"}],"curies":[{"name":"wp","href":"https:\/\/api.w.org\/{rel}","templated":true}]}}