{"id":75,"date":"2024-08-24T10:56:25","date_gmt":"2024-08-24T08:56:25","guid":{"rendered":"https:\/\/blogs.donboscovolunteers.de\/johannainkolumbien\/?page_id=75"},"modified":"2024-09-10T13:23:18","modified_gmt":"2024-09-10T11:23:18","slug":"das-bin-ich","status":"publish","type":"page","link":"https:\/\/blogs.donboscovolunteers.de\/johannainkolumbien\/das-bin-ich\/","title":{"rendered":"Das bin ich :)"},"content":{"rendered":"<p class=\"has-text-align-center\"><\/p>\n\n\n\n<h2 class=\"wp-block-heading\">!Bienvenidos und herzlich willkommen auf meinem Blogkanal!<\/h2>\n\n\n\n<p>Ich bin Johanna, 20Jahre alt und wohne im Moment noch in Dresden. In nicht einmal mehr einer Woche, um genau zu sein am 6.September, startet f\u00fcr mich h\u00f6chstwahrscheinlich eines der gr\u00f6\u00dften Abenteuer meines Lebens, mein <a href=\"https:\/\/www.donboscovolunteers.de\/\">Freiwilligendienst<\/a> in Medellin (Kolumbien).<\/p>\n\n\n\n<figure class=\"wp-block-gallery has-nested-images columns-default is-cropped wp-block-gallery-1 is-layout-flex wp-block-gallery-is-layout-flex\">\n<figure class=\"wp-block-image size-large\"><img loading=\"lazy\" decoding=\"async\" width=\"1008\" height=\"1024\" data-id=\"123\" src=\"https:\/\/blogs.donboscovolunteers.de\/johannainkolumbien\/wp-content\/uploads\/sites\/21705\/2024\/09\/20240316_084209_2-2-1008x1024.jpg\" alt=\"\" class=\"wp-image-123\" srcset=\"https:\/\/blogs.donboscovolunteers.de\/johannainkolumbien\/wp-content\/uploads\/sites\/21705\/2024\/09\/20240316_084209_2-2-1008x1024.jpg 1008w, https:\/\/blogs.donboscovolunteers.de\/johannainkolumbien\/wp-content\/uploads\/sites\/21705\/2024\/09\/20240316_084209_2-2-295x300.jpg 295w, https:\/\/blogs.donboscovolunteers.de\/johannainkolumbien\/wp-content\/uploads\/sites\/21705\/2024\/09\/20240316_084209_2-2-768x780.jpg 768w, https:\/\/blogs.donboscovolunteers.de\/johannainkolumbien\/wp-content\/uploads\/sites\/21705\/2024\/09\/20240316_084209_2-2-88x88.jpg 88w, https:\/\/blogs.donboscovolunteers.de\/johannainkolumbien\/wp-content\/uploads\/sites\/21705\/2024\/09\/20240316_084209_2-2-900x914.jpg 900w, https:\/\/blogs.donboscovolunteers.de\/johannainkolumbien\/wp-content\/uploads\/sites\/21705\/2024\/09\/20240316_084209_2-2.jpg 1260w\" sizes=\"auto, (max-width: 1008px) 100vw, 1008px\" \/><\/figure>\n<\/figure>\n\n\n\n<p>Den Wunsch einen Freiwilligendienst in S\u00fcdamerika zu machen, habe ich schon eine sehr lange Zeit. So richtig ausgepr\u00e4gt wurde dieser durch mein Ehrenamt im Ausl\u00e4nderrat in Dresden. Meine zweij\u00e4hrige Bildungspatenschaft mit einem tschetschenischen M\u00e4dchen und generell der Kontakt zu Menschen mit Migrationshintergrund haben meine Neugierde f\u00fcr andere Kulturen ziemlich gewegt.<br>Umso mehr freue ich mich das ich mir nun den Wunsch mithilfe der Organisation \u201e<a href=\"https:\/\/www.donboscomission.de\/don-bosco\/\">Don Bosco<\/a> Volunteers\u201c erf\u00fcllen kann.<\/p>\n\n\n\n<p>Meine Freizeit verbringen ich am liebsten drau\u00dfen in der Natur mit ganz verschiedenen Dingen. Ich spiele super gern mit Freunden Volleyball, mache gern Yoga, geh gern joggen oder wandern. Ansonsten verliere ich mich zu gern in dicken B\u00fcchern oder in selbst geschrieben poetischen Texten, die vllt auch hier einen Platz finden werden;)<br>Ach ja, meine neuste Obsession ist das Torten backen geworden. Da haben mein Bruderherz &amp; meine lieben Mitbewohnis auch zu gern von profitiert. <\/p>\n\n\n\n<div class=\"wp-block-group is-nowrap is-layout-flex wp-container-core-group-is-layout-ad2f72ca wp-block-group-is-layout-flex\">\n<figure class=\"wp-block-gallery has-nested-images columns-default is-cropped wp-block-gallery-2 is-layout-flex wp-block-gallery-is-layout-flex\"><div class=\"wp-block-image\">\n<figure class=\"aligncenter size-large\"><img loading=\"lazy\" decoding=\"async\" width=\"589\" height=\"1024\" data-id=\"125\" src=\"https:\/\/blogs.donboscovolunteers.de\/johannainkolumbien\/wp-content\/uploads\/sites\/21705\/2024\/09\/IMG-20230710-WA0024-589x1024.jpg\" alt=\"\" class=\"wp-image-125\" srcset=\"https:\/\/blogs.donboscovolunteers.de\/johannainkolumbien\/wp-content\/uploads\/sites\/21705\/2024\/09\/IMG-20230710-WA0024-589x1024.jpg 589w, https:\/\/blogs.donboscovolunteers.de\/johannainkolumbien\/wp-content\/uploads\/sites\/21705\/2024\/09\/IMG-20230710-WA0024-173x300.jpg 173w, https:\/\/blogs.donboscovolunteers.de\/johannainkolumbien\/wp-content\/uploads\/sites\/21705\/2024\/09\/IMG-20230710-WA0024.jpg 736w\" sizes=\"auto, (max-width: 589px) 100vw, 589px\" \/><\/figure>\n<\/div><\/figure>\n\n\n\n<figure class=\"wp-block-gallery has-nested-images columns-default is-cropped wp-block-gallery-3 is-layout-flex wp-block-gallery-is-layout-flex\">\n<figure class=\"wp-block-image size-large\"><img loading=\"lazy\" decoding=\"async\" width=\"768\" height=\"1024\" data-id=\"126\" src=\"https:\/\/blogs.donboscovolunteers.de\/johannainkolumbien\/wp-content\/uploads\/sites\/21705\/2024\/09\/IMG-20240614-WA0009-768x1024.jpg\" alt=\"\" class=\"wp-image-126\" srcset=\"https:\/\/blogs.donboscovolunteers.de\/johannainkolumbien\/wp-content\/uploads\/sites\/21705\/2024\/09\/IMG-20240614-WA0009-768x1024.jpg 768w, https:\/\/blogs.donboscovolunteers.de\/johannainkolumbien\/wp-content\/uploads\/sites\/21705\/2024\/09\/IMG-20240614-WA0009-225x300.jpg 225w, https:\/\/blogs.donboscovolunteers.de\/johannainkolumbien\/wp-content\/uploads\/sites\/21705\/2024\/09\/IMG-20240614-WA0009-900x1200.jpg 900w, https:\/\/blogs.donboscovolunteers.de\/johannainkolumbien\/wp-content\/uploads\/sites\/21705\/2024\/09\/IMG-20240614-WA0009.jpg 960w\" sizes=\"auto, (max-width: 768px) 100vw, 768px\" \/><\/figure>\n<\/figure>\n<\/div>\n\n\n\n<p>In Gesellschaft hab ich in den letzten Jahren super gern das Dresdener Stadtleben in vollen Z\u00fcgen genossen (kann ich \u00fcbrigens sehr empfehlen;) )<br>H\u00e4ufig hat es mich auf Konzerte, Ausstellungen, Flohm\u00e4rkte oder in Caf\u00e9s &amp; Bars gezogen.<br>To be honest ein bisschen schmerzt es schon meine Zeit in Dresden hier an dieser Stelle vorerst beenden zu m\u00fcssen. Meine Zeit in Dresden werde ich immer in sch\u00f6nen Erinnerungen behalten.<\/p>\n\n\n\n<p>Nichtsdestotrotz freue mich riesig auf das Bevorstehende!<\/p>","protected":false},"excerpt":{"rendered":"<p>!Bienvenidos und herzlich willkommen auf meinem Blogkanal! Ich bin Johanna, 20Jahre alt und wohne im Moment noch in Dresden. In nicht einmal mehr einer Woche, um genau zu sein am 6.September, startet f\u00fcr mich h\u00f6chstwahrscheinlich eines der gr\u00f6\u00dften Abenteuer meines Lebens, mein <a href=\"https:\/\/www.donboscovolunteers.de\/\">Freiwilligendienst<\/a> in Medellin (Kolumbien). Den Wunsch einen Freiwilligendienst in S\u00fcdamerika zu machen, habe [&hellip;]<\/p>\n","protected":false},"author":21820,"featured_media":0,"parent":0,"menu_order":0,"comment_status":"closed","ping_status":"closed","template":"","meta":{"footnotes":""},"class_list":["post-75","page","type-page","status-publish","hentry"],"yoast_head":"<!-- This site is optimized with the Yoast SEO plugin v25.3.1 - https:\/\/yoast.com\/wordpress\/plugins\/seo\/ -->\n<title>Das bin ich :) - Johanna in Kolumbien<\/title>\n<meta name=\"robots\" content=\"index, follow, max-snippet:-1, max-image-preview:large, max-video-preview:-1\" \/>\n<link rel=\"canonical\" href=\"https:\/\/blogs.donboscovolunteers.de\/johannainkolumbien\/das-bin-ich\/\" \/>\n<meta property=\"og:locale\" content=\"de_DE\" \/>\n<meta property=\"og:type\" content=\"article\" \/>\n<meta property=\"og:title\" content=\"Das bin ich :) - Johanna in Kolumbien\" \/>\n<meta property=\"og:description\" content=\"!Bienvenidos und herzlich willkommen auf meinem Blogkanal! Ich bin Johanna, 20Jahre alt und wohne im Moment noch in Dresden. In nicht einmal mehr einer Woche, um genau zu sein am 6.September, startet f\u00fcr mich h\u00f6chstwahrscheinlich eines der gr\u00f6\u00dften Abenteuer meines Lebens, mein Freiwilligendienst in Medellin (Kolumbien). Den Wunsch einen Freiwilligendienst in S\u00fcdamerika zu machen, habe [&hellip;]\" \/>\n<meta property=\"og:url\" content=\"https:\/\/blogs.donboscovolunteers.de\/johannainkolumbien\/das-bin-ich\/\" \/>\n<meta property=\"og:site_name\" content=\"Johanna in Kolumbien\" \/>\n<meta property=\"article:modified_time\" content=\"2024-09-10T11:23:18+00:00\" \/>\n<meta property=\"og:image\" content=\"https:\/\/blogs.donboscovolunteers.de\/johannainkolumbien\/wp-content\/uploads\/sites\/21705\/2024\/09\/20240316_084209_2-2-1008x1024.jpg\" \/>\n<meta name=\"twitter:card\" content=\"summary_large_image\" \/>\n<meta name=\"twitter:label1\" content=\"Gesch\u00e4tzte Lesezeit\" \/>\n\t<meta name=\"twitter:data1\" content=\"3\u00a0Minuten\" \/>\n<script type=\"application\/ld+json\" class=\"yoast-schema-graph\">{\"@context\":\"https:\/\/schema.org\",\"@graph\":[{\"@type\":\"WebPage\",\"@id\":\"https:\/\/blogs.donboscovolunteers.de\/johannainkolumbien\/das-bin-ich\/\",\"url\":\"https:\/\/blogs.donboscovolunteers.de\/johannainkolumbien\/das-bin-ich\/\",\"name\":\"Das bin ich :) - Johanna in Kolumbien\",\"isPartOf\":{\"@id\":\"https:\/\/blogs.donboscovolunteers.de\/johannainkolumbien\/#website\"},\"primaryImageOfPage\":{\"@id\":\"https:\/\/blogs.donboscovolunteers.de\/johannainkolumbien\/das-bin-ich\/#primaryimage\"},\"image\":{\"@id\":\"https:\/\/blogs.donboscovolunteers.de\/johannainkolumbien\/das-bin-ich\/#primaryimage\"},\"thumbnailUrl\":\"https:\/\/blogs.donboscovolunteers.de\/johannainkolumbien\/wp-content\/uploads\/sites\/21705\/2024\/09\/20240316_084209_2-2-1008x1024.jpg\",\"datePublished\":\"2024-08-24T08:56:25+00:00\",\"dateModified\":\"2024-09-10T11:23:18+00:00\",\"breadcrumb\":{\"@id\":\"https:\/\/blogs.donboscovolunteers.de\/johannainkolumbien\/das-bin-ich\/#breadcrumb\"},\"inLanguage\":\"de\",\"potentialAction\":[{\"@type\":\"ReadAction\",\"target\":[\"https:\/\/blogs.donboscovolunteers.de\/johannainkolumbien\/das-bin-ich\/\"]}]},{\"@type\":\"ImageObject\",\"inLanguage\":\"de\",\"@id\":\"https:\/\/blogs.donboscovolunteers.de\/johannainkolumbien\/das-bin-ich\/#primaryimage\",\"url\":\"https:\/\/blogs.donboscovolunteers.de\/johannainkolumbien\/wp-content\/uploads\/sites\/21705\/2024\/09\/20240316_084209_2-2.jpg\",\"contentUrl\":\"https:\/\/blogs.donboscovolunteers.de\/johannainkolumbien\/wp-content\/uploads\/sites\/21705\/2024\/09\/20240316_084209_2-2.jpg\",\"width\":1260,\"height\":1280},{\"@type\":\"BreadcrumbList\",\"@id\":\"https:\/\/blogs.donboscovolunteers.de\/johannainkolumbien\/das-bin-ich\/#breadcrumb\",\"itemListElement\":[{\"@type\":\"ListItem\",\"position\":1,\"name\":\"Startseite\",\"item\":\"https:\/\/blogs.donboscovolunteers.de\/johannainkolumbien\/\"},{\"@type\":\"ListItem\",\"position\":2,\"name\":\"Das bin ich :)\"}]},{\"@type\":\"WebSite\",\"@id\":\"https:\/\/blogs.donboscovolunteers.de\/johannainkolumbien\/#website\",\"url\":\"https:\/\/blogs.donboscovolunteers.de\/johannainkolumbien\/\",\"name\":\"Johanna in Kolumbien\",\"description\":\"\",\"potentialAction\":[{\"@type\":\"SearchAction\",\"target\":{\"@type\":\"EntryPoint\",\"urlTemplate\":\"https:\/\/blogs.donboscovolunteers.de\/johannainkolumbien\/?s={search_term_string}\"},\"query-input\":{\"@type\":\"PropertyValueSpecification\",\"valueRequired\":true,\"valueName\":\"search_term_string\"}}],\"inLanguage\":\"de\"}]}<\/script>\n<!-- \/ Yoast SEO plugin. -->","yoast_head_json":{"title":"Das bin ich :) - Johanna in Kolumbien","robots":{"index":"index","follow":"follow","max-snippet":"max-snippet:-1","max-image-preview":"max-image-preview:large","max-video-preview":"max-video-preview:-1"},"canonical":"https:\/\/blogs.donboscovolunteers.de\/johannainkolumbien\/das-bin-ich\/","og_locale":"de_DE","og_type":"article","og_title":"Das bin ich :) - Johanna in Kolumbien","og_description":"!Bienvenidos und herzlich willkommen auf meinem Blogkanal! Ich bin Johanna, 20Jahre alt und wohne im Moment noch in Dresden. In nicht einmal mehr einer Woche, um genau zu sein am 6.September, startet f\u00fcr mich h\u00f6chstwahrscheinlich eines der gr\u00f6\u00dften Abenteuer meines Lebens, mein Freiwilligendienst in Medellin (Kolumbien). Den Wunsch einen Freiwilligendienst in S\u00fcdamerika zu machen, habe [&hellip;]","og_url":"https:\/\/blogs.donboscovolunteers.de\/johannainkolumbien\/das-bin-ich\/","og_site_name":"Johanna in Kolumbien","article_modified_time":"2024-09-10T11:23:18+00:00","og_image":[{"url":"https:\/\/blogs.donboscovolunteers.de\/johannainkolumbien\/wp-content\/uploads\/sites\/21705\/2024\/09\/20240316_084209_2-2-1008x1024.jpg","type":"","width":"","height":""}],"twitter_card":"summary_large_image","twitter_misc":{"Gesch\u00e4tzte Lesezeit":"3\u00a0Minuten"},"schema":{"@context":"https:\/\/schema.org","@graph":[{"@type":"WebPage","@id":"https:\/\/blogs.donboscovolunteers.de\/johannainkolumbien\/das-bin-ich\/","url":"https:\/\/blogs.donboscovolunteers.de\/johannainkolumbien\/das-bin-ich\/","name":"Das bin ich :) - Johanna in Kolumbien","isPartOf":{"@id":"https:\/\/blogs.donboscovolunteers.de\/johannainkolumbien\/#website"},"primaryImageOfPage":{"@id":"https:\/\/blogs.donboscovolunteers.de\/johannainkolumbien\/das-bin-ich\/#primaryimage"},"image":{"@id":"https:\/\/blogs.donboscovolunteers.de\/johannainkolumbien\/das-bin-ich\/#primaryimage"},"thumbnailUrl":"https:\/\/blogs.donboscovolunteers.de\/johannainkolumbien\/wp-content\/uploads\/sites\/21705\/2024\/09\/20240316_084209_2-2-1008x1024.jpg","datePublished":"2024-08-24T08:56:25+00:00","dateModified":"2024-09-10T11:23:18+00:00","breadcrumb":{"@id":"https:\/\/blogs.donboscovolunteers.de\/johannainkolumbien\/das-bin-ich\/#breadcrumb"},"inLanguage":"de","potentialAction":[{"@type":"ReadAction","target":["https:\/\/blogs.donboscovolunteers.de\/johannainkolumbien\/das-bin-ich\/"]}]},{"@type":"ImageObject","inLanguage":"de","@id":"https:\/\/blogs.donboscovolunteers.de\/johannainkolumbien\/das-bin-ich\/#primaryimage","url":"https:\/\/blogs.donboscovolunteers.de\/johannainkolumbien\/wp-content\/uploads\/sites\/21705\/2024\/09\/20240316_084209_2-2.jpg","contentUrl":"https:\/\/blogs.donboscovolunteers.de\/johannainkolumbien\/wp-content\/uploads\/sites\/21705\/2024\/09\/20240316_084209_2-2.jpg","width":1260,"height":1280},{"@type":"BreadcrumbList","@id":"https:\/\/blogs.donboscovolunteers.de\/johannainkolumbien\/das-bin-ich\/#breadcrumb","itemListElement":[{"@type":"ListItem","position":1,"name":"Startseite","item":"https:\/\/blogs.donboscovolunteers.de\/johannainkolumbien\/"},{"@type":"ListItem","position":2,"name":"Das bin ich :)"}]},{"@type":"WebSite","@id":"https:\/\/blogs.donboscovolunteers.de\/johannainkolumbien\/#website","url":"https:\/\/blogs.donboscovolunteers.de\/johannainkolumbien\/","name":"Johanna in Kolumbien","description":"","potentialAction":[{"@type":"SearchAction","target":{"@type":"EntryPoint","urlTemplate":"https:\/\/blogs.donboscovolunteers.de\/johannainkolumbien\/?s={search_term_string}"},"query-input":{"@type":"PropertyValueSpecification","valueRequired":true,"valueName":"search_term_string"}}],"inLanguage":"de"}]}},"_links":{"self":[{"href":"https:\/\/blogs.donboscovolunteers.de\/johannainkolumbien\/wp-json\/wp\/v2\/pages\/75","targetHints":{"allow":["GET"]}}],"collection":[{"href":"https:\/\/blogs.donboscovolunteers.de\/johannainkolumbien\/wp-json\/wp\/v2\/pages"}],"about":[{"href":"https:\/\/blogs.donboscovolunteers.de\/johannainkolumbien\/wp-json\/wp\/v2\/types\/page"}],"author":[{"embeddable":true,"href":"https:\/\/blogs.donboscovolunteers.de\/johannainkolumbien\/wp-json\/wp\/v2\/users\/21820"}],"replies":[{"embeddable":true,"href":"https:\/\/blogs.donboscovolunteers.de\/johannainkolumbien\/wp-json\/wp\/v2\/comments?post=75"}],"version-history":[{"count":12,"href":"https:\/\/blogs.donboscovolunteers.de\/johannainkolumbien\/wp-json\/wp\/v2\/pages\/75\/revisions"}],"predecessor-version":[{"id":147,"href":"https:\/\/blogs.donboscovolunteers.de\/johannainkolumbien\/wp-json\/wp\/v2\/pages\/75\/revisions\/147"}],"wp:attachment":[{"href":"https:\/\/blogs.donboscovolunteers.de\/johannainkolumbien\/wp-json\/wp\/v2\/media?parent=75"}],"curies":[{"name":"wp","href":"https:\/\/api.w.org\/{rel}","templated":true}]}}