{"id":22,"date":"2024-08-20T17:46:15","date_gmt":"2024-08-20T15:46:15","guid":{"rendered":"https:\/\/blogs.donboscovolunteers.de\/johannainderelfenbeinkueste\/?page_id=22"},"modified":"2024-10-02T20:41:08","modified_gmt":"2024-10-02T18:41:08","slug":"blogs","status":"publish","type":"page","link":"https:\/\/blogs.donboscovolunteers.de\/johannainderelfenbeinkueste\/blogs\/","title":{"rendered":"Meine Einsatzstelle"},"content":{"rendered":"<p>Meine Einsatzstelle liegt im Westen der Elfenbeink\u00fcste, in der Stadt Du\u00e9kou\u00e9 mit ca. 220.000 Einwohnern. Obwohl die Elfenbeink\u00fcste nur eine Zeitzone im Vergleich zu Deutschland zur\u00fcckliegt, bin ich 2 Stunden sp\u00e4ter dran. Das \u00e4ndert sich aber, wenn die Uhren in Deutschland auf die Winterzeit umgestellt werden. Dann betr\u00e4gt die Zeitverschiebung nur noch 1 Stunde.&nbsp;<\/p>\n\n\n\n<figure class=\"wp-block-image size-large is-resized\"><img loading=\"lazy\" decoding=\"async\" width=\"547\" height=\"1024\" src=\"https:\/\/blogs.donboscovolunteers.de\/johannainderelfenbeinkueste\/wp-content\/uploads\/sites\/21719\/2024\/10\/IMG_0084-1-547x1024.jpeg\" alt=\"\" class=\"wp-image-62\" style=\"width:193px;height:auto\" srcset=\"https:\/\/blogs.donboscovolunteers.de\/johannainderelfenbeinkueste\/wp-content\/uploads\/sites\/21719\/2024\/10\/IMG_0084-1-547x1024.jpeg 547w, https:\/\/blogs.donboscovolunteers.de\/johannainderelfenbeinkueste\/wp-content\/uploads\/sites\/21719\/2024\/10\/IMG_0084-1-160x300.jpeg 160w, https:\/\/blogs.donboscovolunteers.de\/johannainderelfenbeinkueste\/wp-content\/uploads\/sites\/21719\/2024\/10\/IMG_0084-1.jpeg 684w\" sizes=\"auto, (max-width: 547px) 100vw, 547px\" \/><\/figure>\n\n\n\n<p><br><strong>L\u2018Internat Marie Auxiliatrice&nbsp;<\/strong><\/p>\n\n\n\n<p>Ich lebe und arbeite zusammen mit 3 salesianischen Schwestern und 3 Missionarinnen in einem M\u00e4dcheninternat, das M\u00e4dchen im Alter zwischen 10 und 20 Jahren eine M\u00f6glichkeit bietet, eine weiterf\u00fchrende Schule zu besuchen. Hier in Afrika wohnen sehr viele Familien in kleinen, abgelegenen D\u00f6rfern, wo es keine Schulen gibt. Deswegen kommen die M\u00e4dchen zu uns nach Du\u00e9kou\u00e9, weil der Schulweg sonst viel zu lange w\u00e4re bzw. Bildung schlichtweg nicht m\u00f6glich w\u00e4re.&nbsp;<\/p>\n\n\n\n<p><br><strong>Meine Aufgaben<\/strong><\/p>\n\n\n\n<p>Meine Aufgabe besteht darin, die M\u00e4dchen in ihrem Alltag zu begleiten. Ich lerne, treibe Sport, spiele und quatsche gemeinsam mit den M\u00e4dchen. Ich sehe mich als eine Art Tutor, Nachhilfelehrerin, Spielkamerad und Freund gleichzeitig.&nbsp;<br><\/p>\n\n\n\n<p><strong>Ausbildungszentrum von <a href=\"https:\/\/www.donboscomission.de\/don-bosco\/\">Don Bosco<\/a> (CPAR)<\/strong><\/p>\n\n\n\n<p>Des Weiteren erm\u00f6glicht das Projekt hier in Du\u00e9kou\u00e9 jungen Erwachsenen, einen Beruf zu erlernen. Schneiderei, Patisserie, Mechanik, Schreinerei und Elektronik stehen zur Auswahl.&nbsp;<\/p>\n\n\n\n<p>Mein Aufgabenbereich begrenzt sich haupts\u00e4chlich auf das Internat, aber ich werde jeden Freitag gemeinsam mit Schwester Charlotte 2h Sport an der Berufsschule unterrichten, da ich den Wunsch ge\u00e4u\u00dfert habe, gerne Sport zu machen.&nbsp;<br><\/p>\n\n\n\n<figure class=\"wp-block-gallery has-nested-images columns-default is-cropped wp-block-gallery-1 is-layout-flex wp-block-gallery-is-layout-flex\">\n<figure class=\"wp-block-image size-large is-style-default\"><img loading=\"lazy\" decoding=\"async\" width=\"768\" height=\"1024\" data-id=\"56\" src=\"https:\/\/blogs.donboscovolunteers.de\/johannainderelfenbeinkueste\/wp-content\/uploads\/sites\/21719\/2024\/10\/IMG_0173-768x1024.jpeg\" alt=\"\" class=\"wp-image-56\" srcset=\"https:\/\/blogs.donboscovolunteers.de\/johannainderelfenbeinkueste\/wp-content\/uploads\/sites\/21719\/2024\/10\/IMG_0173-768x1024.jpeg 768w, https:\/\/blogs.donboscovolunteers.de\/johannainderelfenbeinkueste\/wp-content\/uploads\/sites\/21719\/2024\/10\/IMG_0173-225x300.jpeg 225w, https:\/\/blogs.donboscovolunteers.de\/johannainderelfenbeinkueste\/wp-content\/uploads\/sites\/21719\/2024\/10\/IMG_0173-900x1200.jpeg 900w, https:\/\/blogs.donboscovolunteers.de\/johannainderelfenbeinkueste\/wp-content\/uploads\/sites\/21719\/2024\/10\/IMG_0173.jpeg 960w\" sizes=\"auto, (max-width: 768px) 100vw, 768px\" \/><\/figure>\n<\/figure>","protected":false},"excerpt":{"rendered":"<p>Meine Einsatzstelle liegt im Westen der Elfenbeink\u00fcste, in der Stadt Du\u00e9kou\u00e9 mit ca. 220.000 Einwohnern. Obwohl die Elfenbeink\u00fcste nur eine Zeitzone im Vergleich zu Deutschland zur\u00fcckliegt, bin ich 2 Stunden sp\u00e4ter dran. Das \u00e4ndert sich aber, wenn die Uhren in Deutschland auf die Winterzeit umgestellt werden. Dann betr\u00e4gt die Zeitverschiebung nur noch 1 Stunde.&nbsp; L\u2018Internat [&hellip;]<\/p>\n","protected":false},"author":21832,"featured_media":0,"parent":0,"menu_order":0,"comment_status":"closed","ping_status":"closed","template":"","meta":{"footnotes":""},"class_list":["post-22","page","type-page","status-publish","hentry"],"yoast_head":"<!-- This site is optimized with the Yoast SEO plugin v25.3.1 - https:\/\/yoast.com\/wordpress\/plugins\/seo\/ -->\n<title>Meine Einsatzstelle - Johanna in der Elfenbeink\u00fcste<\/title>\n<meta name=\"robots\" content=\"index, follow, max-snippet:-1, max-image-preview:large, max-video-preview:-1\" \/>\n<link rel=\"canonical\" href=\"https:\/\/blogs.donboscovolunteers.de\/johannainderelfenbeinkueste\/blogs\/\" \/>\n<meta property=\"og:locale\" content=\"de_DE\" \/>\n<meta property=\"og:type\" content=\"article\" \/>\n<meta property=\"og:title\" content=\"Meine Einsatzstelle - Johanna in der Elfenbeink\u00fcste\" \/>\n<meta property=\"og:description\" content=\"Meine Einsatzstelle liegt im Westen der Elfenbeink\u00fcste, in der Stadt Du\u00e9kou\u00e9 mit ca. 220.000 Einwohnern. Obwohl die Elfenbeink\u00fcste nur eine Zeitzone im Vergleich zu Deutschland zur\u00fcckliegt, bin ich 2 Stunden sp\u00e4ter dran. Das \u00e4ndert sich aber, wenn die Uhren in Deutschland auf die Winterzeit umgestellt werden. Dann betr\u00e4gt die Zeitverschiebung nur noch 1 Stunde.&nbsp; L\u2018Internat [&hellip;]\" \/>\n<meta property=\"og:url\" content=\"https:\/\/blogs.donboscovolunteers.de\/johannainderelfenbeinkueste\/blogs\/\" \/>\n<meta property=\"og:site_name\" content=\"Johanna in der Elfenbeink\u00fcste\" \/>\n<meta property=\"article:modified_time\" content=\"2024-10-02T18:41:08+00:00\" \/>\n<meta property=\"og:image\" content=\"https:\/\/blogs.donboscovolunteers.de\/johannainderelfenbeinkueste\/wp-content\/uploads\/sites\/21719\/2024\/10\/IMG_0084-1-547x1024.jpeg\" \/>\n<meta name=\"twitter:card\" content=\"summary_large_image\" \/>\n<meta name=\"twitter:label1\" content=\"Gesch\u00e4tzte Lesezeit\" \/>\n\t<meta name=\"twitter:data1\" content=\"2\u00a0Minuten\" \/>\n<script type=\"application\/ld+json\" class=\"yoast-schema-graph\">{\"@context\":\"https:\/\/schema.org\",\"@graph\":[{\"@type\":\"WebPage\",\"@id\":\"https:\/\/blogs.donboscovolunteers.de\/johannainderelfenbeinkueste\/blogs\/\",\"url\":\"https:\/\/blogs.donboscovolunteers.de\/johannainderelfenbeinkueste\/blogs\/\",\"name\":\"Meine Einsatzstelle - Johanna in der Elfenbeink\u00fcste\",\"isPartOf\":{\"@id\":\"https:\/\/blogs.donboscovolunteers.de\/johannainderelfenbeinkueste\/#website\"},\"primaryImageOfPage\":{\"@id\":\"https:\/\/blogs.donboscovolunteers.de\/johannainderelfenbeinkueste\/blogs\/#primaryimage\"},\"image\":{\"@id\":\"https:\/\/blogs.donboscovolunteers.de\/johannainderelfenbeinkueste\/blogs\/#primaryimage\"},\"thumbnailUrl\":\"https:\/\/blogs.donboscovolunteers.de\/johannainderelfenbeinkueste\/wp-content\/uploads\/sites\/21719\/2024\/10\/IMG_0084-1-547x1024.jpeg\",\"datePublished\":\"2024-08-20T15:46:15+00:00\",\"dateModified\":\"2024-10-02T18:41:08+00:00\",\"breadcrumb\":{\"@id\":\"https:\/\/blogs.donboscovolunteers.de\/johannainderelfenbeinkueste\/blogs\/#breadcrumb\"},\"inLanguage\":\"de\",\"potentialAction\":[{\"@type\":\"ReadAction\",\"target\":[\"https:\/\/blogs.donboscovolunteers.de\/johannainderelfenbeinkueste\/blogs\/\"]}]},{\"@type\":\"ImageObject\",\"inLanguage\":\"de\",\"@id\":\"https:\/\/blogs.donboscovolunteers.de\/johannainderelfenbeinkueste\/blogs\/#primaryimage\",\"url\":\"https:\/\/blogs.donboscovolunteers.de\/johannainderelfenbeinkueste\/wp-content\/uploads\/sites\/21719\/2024\/10\/IMG_0084-1.jpeg\",\"contentUrl\":\"https:\/\/blogs.donboscovolunteers.de\/johannainderelfenbeinkueste\/wp-content\/uploads\/sites\/21719\/2024\/10\/IMG_0084-1.jpeg\",\"width\":684,\"height\":1280},{\"@type\":\"BreadcrumbList\",\"@id\":\"https:\/\/blogs.donboscovolunteers.de\/johannainderelfenbeinkueste\/blogs\/#breadcrumb\",\"itemListElement\":[{\"@type\":\"ListItem\",\"position\":1,\"name\":\"Startseite\",\"item\":\"https:\/\/blogs.donboscovolunteers.de\/johannainderelfenbeinkueste\/\"},{\"@type\":\"ListItem\",\"position\":2,\"name\":\"Meine Einsatzstelle\"}]},{\"@type\":\"WebSite\",\"@id\":\"https:\/\/blogs.donboscovolunteers.de\/johannainderelfenbeinkueste\/#website\",\"url\":\"https:\/\/blogs.donboscovolunteers.de\/johannainderelfenbeinkueste\/\",\"name\":\"Johanna in der Elfenbeink\u00fcste\",\"description\":\"\",\"potentialAction\":[{\"@type\":\"SearchAction\",\"target\":{\"@type\":\"EntryPoint\",\"urlTemplate\":\"https:\/\/blogs.donboscovolunteers.de\/johannainderelfenbeinkueste\/?s={search_term_string}\"},\"query-input\":{\"@type\":\"PropertyValueSpecification\",\"valueRequired\":true,\"valueName\":\"search_term_string\"}}],\"inLanguage\":\"de\"}]}<\/script>\n<!-- \/ Yoast SEO plugin. -->","yoast_head_json":{"title":"Meine Einsatzstelle - Johanna in der Elfenbeink\u00fcste","robots":{"index":"index","follow":"follow","max-snippet":"max-snippet:-1","max-image-preview":"max-image-preview:large","max-video-preview":"max-video-preview:-1"},"canonical":"https:\/\/blogs.donboscovolunteers.de\/johannainderelfenbeinkueste\/blogs\/","og_locale":"de_DE","og_type":"article","og_title":"Meine Einsatzstelle - Johanna in der Elfenbeink\u00fcste","og_description":"Meine Einsatzstelle liegt im Westen der Elfenbeink\u00fcste, in der Stadt Du\u00e9kou\u00e9 mit ca. 220.000 Einwohnern. Obwohl die Elfenbeink\u00fcste nur eine Zeitzone im Vergleich zu Deutschland zur\u00fcckliegt, bin ich 2 Stunden sp\u00e4ter dran. Das \u00e4ndert sich aber, wenn die Uhren in Deutschland auf die Winterzeit umgestellt werden. Dann betr\u00e4gt die Zeitverschiebung nur noch 1 Stunde.&nbsp; L\u2018Internat [&hellip;]","og_url":"https:\/\/blogs.donboscovolunteers.de\/johannainderelfenbeinkueste\/blogs\/","og_site_name":"Johanna in der Elfenbeink\u00fcste","article_modified_time":"2024-10-02T18:41:08+00:00","og_image":[{"url":"https:\/\/blogs.donboscovolunteers.de\/johannainderelfenbeinkueste\/wp-content\/uploads\/sites\/21719\/2024\/10\/IMG_0084-1-547x1024.jpeg","type":"","width":"","height":""}],"twitter_card":"summary_large_image","twitter_misc":{"Gesch\u00e4tzte Lesezeit":"2\u00a0Minuten"},"schema":{"@context":"https:\/\/schema.org","@graph":[{"@type":"WebPage","@id":"https:\/\/blogs.donboscovolunteers.de\/johannainderelfenbeinkueste\/blogs\/","url":"https:\/\/blogs.donboscovolunteers.de\/johannainderelfenbeinkueste\/blogs\/","name":"Meine Einsatzstelle - Johanna in der Elfenbeink\u00fcste","isPartOf":{"@id":"https:\/\/blogs.donboscovolunteers.de\/johannainderelfenbeinkueste\/#website"},"primaryImageOfPage":{"@id":"https:\/\/blogs.donboscovolunteers.de\/johannainderelfenbeinkueste\/blogs\/#primaryimage"},"image":{"@id":"https:\/\/blogs.donboscovolunteers.de\/johannainderelfenbeinkueste\/blogs\/#primaryimage"},"thumbnailUrl":"https:\/\/blogs.donboscovolunteers.de\/johannainderelfenbeinkueste\/wp-content\/uploads\/sites\/21719\/2024\/10\/IMG_0084-1-547x1024.jpeg","datePublished":"2024-08-20T15:46:15+00:00","dateModified":"2024-10-02T18:41:08+00:00","breadcrumb":{"@id":"https:\/\/blogs.donboscovolunteers.de\/johannainderelfenbeinkueste\/blogs\/#breadcrumb"},"inLanguage":"de","potentialAction":[{"@type":"ReadAction","target":["https:\/\/blogs.donboscovolunteers.de\/johannainderelfenbeinkueste\/blogs\/"]}]},{"@type":"ImageObject","inLanguage":"de","@id":"https:\/\/blogs.donboscovolunteers.de\/johannainderelfenbeinkueste\/blogs\/#primaryimage","url":"https:\/\/blogs.donboscovolunteers.de\/johannainderelfenbeinkueste\/wp-content\/uploads\/sites\/21719\/2024\/10\/IMG_0084-1.jpeg","contentUrl":"https:\/\/blogs.donboscovolunteers.de\/johannainderelfenbeinkueste\/wp-content\/uploads\/sites\/21719\/2024\/10\/IMG_0084-1.jpeg","width":684,"height":1280},{"@type":"BreadcrumbList","@id":"https:\/\/blogs.donboscovolunteers.de\/johannainderelfenbeinkueste\/blogs\/#breadcrumb","itemListElement":[{"@type":"ListItem","position":1,"name":"Startseite","item":"https:\/\/blogs.donboscovolunteers.de\/johannainderelfenbeinkueste\/"},{"@type":"ListItem","position":2,"name":"Meine Einsatzstelle"}]},{"@type":"WebSite","@id":"https:\/\/blogs.donboscovolunteers.de\/johannainderelfenbeinkueste\/#website","url":"https:\/\/blogs.donboscovolunteers.de\/johannainderelfenbeinkueste\/","name":"Johanna in der Elfenbeink\u00fcste","description":"","potentialAction":[{"@type":"SearchAction","target":{"@type":"EntryPoint","urlTemplate":"https:\/\/blogs.donboscovolunteers.de\/johannainderelfenbeinkueste\/?s={search_term_string}"},"query-input":{"@type":"PropertyValueSpecification","valueRequired":true,"valueName":"search_term_string"}}],"inLanguage":"de"}]}},"_links":{"self":[{"href":"https:\/\/blogs.donboscovolunteers.de\/johannainderelfenbeinkueste\/wp-json\/wp\/v2\/pages\/22","targetHints":{"allow":["GET"]}}],"collection":[{"href":"https:\/\/blogs.donboscovolunteers.de\/johannainderelfenbeinkueste\/wp-json\/wp\/v2\/pages"}],"about":[{"href":"https:\/\/blogs.donboscovolunteers.de\/johannainderelfenbeinkueste\/wp-json\/wp\/v2\/types\/page"}],"author":[{"embeddable":true,"href":"https:\/\/blogs.donboscovolunteers.de\/johannainderelfenbeinkueste\/wp-json\/wp\/v2\/users\/21832"}],"replies":[{"embeddable":true,"href":"https:\/\/blogs.donboscovolunteers.de\/johannainderelfenbeinkueste\/wp-json\/wp\/v2\/comments?post=22"}],"version-history":[{"count":5,"href":"https:\/\/blogs.donboscovolunteers.de\/johannainderelfenbeinkueste\/wp-json\/wp\/v2\/pages\/22\/revisions"}],"predecessor-version":[{"id":66,"href":"https:\/\/blogs.donboscovolunteers.de\/johannainderelfenbeinkueste\/wp-json\/wp\/v2\/pages\/22\/revisions\/66"}],"wp:attachment":[{"href":"https:\/\/blogs.donboscovolunteers.de\/johannainderelfenbeinkueste\/wp-json\/wp\/v2\/media?parent=22"}],"curies":[{"name":"wp","href":"https:\/\/api.w.org\/{rel}","templated":true}]}}