{"id":205,"date":"2025-11-28T20:56:37","date_gmt":"2025-11-28T19:56:37","guid":{"rendered":"https:\/\/blogs.donboscovolunteers.de\/insightsrilanka\/?page_id=205"},"modified":"2026-03-29T13:20:16","modified_gmt":"2026-03-29T11:20:16","slug":"wo-es-von-neuem-beginnt","status":"publish","type":"page","link":"https:\/\/blogs.donboscovolunteers.de\/insightsrilanka\/","title":{"rendered":"Wo es von Neuem beginnt"},"content":{"rendered":"<hr class=\"wp-block-separator has-text-color has-alpha-channel-opacity has-background is-style-wide\" style=\"background-color:#1b9947;color:#1b9947\" \/>\n\n\n\n<p>Hier ein kurzer \u00dcberblick \u00fcber die bisherigen Eintr\u00e4ge:<\/p>\n\n\n\n<div class=\"wp-block-columns is-layout-flex wp-container-core-columns-is-layout-9d6595d7 wp-block-columns-is-layout-flex\">\n<div class=\"wp-block-column is-layout-flow wp-block-column-is-layout-flow\">\n<ol class=\"wp-block-list\">\n<li><a href=\"https:\/\/blogs.donboscovolunteers.de\/insightsrilanka\/2025\/09\/30\/doch-noch-zu-hause\/\">Eintrag vom 30.09.25<\/a><\/li>\n\n\n\n<li><a href=\"https:\/\/blogs.donboscovolunteers.de\/insightsrilanka\/2025\/10\/24\/immer-noch-zu-hause\/\">Eintrag vom 24.10.25<\/a><\/li>\n\n\n\n<li><a href=\"https:\/\/blogs.donboscovolunteers.de\/insightsrilanka\/2025\/11\/29\/ortswechsel\/\">Eintrag vom 29.11.25<\/a><\/li>\n\n\n\n<li><a href=\"https:\/\/blogs.donboscovolunteers.de\/insightsrilanka\/2025\/12\/06\/planaenderung\/\">Eintrag vom 06.12.25<\/a><\/li>\n\n\n\n<li><a href=\"https:\/\/blogs.donboscovolunteers.de\/insightsrilanka\/2026\/01\/27\/wenns-auf-einmal-schnell-geht\/\">Eintrag vom 26.01.26<\/a><\/li>\n\n\n\n<li><a href=\"https:\/\/blogs.donboscovolunteers.de\/insightsrilanka\/2026\/02\/10\/eine-woche-schwitzen\/\">Eintrag vom 10.02.26<\/a><\/li>\n\n\n\n<li><a href=\"https:\/\/blogs.donboscovolunteers.de\/insightsrilanka\/2026\/02\/18\/endlich-angekommen\/\">Eintrag vom 18.02.26<\/a><\/li>\n\n\n\n<li><a href=\"https:\/\/blogs.donboscovolunteers.de\/insightsrilanka\/2026\/03\/24\/die-zeit-zwischen-zwei-unglueckstagen\/\">Eintrag vom 24.03.26<\/a><\/li>\n\n\n\n<li><a href=\"https:\/\/blogs.donboscovolunteers.de\/insightsrilanka\/2026\/03\/29\/ueber-viele-liebe-menschen\/\">Eintrag vom 29.03.26<\/a><\/li>\n<\/ol>\n\n\n\n<p><\/p>\n<\/div>\n<\/div>\n\n\n\n<hr class=\"wp-block-separator has-text-color has-alpha-channel-opacity has-background is-style-wide\" style=\"background-color:#1b9947;color:#1b9947\" \/>\n\n\n\n<p style=\"font-size:23px;font-style:italic;font-weight:300\">Hey Ihr Lieben!<\/p>\n\n\n\n<p class=\"has-background\" style=\"background-color:#1c994724;font-style:italic;font-weight:200\">Ihr kennt ja wahrscheinlich schon die kleine <a href=\"https:\/\/blogs.donboscovolunteers.de\/insightsrilanka\/wo-alles-beginnt\/\">\u00dcbersichtsseite zu Vijayawada<\/a>, damit ihr aber auch etwas \u00fcber den Ort wisst, an dem ich vermutlich (hoffentlich) tats\u00e4chlich meinen <a href=\"https:\/\/www.donboscovolunteers.de\/\">Freiwilligendienst<\/a> verbringen werden, hier ein paar Infos \u00fcber die Einsatzstelle in Sri Lanka.<\/p>\n\n\n\n<p style=\"font-size:18px\">Pallawarayankattu ist ein super kleiner Ort im Tamil gepr\u00e4gten Nordwesten von Sri Lanka, die n\u00e4chste gr\u00f6\u00dfere Stadt ist 63 km entfernt. Im Gegensatz zum touristisch stark erschlossenem S\u00fcden, ist dieser Teil des Landes oft durch gro\u00dfe Armut gepr\u00e4gt. Nicht weit vom Meer entfernt gelegen, besteht die Besch\u00e4ftigung der meisten Einwohner dieser Gegend aus Landwirtschaft und Fischerei. Der Center, in dem ich arbeiten werden, gibt den Kindern aus dieser \u00e4rmlichen Umgebung die Chance, bereits vom Grundschulalter an Englisch und ein paar andere essentielle F\u00e4cher zu belegen. Zus\u00e4tzlich gibt es auf dem Gel\u00e4nde eine Art Berufsschule, wo man sich unter Anderem mit dem Schneidern und mit IT auseinander setzen kann.<\/p>\n\n\n\n<p>Ich werde zusammen mit <a href=\"https:\/\/blogs.donboscovolunteers.de\/tamiltagebuch\/\">Anne<\/a>, einer Volont\u00e4rin, die auch ihr Indienvisum nicht bekommen hat, dorthin reisen und auch mit ihr zusammen wohnen. Vermutlich werden wir in der Schule aushelfen, einen Teil der Freizeitgestaltung \u00fcbernehmen und die Jungs und M\u00e4dels (ja, es gibt dort beide Geschlechter gemischt &#8211; in Sri Lanka muss man sich nicht so streng an konservative Regeln halten) einfach den Tag \u00fcber begleiten. Ich bin schon sehr gespannt, was an Aufgaben auf mich zukommt, weil das alles noch recht offen ist und sich teilweise auch erst vor Ort ergeben wird.<\/p>\n\n\n\n<p><\/p>\n\n\n\n<hr class=\"wp-block-separator has-text-color has-alpha-channel-opacity has-background is-style-wide\" style=\"background-color:#1b9947;color:#1b9947\" \/>\n\n\n\n<p><\/p>\n\n\n\n<figure class=\"wp-block-image size-full\"><img decoding=\"async\" src=\"https:\/\/blogs.donboscovolunteers.de\/insightsrilanka\/wp-content\/uploads\/sites\/21771\/2025\/11\/inde25-mit-Pfeil.png\" alt=\"\" class=\"wp-image-207\" \/><figcaption class=\"wp-element-caption\">\u00dcbersichtskarte von <a href=\"https:\/\/strassenkinder.de\/laender\/asien\/inden\/\">Indien<\/a>, Sri Lanka eingezeichnet<\/figcaption><\/figure>\n\n\n\n<hr class=\"wp-block-separator has-alpha-channel-opacity is-style-dots\" \/>\n\n\n\n<figure class=\"wp-block-image size-full\"><img loading=\"lazy\" decoding=\"async\" width=\"535\" height=\"671\" src=\"https:\/\/blogs.donboscovolunteers.de\/insightsrilanka\/wp-content\/uploads\/sites\/21771\/2025\/11\/srilanka25-pin.png\" alt=\"\" class=\"wp-image-208\" srcset=\"https:\/\/blogs.donboscovolunteers.de\/insightsrilanka\/wp-content\/uploads\/sites\/21771\/2025\/11\/srilanka25-pin.png 535w, https:\/\/blogs.donboscovolunteers.de\/insightsrilanka\/wp-content\/uploads\/sites\/21771\/2025\/11\/srilanka25-pin-239x300.png 239w\" sizes=\"auto, (max-width: 535px) 100vw, 535px\" \/><figcaption class=\"wp-element-caption\">Karte von Sri Lanka, Pallawarayankattu eingezeichnet<\/figcaption><\/figure>\n\n\n\n<hr class=\"wp-block-separator has-alpha-channel-opacity is-style-dots\" \/>\n\n\n\n<p style=\"font-size:15px\">Hier geht es zu dem Beitrag, in dem ihr mehr vom Entscheidungsprozess erfahrt:<\/p>\n\n\n\n<div class=\"wp-block-buttons is-layout-flex wp-block-buttons-is-layout-flex\">\n<div class=\"wp-block-button has-custom-width wp-block-button__width-50\"><a class=\"wp-block-button__link has-white-color has-text-color has-background has-link-color has-custom-font-size wp-element-button\" href=\"https:\/\/blogs.donboscovolunteers.de\/insightsrilanka\/2025\/11\/28\/planaenderung\/\" style=\"border-radius:100px;background-color:#1b9947;font-size:15px\">Eintrag &#8222;Plan\u00e4nderung&#8220;<\/a><\/div>\n<\/div>\n\n\n\n<p><\/p>\n\n\n\n<p><\/p>","protected":false},"excerpt":{"rendered":"<p>Hier ein kurzer \u00dcberblick \u00fcber die bisherigen Eintr\u00e4ge: Hey Ihr Lieben! Ihr kennt ja wahrscheinlich schon die kleine \u00dcbersichtsseite zu Vijayawada, damit ihr aber auch etwas \u00fcber den Ort wisst, an dem ich vermutlich (hoffentlich) tats\u00e4chlich meinen <a href=\"https:\/\/www.donboscovolunteers.de\/\">Freiwilligendienst<\/a> verbringen werden, hier ein paar Infos \u00fcber die Einsatzstelle in Sri Lanka. Pallawarayankattu ist ein super kleiner [&hellip;]<\/p>\n","protected":false},"author":21887,"featured_media":0,"parent":0,"menu_order":0,"comment_status":"closed","ping_status":"closed","template":"","meta":{"footnotes":""},"class_list":["post-205","page","type-page","status-publish","hentry"],"yoast_head":"<!-- This site is optimized with the Yoast SEO plugin v25.3.1 - https:\/\/yoast.com\/wordpress\/plugins\/seo\/ -->\n<title>Wo es von Neuem beginnt - Insight Sri Lanka<\/title>\n<meta name=\"robots\" content=\"index, follow, max-snippet:-1, max-image-preview:large, max-video-preview:-1\" \/>\n<link rel=\"canonical\" href=\"https:\/\/blogs.donboscovolunteers.de\/insightsrilanka\/\" \/>\n<meta property=\"og:locale\" content=\"de_DE\" \/>\n<meta property=\"og:type\" content=\"article\" \/>\n<meta property=\"og:title\" content=\"Wo es von Neuem beginnt - Insight Sri Lanka\" \/>\n<meta property=\"og:description\" content=\"Hier ein kurzer \u00dcberblick \u00fcber die bisherigen Eintr\u00e4ge: Hey Ihr Lieben! Ihr kennt ja wahrscheinlich schon die kleine \u00dcbersichtsseite zu Vijayawada, damit ihr aber auch etwas \u00fcber den Ort wisst, an dem ich vermutlich (hoffentlich) tats\u00e4chlich meinen Freiwilligendienst verbringen werden, hier ein paar Infos \u00fcber die Einsatzstelle in Sri Lanka. Pallawarayankattu ist ein super kleiner [&hellip;]\" \/>\n<meta property=\"og:url\" content=\"https:\/\/blogs.donboscovolunteers.de\/insightsrilanka\/\" \/>\n<meta property=\"og:site_name\" content=\"Insight Sri Lanka\" \/>\n<meta property=\"article:modified_time\" content=\"2026-03-29T11:20:16+00:00\" \/>\n<meta property=\"og:image\" content=\"https:\/\/blogs.donboscovolunteers.de\/insightsrilanka\/wp-content\/uploads\/sites\/21771\/2025\/11\/inde25-mit-Pfeil-e1765054684930.png\" \/>\n\t<meta property=\"og:image:width\" content=\"538\" \/>\n\t<meta property=\"og:image:height\" content=\"192\" \/>\n\t<meta property=\"og:image:type\" content=\"image\/png\" \/>\n<meta name=\"twitter:card\" content=\"summary_large_image\" \/>\n<meta name=\"twitter:label1\" content=\"Gesch\u00e4tzte Lesezeit\" \/>\n\t<meta name=\"twitter:data1\" content=\"3\u00a0Minuten\" \/>\n<script type=\"application\/ld+json\" class=\"yoast-schema-graph\">{\"@context\":\"https:\/\/schema.org\",\"@graph\":[{\"@type\":\"WebPage\",\"@id\":\"https:\/\/blogs.donboscovolunteers.de\/insightsrilanka\/\",\"url\":\"https:\/\/blogs.donboscovolunteers.de\/insightsrilanka\/\",\"name\":\"Wo es von Neuem beginnt - Insight Sri Lanka\",\"isPartOf\":{\"@id\":\"https:\/\/blogs.donboscovolunteers.de\/insightsrilanka\/#website\"},\"primaryImageOfPage\":{\"@id\":\"https:\/\/blogs.donboscovolunteers.de\/insightsrilanka\/#primaryimage\"},\"image\":{\"@id\":\"https:\/\/blogs.donboscovolunteers.de\/insightsrilanka\/#primaryimage\"},\"thumbnailUrl\":\"https:\/\/blogs.donboscovolunteers.de\/insightsrilanka\/wp-content\/uploads\/sites\/21771\/2025\/11\/inde25-mit-Pfeil.png\",\"datePublished\":\"2025-11-28T19:56:37+00:00\",\"dateModified\":\"2026-03-29T11:20:16+00:00\",\"breadcrumb\":{\"@id\":\"https:\/\/blogs.donboscovolunteers.de\/insightsrilanka\/#breadcrumb\"},\"inLanguage\":\"de\",\"potentialAction\":[{\"@type\":\"ReadAction\",\"target\":[\"https:\/\/blogs.donboscovolunteers.de\/insightsrilanka\/\"]}]},{\"@type\":\"ImageObject\",\"inLanguage\":\"de\",\"@id\":\"https:\/\/blogs.donboscovolunteers.de\/insightsrilanka\/#primaryimage\",\"url\":\"https:\/\/blogs.donboscovolunteers.de\/insightsrilanka\/wp-content\/uploads\/sites\/21771\/2025\/11\/inde25-mit-Pfeil-e1765054684930.png\",\"contentUrl\":\"https:\/\/blogs.donboscovolunteers.de\/insightsrilanka\/wp-content\/uploads\/sites\/21771\/2025\/11\/inde25-mit-Pfeil-e1765054684930.png\",\"width\":538,\"height\":192},{\"@type\":\"BreadcrumbList\",\"@id\":\"https:\/\/blogs.donboscovolunteers.de\/insightsrilanka\/#breadcrumb\",\"itemListElement\":[{\"@type\":\"ListItem\",\"position\":1,\"name\":\"Startseite\",\"item\":\"https:\/\/blogs.donboscovolunteers.de\/insightsrilanka\/\"},{\"@type\":\"ListItem\",\"position\":2,\"name\":\"Wo es von Neuem beginnt\"}]},{\"@type\":\"WebSite\",\"@id\":\"https:\/\/blogs.donboscovolunteers.de\/insightsrilanka\/#website\",\"url\":\"https:\/\/blogs.donboscovolunteers.de\/insightsrilanka\/\",\"name\":\"Insight Sri Lanka\",\"description\":\"(Fast) Ein Jahr in Pallavarayankattu\",\"potentialAction\":[{\"@type\":\"SearchAction\",\"target\":{\"@type\":\"EntryPoint\",\"urlTemplate\":\"https:\/\/blogs.donboscovolunteers.de\/insightsrilanka\/?s={search_term_string}\"},\"query-input\":{\"@type\":\"PropertyValueSpecification\",\"valueRequired\":true,\"valueName\":\"search_term_string\"}}],\"inLanguage\":\"de\"}]}<\/script>\n<!-- \/ Yoast SEO plugin. -->","yoast_head_json":{"title":"Wo es von Neuem beginnt - Insight Sri Lanka","robots":{"index":"index","follow":"follow","max-snippet":"max-snippet:-1","max-image-preview":"max-image-preview:large","max-video-preview":"max-video-preview:-1"},"canonical":"https:\/\/blogs.donboscovolunteers.de\/insightsrilanka\/","og_locale":"de_DE","og_type":"article","og_title":"Wo es von Neuem beginnt - Insight Sri Lanka","og_description":"Hier ein kurzer \u00dcberblick \u00fcber die bisherigen Eintr\u00e4ge: Hey Ihr Lieben! Ihr kennt ja wahrscheinlich schon die kleine \u00dcbersichtsseite zu Vijayawada, damit ihr aber auch etwas \u00fcber den Ort wisst, an dem ich vermutlich (hoffentlich) tats\u00e4chlich meinen Freiwilligendienst verbringen werden, hier ein paar Infos \u00fcber die Einsatzstelle in Sri Lanka. Pallawarayankattu ist ein super kleiner [&hellip;]","og_url":"https:\/\/blogs.donboscovolunteers.de\/insightsrilanka\/","og_site_name":"Insight Sri Lanka","article_modified_time":"2026-03-29T11:20:16+00:00","og_image":[{"width":538,"height":192,"url":"https:\/\/blogs.donboscovolunteers.de\/insightsrilanka\/wp-content\/uploads\/sites\/21771\/2025\/11\/inde25-mit-Pfeil-e1765054684930.png","type":"image\/png"}],"twitter_card":"summary_large_image","twitter_misc":{"Gesch\u00e4tzte Lesezeit":"3\u00a0Minuten"},"schema":{"@context":"https:\/\/schema.org","@graph":[{"@type":"WebPage","@id":"https:\/\/blogs.donboscovolunteers.de\/insightsrilanka\/","url":"https:\/\/blogs.donboscovolunteers.de\/insightsrilanka\/","name":"Wo es von Neuem beginnt - Insight Sri Lanka","isPartOf":{"@id":"https:\/\/blogs.donboscovolunteers.de\/insightsrilanka\/#website"},"primaryImageOfPage":{"@id":"https:\/\/blogs.donboscovolunteers.de\/insightsrilanka\/#primaryimage"},"image":{"@id":"https:\/\/blogs.donboscovolunteers.de\/insightsrilanka\/#primaryimage"},"thumbnailUrl":"https:\/\/blogs.donboscovolunteers.de\/insightsrilanka\/wp-content\/uploads\/sites\/21771\/2025\/11\/inde25-mit-Pfeil.png","datePublished":"2025-11-28T19:56:37+00:00","dateModified":"2026-03-29T11:20:16+00:00","breadcrumb":{"@id":"https:\/\/blogs.donboscovolunteers.de\/insightsrilanka\/#breadcrumb"},"inLanguage":"de","potentialAction":[{"@type":"ReadAction","target":["https:\/\/blogs.donboscovolunteers.de\/insightsrilanka\/"]}]},{"@type":"ImageObject","inLanguage":"de","@id":"https:\/\/blogs.donboscovolunteers.de\/insightsrilanka\/#primaryimage","url":"https:\/\/blogs.donboscovolunteers.de\/insightsrilanka\/wp-content\/uploads\/sites\/21771\/2025\/11\/inde25-mit-Pfeil-e1765054684930.png","contentUrl":"https:\/\/blogs.donboscovolunteers.de\/insightsrilanka\/wp-content\/uploads\/sites\/21771\/2025\/11\/inde25-mit-Pfeil-e1765054684930.png","width":538,"height":192},{"@type":"BreadcrumbList","@id":"https:\/\/blogs.donboscovolunteers.de\/insightsrilanka\/#breadcrumb","itemListElement":[{"@type":"ListItem","position":1,"name":"Startseite","item":"https:\/\/blogs.donboscovolunteers.de\/insightsrilanka\/"},{"@type":"ListItem","position":2,"name":"Wo es von Neuem beginnt"}]},{"@type":"WebSite","@id":"https:\/\/blogs.donboscovolunteers.de\/insightsrilanka\/#website","url":"https:\/\/blogs.donboscovolunteers.de\/insightsrilanka\/","name":"Insight Sri Lanka","description":"(Fast) Ein Jahr in Pallavarayankattu","potentialAction":[{"@type":"SearchAction","target":{"@type":"EntryPoint","urlTemplate":"https:\/\/blogs.donboscovolunteers.de\/insightsrilanka\/?s={search_term_string}"},"query-input":{"@type":"PropertyValueSpecification","valueRequired":true,"valueName":"search_term_string"}}],"inLanguage":"de"}]}},"_links":{"self":[{"href":"https:\/\/blogs.donboscovolunteers.de\/insightsrilanka\/wp-json\/wp\/v2\/pages\/205","targetHints":{"allow":["GET"]}}],"collection":[{"href":"https:\/\/blogs.donboscovolunteers.de\/insightsrilanka\/wp-json\/wp\/v2\/pages"}],"about":[{"href":"https:\/\/blogs.donboscovolunteers.de\/insightsrilanka\/wp-json\/wp\/v2\/types\/page"}],"author":[{"embeddable":true,"href":"https:\/\/blogs.donboscovolunteers.de\/insightsrilanka\/wp-json\/wp\/v2\/users\/21887"}],"replies":[{"embeddable":true,"href":"https:\/\/blogs.donboscovolunteers.de\/insightsrilanka\/wp-json\/wp\/v2\/comments?post=205"}],"version-history":[{"count":29,"href":"https:\/\/blogs.donboscovolunteers.de\/insightsrilanka\/wp-json\/wp\/v2\/pages\/205\/revisions"}],"predecessor-version":[{"id":506,"href":"https:\/\/blogs.donboscovolunteers.de\/insightsrilanka\/wp-json\/wp\/v2\/pages\/205\/revisions\/506"}],"wp:attachment":[{"href":"https:\/\/blogs.donboscovolunteers.de\/insightsrilanka\/wp-json\/wp\/v2\/media?parent=205"}],"curies":[{"name":"wp","href":"https:\/\/api.w.org\/{rel}","templated":true}]}}