{"id":30,"date":"2022-09-08T19:35:16","date_gmt":"2022-09-08T17:35:16","guid":{"rendered":"https:\/\/blogs.donboscovolunteers.de\/indertatinindien\/?page_id=30"},"modified":"2022-11-04T11:35:21","modified_gmt":"2022-11-04T10:35:21","slug":"ueber-mich","status":"publish","type":"page","link":"https:\/\/blogs.donboscovolunteers.de\/indertatinindien\/ueber-mich\/","title":{"rendered":"\u00dcber mich"},"content":{"rendered":"<p>Hall\u00f6chen<\/p>\n\n\n\n<p>Es freut mich, dass du auf meinem Blog gelandet bist.<br>Mein Name ist Hannah, ich bin 19 Jahre alt und wohne mit meinen Eltern, meiner kleinen Schwester, meinem gro\u00dfen Bruder und unserem Kater Oreo in dem sch\u00f6nen \u00d6rtchen Hechingen-Boll.<\/p>\n\n\n\n<p>In meiner Freizeit fotografiere ich gerne, spiele Cello, mache Kampfkunst und spiele Theater. Ich hab gerade mein Abitur an einem sozialwissenschaftlichen Gymnasium gemacht und bin jetzt bereit f\u00fcr ein neues Abenteuer. Da ich immer schon vor hatte mit Kindern und Jugendlichen zu arbeiten und sehr gerne reise habe ich mich f\u00fcr ein Jahr als <a href=\"http:\/\/www.donboscovolunteers.de\" target=\"_blank\" rel=\"noreferrer noopener\">Don Bosco Volunteer<\/a> entschieden.<\/p>\n\n\n\n<p>Damit ihr mich besser kennenlernen k\u00f6nnt habe ich euch 10 fun facts \u00fcber mich zusammengestellt:<\/p>\n\n\n\n<ol class=\"wp-block-list\" type=\"1\">\n<li>Ich esse mein Nutella-Brot gerne mit einer Scheibe K\u00e4se<\/li>\n\n\n\n<li>Ich summe und rede im Schlaf<\/li>\n\n\n\n<li>Meine Lieblingsblumen sind Sonnenblume<\/li>\n\n\n\n<li>Ich habe leider keinen gr\u00fcnen Daumen (RIP Ulla, Ulfinchen, Ulrike und Ulf)<\/li>\n\n\n\n<li>Die sauren Wunderlandgummib\u00e4rchen von Katjes sind die besten Gummib\u00e4rchen auf diesem Erdball<\/li>\n\n\n\n<li>Ich habe immer zwei unterschiedliche Socken an<\/li>\n\n\n\n<li>Quokkas sind meiner Meinung nach die s\u00fc\u00dfesten Tiere die es gibt<\/li>\n\n\n\n<li>Ich habe eine gro\u00dfe Liebe f\u00fcr anatomische Zeichnungen<\/li>\n\n\n\n<li>Ich habe schon immer H\u00fcte und Kopfbedeckungen geliebt (ich hatte auch \u00fcber ein Jahr immer eine Panda-M\u00fctze auf)<\/li>\n\n\n\n<li>Als Kind war ich schon \u00fcberall, mit meinem Motorrad. (Jedenfalls habe ich das erz\u00e4hlt)\ud83d\ude09<\/li>\n<\/ol>\n\n\n\n<figure class=\"wp-block-gallery has-nested-images columns-default is-cropped wp-block-gallery-1 is-layout-flex wp-block-gallery-is-layout-flex\">\n<figure class=\"wp-block-image size-large\"><img loading=\"lazy\" decoding=\"async\" width=\"627\" height=\"1024\" data-id=\"53\" src=\"https:\/\/blogs.donboscovolunteers.de\/indertatinindien\/wp-content\/uploads\/sites\/21641\/2022\/09\/BlogBildBaer-3-627x1024.jpg\" alt=\"\" class=\"wp-image-53\" srcset=\"https:\/\/blogs.donboscovolunteers.de\/indertatinindien\/wp-content\/uploads\/sites\/21641\/2022\/09\/BlogBildBaer-3-627x1024.jpg 627w, https:\/\/blogs.donboscovolunteers.de\/indertatinindien\/wp-content\/uploads\/sites\/21641\/2022\/09\/BlogBildBaer-3-184x300.jpg 184w, https:\/\/blogs.donboscovolunteers.de\/indertatinindien\/wp-content\/uploads\/sites\/21641\/2022\/09\/BlogBildBaer-3-768x1254.jpg 768w, https:\/\/blogs.donboscovolunteers.de\/indertatinindien\/wp-content\/uploads\/sites\/21641\/2022\/09\/BlogBildBaer-3.jpg 784w\" sizes=\"auto, (max-width: 627px) 100vw, 627px\" \/><\/figure>\n\n\n\n<figure class=\"wp-block-image size-large\"><img loading=\"lazy\" decoding=\"async\" width=\"682\" height=\"1024\" data-id=\"55\" src=\"https:\/\/blogs.donboscovolunteers.de\/indertatinindien\/wp-content\/uploads\/sites\/21641\/2022\/09\/BlogBildFoto-2-682x1024.jpg\" alt=\"\" class=\"wp-image-55\" srcset=\"https:\/\/blogs.donboscovolunteers.de\/indertatinindien\/wp-content\/uploads\/sites\/21641\/2022\/09\/BlogBildFoto-2-682x1024.jpg 682w, https:\/\/blogs.donboscovolunteers.de\/indertatinindien\/wp-content\/uploads\/sites\/21641\/2022\/09\/BlogBildFoto-2-200x300.jpg 200w, https:\/\/blogs.donboscovolunteers.de\/indertatinindien\/wp-content\/uploads\/sites\/21641\/2022\/09\/BlogBildFoto-2-768x1152.jpg 768w, https:\/\/blogs.donboscovolunteers.de\/indertatinindien\/wp-content\/uploads\/sites\/21641\/2022\/09\/BlogBildFoto-2.jpg 853w\" sizes=\"auto, (max-width: 682px) 100vw, 682px\" \/><figcaption class=\"wp-element-caption\">Total fokussiert beim fokussieren<\/figcaption><\/figure>\n\n\n\n<figure class=\"wp-block-image size-full\"><img loading=\"lazy\" decoding=\"async\" width=\"314\" height=\"558\" data-id=\"56\" src=\"https:\/\/blogs.donboscovolunteers.de\/indertatinindien\/wp-content\/uploads\/sites\/21641\/2022\/09\/BlogBildPanda-1.png\" alt=\"\" class=\"wp-image-56\" srcset=\"https:\/\/blogs.donboscovolunteers.de\/indertatinindien\/wp-content\/uploads\/sites\/21641\/2022\/09\/BlogBildPanda-1.png 314w, https:\/\/blogs.donboscovolunteers.de\/indertatinindien\/wp-content\/uploads\/sites\/21641\/2022\/09\/BlogBildPanda-1-169x300.png 169w\" sizes=\"auto, (max-width: 314px) 100vw, 314px\" \/><figcaption class=\"wp-element-caption\">Ich und meine Panda M\u00fctze<\/figcaption><\/figure>\n<\/figure>\n\n\n\n<p>Grunds\u00e4tzlich habe ich vor hier so jeden Monat ein kleines Update zu geben, mal schauen wie lange ich das durchhalte \ud83d\ude09<\/p>\n\n\n\n<p>Ich w\u00fcrde mich \u00fcber Kommentare und R\u00fcckmeldungen freuen<\/p>\n\n\n\n<p><\/p>","protected":false},"excerpt":{"rendered":"<p>Hall\u00f6chen Es freut mich, dass du auf meinem Blog gelandet bist.Mein Name ist Hannah, ich bin 19 Jahre alt und wohne mit meinen Eltern, meiner kleinen Schwester, meinem gro\u00dfen Bruder und unserem Kater Oreo in dem sch\u00f6nen \u00d6rtchen Hechingen-Boll. In meiner Freizeit fotografiere ich gerne, spiele Cello, mache Kampfkunst und spiele Theater. Ich hab gerade [&hellip;]<\/p>\n","protected":false},"author":21728,"featured_media":0,"parent":0,"menu_order":0,"comment_status":"closed","ping_status":"closed","template":"","meta":{"footnotes":""},"class_list":["post-30","page","type-page","status-publish","hentry"],"yoast_head":"<!-- This site is optimized with the Yoast SEO plugin v25.3.1 - https:\/\/yoast.com\/wordpress\/plugins\/seo\/ -->\n<title>\u00dcber mich - #indertatinindien<\/title>\n<meta name=\"robots\" content=\"index, follow, max-snippet:-1, max-image-preview:large, max-video-preview:-1\" \/>\n<link rel=\"canonical\" href=\"https:\/\/blogs.donboscovolunteers.de\/indertatinindien\/ueber-mich\/\" \/>\n<meta property=\"og:locale\" content=\"de_DE\" \/>\n<meta property=\"og:type\" content=\"article\" \/>\n<meta property=\"og:title\" content=\"\u00dcber mich - #indertatinindien\" \/>\n<meta property=\"og:description\" content=\"Hall\u00f6chen Es freut mich, dass du auf meinem Blog gelandet bist.Mein Name ist Hannah, ich bin 19 Jahre alt und wohne mit meinen Eltern, meiner kleinen Schwester, meinem gro\u00dfen Bruder und unserem Kater Oreo in dem sch\u00f6nen \u00d6rtchen Hechingen-Boll. In meiner Freizeit fotografiere ich gerne, spiele Cello, mache Kampfkunst und spiele Theater. Ich hab gerade [&hellip;]\" \/>\n<meta property=\"og:url\" content=\"https:\/\/blogs.donboscovolunteers.de\/indertatinindien\/ueber-mich\/\" \/>\n<meta property=\"og:site_name\" content=\"#indertatinindien\" \/>\n<meta property=\"article:modified_time\" content=\"2022-11-04T10:35:21+00:00\" \/>\n<meta property=\"og:image\" content=\"https:\/\/blogs.donboscovolunteers.de\/indertatinindien\/wp-content\/uploads\/sites\/21641\/2022\/09\/BlogBildBaer-3-627x1024.jpg\" \/>\n<meta name=\"twitter:card\" content=\"summary_large_image\" \/>\n<meta name=\"twitter:label1\" content=\"Gesch\u00e4tzte Lesezeit\" \/>\n\t<meta name=\"twitter:data1\" content=\"3\u00a0Minuten\" \/>\n<script type=\"application\/ld+json\" class=\"yoast-schema-graph\">{\"@context\":\"https:\/\/schema.org\",\"@graph\":[{\"@type\":\"WebPage\",\"@id\":\"https:\/\/blogs.donboscovolunteers.de\/indertatinindien\/ueber-mich\/\",\"url\":\"https:\/\/blogs.donboscovolunteers.de\/indertatinindien\/ueber-mich\/\",\"name\":\"\u00dcber mich - #indertatinindien\",\"isPartOf\":{\"@id\":\"https:\/\/blogs.donboscovolunteers.de\/indertatinindien\/#website\"},\"primaryImageOfPage\":{\"@id\":\"https:\/\/blogs.donboscovolunteers.de\/indertatinindien\/ueber-mich\/#primaryimage\"},\"image\":{\"@id\":\"https:\/\/blogs.donboscovolunteers.de\/indertatinindien\/ueber-mich\/#primaryimage\"},\"thumbnailUrl\":\"https:\/\/blogs.donboscovolunteers.de\/indertatinindien\/wp-content\/uploads\/sites\/21641\/2022\/09\/BlogBildBaer-3-627x1024.jpg\",\"datePublished\":\"2022-09-08T17:35:16+00:00\",\"dateModified\":\"2022-11-04T10:35:21+00:00\",\"breadcrumb\":{\"@id\":\"https:\/\/blogs.donboscovolunteers.de\/indertatinindien\/ueber-mich\/#breadcrumb\"},\"inLanguage\":\"de\",\"potentialAction\":[{\"@type\":\"ReadAction\",\"target\":[\"https:\/\/blogs.donboscovolunteers.de\/indertatinindien\/ueber-mich\/\"]}]},{\"@type\":\"ImageObject\",\"inLanguage\":\"de\",\"@id\":\"https:\/\/blogs.donboscovolunteers.de\/indertatinindien\/ueber-mich\/#primaryimage\",\"url\":\"https:\/\/blogs.donboscovolunteers.de\/indertatinindien\/wp-content\/uploads\/sites\/21641\/2022\/09\/BlogBildBaer-3.jpg\",\"contentUrl\":\"https:\/\/blogs.donboscovolunteers.de\/indertatinindien\/wp-content\/uploads\/sites\/21641\/2022\/09\/BlogBildBaer-3.jpg\",\"width\":784,\"height\":1280},{\"@type\":\"BreadcrumbList\",\"@id\":\"https:\/\/blogs.donboscovolunteers.de\/indertatinindien\/ueber-mich\/#breadcrumb\",\"itemListElement\":[{\"@type\":\"ListItem\",\"position\":1,\"name\":\"Startseite\",\"item\":\"https:\/\/blogs.donboscovolunteers.de\/indertatinindien\/\"},{\"@type\":\"ListItem\",\"position\":2,\"name\":\"\u00dcber mich\"}]},{\"@type\":\"WebSite\",\"@id\":\"https:\/\/blogs.donboscovolunteers.de\/indertatinindien\/#website\",\"url\":\"https:\/\/blogs.donboscovolunteers.de\/indertatinindien\/\",\"name\":\"#indertatinindien\",\"description\":\"Meine Erfahrungen als Don Bosco Volo in Vijayawada, Indien\",\"potentialAction\":[{\"@type\":\"SearchAction\",\"target\":{\"@type\":\"EntryPoint\",\"urlTemplate\":\"https:\/\/blogs.donboscovolunteers.de\/indertatinindien\/?s={search_term_string}\"},\"query-input\":{\"@type\":\"PropertyValueSpecification\",\"valueRequired\":true,\"valueName\":\"search_term_string\"}}],\"inLanguage\":\"de\"}]}<\/script>\n<!-- \/ Yoast SEO plugin. -->","yoast_head_json":{"title":"\u00dcber mich - #indertatinindien","robots":{"index":"index","follow":"follow","max-snippet":"max-snippet:-1","max-image-preview":"max-image-preview:large","max-video-preview":"max-video-preview:-1"},"canonical":"https:\/\/blogs.donboscovolunteers.de\/indertatinindien\/ueber-mich\/","og_locale":"de_DE","og_type":"article","og_title":"\u00dcber mich - #indertatinindien","og_description":"Hall\u00f6chen Es freut mich, dass du auf meinem Blog gelandet bist.Mein Name ist Hannah, ich bin 19 Jahre alt und wohne mit meinen Eltern, meiner kleinen Schwester, meinem gro\u00dfen Bruder und unserem Kater Oreo in dem sch\u00f6nen \u00d6rtchen Hechingen-Boll. In meiner Freizeit fotografiere ich gerne, spiele Cello, mache Kampfkunst und spiele Theater. Ich hab gerade [&hellip;]","og_url":"https:\/\/blogs.donboscovolunteers.de\/indertatinindien\/ueber-mich\/","og_site_name":"#indertatinindien","article_modified_time":"2022-11-04T10:35:21+00:00","og_image":[{"url":"https:\/\/blogs.donboscovolunteers.de\/indertatinindien\/wp-content\/uploads\/sites\/21641\/2022\/09\/BlogBildBaer-3-627x1024.jpg","type":"","width":"","height":""}],"twitter_card":"summary_large_image","twitter_misc":{"Gesch\u00e4tzte Lesezeit":"3\u00a0Minuten"},"schema":{"@context":"https:\/\/schema.org","@graph":[{"@type":"WebPage","@id":"https:\/\/blogs.donboscovolunteers.de\/indertatinindien\/ueber-mich\/","url":"https:\/\/blogs.donboscovolunteers.de\/indertatinindien\/ueber-mich\/","name":"\u00dcber mich - #indertatinindien","isPartOf":{"@id":"https:\/\/blogs.donboscovolunteers.de\/indertatinindien\/#website"},"primaryImageOfPage":{"@id":"https:\/\/blogs.donboscovolunteers.de\/indertatinindien\/ueber-mich\/#primaryimage"},"image":{"@id":"https:\/\/blogs.donboscovolunteers.de\/indertatinindien\/ueber-mich\/#primaryimage"},"thumbnailUrl":"https:\/\/blogs.donboscovolunteers.de\/indertatinindien\/wp-content\/uploads\/sites\/21641\/2022\/09\/BlogBildBaer-3-627x1024.jpg","datePublished":"2022-09-08T17:35:16+00:00","dateModified":"2022-11-04T10:35:21+00:00","breadcrumb":{"@id":"https:\/\/blogs.donboscovolunteers.de\/indertatinindien\/ueber-mich\/#breadcrumb"},"inLanguage":"de","potentialAction":[{"@type":"ReadAction","target":["https:\/\/blogs.donboscovolunteers.de\/indertatinindien\/ueber-mich\/"]}]},{"@type":"ImageObject","inLanguage":"de","@id":"https:\/\/blogs.donboscovolunteers.de\/indertatinindien\/ueber-mich\/#primaryimage","url":"https:\/\/blogs.donboscovolunteers.de\/indertatinindien\/wp-content\/uploads\/sites\/21641\/2022\/09\/BlogBildBaer-3.jpg","contentUrl":"https:\/\/blogs.donboscovolunteers.de\/indertatinindien\/wp-content\/uploads\/sites\/21641\/2022\/09\/BlogBildBaer-3.jpg","width":784,"height":1280},{"@type":"BreadcrumbList","@id":"https:\/\/blogs.donboscovolunteers.de\/indertatinindien\/ueber-mich\/#breadcrumb","itemListElement":[{"@type":"ListItem","position":1,"name":"Startseite","item":"https:\/\/blogs.donboscovolunteers.de\/indertatinindien\/"},{"@type":"ListItem","position":2,"name":"\u00dcber mich"}]},{"@type":"WebSite","@id":"https:\/\/blogs.donboscovolunteers.de\/indertatinindien\/#website","url":"https:\/\/blogs.donboscovolunteers.de\/indertatinindien\/","name":"#indertatinindien","description":"Meine Erfahrungen als Don Bosco Volo in Vijayawada, Indien","potentialAction":[{"@type":"SearchAction","target":{"@type":"EntryPoint","urlTemplate":"https:\/\/blogs.donboscovolunteers.de\/indertatinindien\/?s={search_term_string}"},"query-input":{"@type":"PropertyValueSpecification","valueRequired":true,"valueName":"search_term_string"}}],"inLanguage":"de"}]}},"_links":{"self":[{"href":"https:\/\/blogs.donboscovolunteers.de\/indertatinindien\/wp-json\/wp\/v2\/pages\/30","targetHints":{"allow":["GET"]}}],"collection":[{"href":"https:\/\/blogs.donboscovolunteers.de\/indertatinindien\/wp-json\/wp\/v2\/pages"}],"about":[{"href":"https:\/\/blogs.donboscovolunteers.de\/indertatinindien\/wp-json\/wp\/v2\/types\/page"}],"author":[{"embeddable":true,"href":"https:\/\/blogs.donboscovolunteers.de\/indertatinindien\/wp-json\/wp\/v2\/users\/21728"}],"replies":[{"embeddable":true,"href":"https:\/\/blogs.donboscovolunteers.de\/indertatinindien\/wp-json\/wp\/v2\/comments?post=30"}],"version-history":[{"count":7,"href":"https:\/\/blogs.donboscovolunteers.de\/indertatinindien\/wp-json\/wp\/v2\/pages\/30\/revisions"}],"predecessor-version":[{"id":64,"href":"https:\/\/blogs.donboscovolunteers.de\/indertatinindien\/wp-json\/wp\/v2\/pages\/30\/revisions\/64"}],"wp:attachment":[{"href":"https:\/\/blogs.donboscovolunteers.de\/indertatinindien\/wp-json\/wp\/v2\/media?parent=30"}],"curies":[{"name":"wp","href":"https:\/\/api.w.org\/{rel}","templated":true}]}}