{"id":6,"date":"2019-09-12T18:22:27","date_gmt":"2019-09-12T16:22:27","guid":{"rendered":"https:\/\/blogs.donboscovolunteers.de\/gregorkirchner\/?page_id=6"},"modified":"2019-09-12T18:23:55","modified_gmt":"2019-09-12T16:23:55","slug":"ueber-mich","status":"publish","type":"page","link":"https:\/\/blogs.donboscovolunteers.de\/gregorkirchner\/ueber-mich\/","title":{"rendered":"\u00dcber mich"},"content":{"rendered":"<p>Hallo! Mein Name ist Gregor Kirchner, ich bin 18 Jahre alt und wohne in der Grafschaft, in der N\u00e4he der Kleinstadt Bad Neuenahr-Ahrweiler. Dort habe ich im M\u00e4rz diesen Jahres am Gymnasium Calvarienberg mein Abitur bestanden und starte nun meinen einj\u00e4hrigen <a href=\"https:\/\/www.donboscovolunteers.de\/\">Freiwilligendienst<\/a> auf dem <a href=\"https:\/\/www.donboscomission.de\/don-bosco\/\">Don Bosco<\/a> Campus in Mansa (Sambia). Ich habe zwei Schwestern, eine kleine und eine gro\u00dfe Schwester. Meine kleine Schwester besucht aktuell die Oberstufe am Gymnasium Calvarienberg und meine gro\u00dfe Schwester beginnt im Oktober ihr Studium in Jena.<\/p>\n\n\n\n<p>In meiner Freizeit bin ich sehr sportlich unterwegs. Ich\nspiele in der 2. Mannschaft der Grafschafter SG, gehe ins Fitnessstudio oder\ntreffe mich mit Freunden. Besonders oft treffen wir uns in Bad\nNeuenahr-Ahrweiler an der Ahr oder in den Weinbergen.<\/p>\n\n\n\n<p>Besonders engagiere ich mich auch in der Gemeinde, als Oberministrant\nund bei der Durchf\u00fchrung von Pfarr- und Gemeindefesten.<\/p>\n\n\n\n<p>Das war\u00b4s soweit zu mir! Genauere Infos zu meinen Erfahrungen und Erlebnissen w\u00e4hrend meines Freiwilligendienstes werden hier in meinem Blog folgen. <\/p>","protected":false},"excerpt":{"rendered":"<p>Hallo! Mein Name ist Gregor Kirchner, ich bin 18 Jahre alt und wohne in der Grafschaft, in der N\u00e4he der Kleinstadt Bad Neuenahr-Ahrweiler. Dort habe ich im M\u00e4rz diesen Jahres am Gymnasium Calvarienberg mein Abitur bestanden und starte nun meinen einj\u00e4hrigen <a href=\"https:\/\/www.donboscovolunteers.de\/\">Freiwilligendienst<\/a> auf dem <a href=\"https:\/\/www.donboscomission.de\/don-bosco\/\">Don Bosco<\/a> Campus in Mansa (Sambia). Ich habe zwei Schwestern, eine [&hellip;]<\/p>\n","protected":false},"author":21671,"featured_media":0,"parent":0,"menu_order":0,"comment_status":"closed","ping_status":"closed","template":"","meta":{"footnotes":""},"class_list":["post-6","page","type-page","status-publish","hentry"],"yoast_head":"<!-- This site is optimized with the Yoast SEO plugin v25.3.1 - https:\/\/yoast.com\/wordpress\/plugins\/seo\/ -->\n<title>\u00dcber mich - Gregor goes to Sambia<\/title>\n<meta name=\"robots\" content=\"index, follow, max-snippet:-1, max-image-preview:large, max-video-preview:-1\" \/>\n<link rel=\"canonical\" href=\"https:\/\/blogs.donboscovolunteers.de\/gregorkirchner\/ueber-mich\/\" \/>\n<meta property=\"og:locale\" content=\"de_DE\" \/>\n<meta property=\"og:type\" content=\"article\" \/>\n<meta property=\"og:title\" content=\"\u00dcber mich - Gregor goes to Sambia\" \/>\n<meta property=\"og:description\" content=\"Hallo! Mein Name ist Gregor Kirchner, ich bin 18 Jahre alt und wohne in der Grafschaft, in der N\u00e4he der Kleinstadt Bad Neuenahr-Ahrweiler. Dort habe ich im M\u00e4rz diesen Jahres am Gymnasium Calvarienberg mein Abitur bestanden und starte nun meinen einj\u00e4hrigen Freiwilligendienst auf dem Don Bosco Campus in Mansa (Sambia). Ich habe zwei Schwestern, eine [&hellip;]\" \/>\n<meta property=\"og:url\" content=\"https:\/\/blogs.donboscovolunteers.de\/gregorkirchner\/ueber-mich\/\" \/>\n<meta property=\"og:site_name\" content=\"Gregor goes to Sambia\" \/>\n<meta property=\"article:modified_time\" content=\"2019-09-12T16:23:55+00:00\" \/>\n<meta name=\"twitter:card\" content=\"summary_large_image\" \/>\n<meta name=\"twitter:label1\" content=\"Gesch\u00e4tzte Lesezeit\" \/>\n\t<meta name=\"twitter:data1\" content=\"1\u00a0Minute\" \/>\n<script type=\"application\/ld+json\" class=\"yoast-schema-graph\">{\"@context\":\"https:\/\/schema.org\",\"@graph\":[{\"@type\":\"WebPage\",\"@id\":\"https:\/\/blogs.donboscovolunteers.de\/gregorkirchner\/ueber-mich\/\",\"url\":\"https:\/\/blogs.donboscovolunteers.de\/gregorkirchner\/ueber-mich\/\",\"name\":\"\u00dcber mich - Gregor goes to Sambia\",\"isPartOf\":{\"@id\":\"https:\/\/blogs.donboscovolunteers.de\/gregorkirchner\/#website\"},\"datePublished\":\"2019-09-12T16:22:27+00:00\",\"dateModified\":\"2019-09-12T16:23:55+00:00\",\"breadcrumb\":{\"@id\":\"https:\/\/blogs.donboscovolunteers.de\/gregorkirchner\/ueber-mich\/#breadcrumb\"},\"inLanguage\":\"de\",\"potentialAction\":[{\"@type\":\"ReadAction\",\"target\":[\"https:\/\/blogs.donboscovolunteers.de\/gregorkirchner\/ueber-mich\/\"]}]},{\"@type\":\"BreadcrumbList\",\"@id\":\"https:\/\/blogs.donboscovolunteers.de\/gregorkirchner\/ueber-mich\/#breadcrumb\",\"itemListElement\":[{\"@type\":\"ListItem\",\"position\":1,\"name\":\"Startseite\",\"item\":\"https:\/\/blogs.donboscovolunteers.de\/gregorkirchner\/\"},{\"@type\":\"ListItem\",\"position\":2,\"name\":\"\u00dcber mich\"}]},{\"@type\":\"WebSite\",\"@id\":\"https:\/\/blogs.donboscovolunteers.de\/gregorkirchner\/#website\",\"url\":\"https:\/\/blogs.donboscovolunteers.de\/gregorkirchner\/\",\"name\":\"Gregor goes to Sambia\",\"description\":\"Eine weitere Don Bosco Volunteers Blogs Website\",\"potentialAction\":[{\"@type\":\"SearchAction\",\"target\":{\"@type\":\"EntryPoint\",\"urlTemplate\":\"https:\/\/blogs.donboscovolunteers.de\/gregorkirchner\/?s={search_term_string}\"},\"query-input\":{\"@type\":\"PropertyValueSpecification\",\"valueRequired\":true,\"valueName\":\"search_term_string\"}}],\"inLanguage\":\"de\"}]}<\/script>\n<!-- \/ Yoast SEO plugin. -->","yoast_head_json":{"title":"\u00dcber mich - Gregor goes to Sambia","robots":{"index":"index","follow":"follow","max-snippet":"max-snippet:-1","max-image-preview":"max-image-preview:large","max-video-preview":"max-video-preview:-1"},"canonical":"https:\/\/blogs.donboscovolunteers.de\/gregorkirchner\/ueber-mich\/","og_locale":"de_DE","og_type":"article","og_title":"\u00dcber mich - Gregor goes to Sambia","og_description":"Hallo! Mein Name ist Gregor Kirchner, ich bin 18 Jahre alt und wohne in der Grafschaft, in der N\u00e4he der Kleinstadt Bad Neuenahr-Ahrweiler. Dort habe ich im M\u00e4rz diesen Jahres am Gymnasium Calvarienberg mein Abitur bestanden und starte nun meinen einj\u00e4hrigen Freiwilligendienst auf dem Don Bosco Campus in Mansa (Sambia). Ich habe zwei Schwestern, eine [&hellip;]","og_url":"https:\/\/blogs.donboscovolunteers.de\/gregorkirchner\/ueber-mich\/","og_site_name":"Gregor goes to Sambia","article_modified_time":"2019-09-12T16:23:55+00:00","twitter_card":"summary_large_image","twitter_misc":{"Gesch\u00e4tzte Lesezeit":"1\u00a0Minute"},"schema":{"@context":"https:\/\/schema.org","@graph":[{"@type":"WebPage","@id":"https:\/\/blogs.donboscovolunteers.de\/gregorkirchner\/ueber-mich\/","url":"https:\/\/blogs.donboscovolunteers.de\/gregorkirchner\/ueber-mich\/","name":"\u00dcber mich - Gregor goes to Sambia","isPartOf":{"@id":"https:\/\/blogs.donboscovolunteers.de\/gregorkirchner\/#website"},"datePublished":"2019-09-12T16:22:27+00:00","dateModified":"2019-09-12T16:23:55+00:00","breadcrumb":{"@id":"https:\/\/blogs.donboscovolunteers.de\/gregorkirchner\/ueber-mich\/#breadcrumb"},"inLanguage":"de","potentialAction":[{"@type":"ReadAction","target":["https:\/\/blogs.donboscovolunteers.de\/gregorkirchner\/ueber-mich\/"]}]},{"@type":"BreadcrumbList","@id":"https:\/\/blogs.donboscovolunteers.de\/gregorkirchner\/ueber-mich\/#breadcrumb","itemListElement":[{"@type":"ListItem","position":1,"name":"Startseite","item":"https:\/\/blogs.donboscovolunteers.de\/gregorkirchner\/"},{"@type":"ListItem","position":2,"name":"\u00dcber mich"}]},{"@type":"WebSite","@id":"https:\/\/blogs.donboscovolunteers.de\/gregorkirchner\/#website","url":"https:\/\/blogs.donboscovolunteers.de\/gregorkirchner\/","name":"Gregor goes to Sambia","description":"Eine weitere Don Bosco Volunteers Blogs Website","potentialAction":[{"@type":"SearchAction","target":{"@type":"EntryPoint","urlTemplate":"https:\/\/blogs.donboscovolunteers.de\/gregorkirchner\/?s={search_term_string}"},"query-input":{"@type":"PropertyValueSpecification","valueRequired":true,"valueName":"search_term_string"}}],"inLanguage":"de"}]}},"_links":{"self":[{"href":"https:\/\/blogs.donboscovolunteers.de\/gregorkirchner\/wp-json\/wp\/v2\/pages\/6","targetHints":{"allow":["GET"]}}],"collection":[{"href":"https:\/\/blogs.donboscovolunteers.de\/gregorkirchner\/wp-json\/wp\/v2\/pages"}],"about":[{"href":"https:\/\/blogs.donboscovolunteers.de\/gregorkirchner\/wp-json\/wp\/v2\/types\/page"}],"author":[{"embeddable":true,"href":"https:\/\/blogs.donboscovolunteers.de\/gregorkirchner\/wp-json\/wp\/v2\/users\/21671"}],"replies":[{"embeddable":true,"href":"https:\/\/blogs.donboscovolunteers.de\/gregorkirchner\/wp-json\/wp\/v2\/comments?post=6"}],"version-history":[{"count":2,"href":"https:\/\/blogs.donboscovolunteers.de\/gregorkirchner\/wp-json\/wp\/v2\/pages\/6\/revisions"}],"predecessor-version":[{"id":8,"href":"https:\/\/blogs.donboscovolunteers.de\/gregorkirchner\/wp-json\/wp\/v2\/pages\/6\/revisions\/8"}],"wp:attachment":[{"href":"https:\/\/blogs.donboscovolunteers.de\/gregorkirchner\/wp-json\/wp\/v2\/media?parent=6"}],"curies":[{"name":"wp","href":"https:\/\/api.w.org\/{rel}","templated":true}]}}