{"id":293,"date":"2012-10-18T16:32:54","date_gmt":"2012-10-18T16:32:54","guid":{"rendered":"https:\/\/blogs.donboscovolunteers.de\/elisainkenia\/?page_id=293"},"modified":"2012-11-26T09:04:27","modified_gmt":"2012-11-26T09:04:27","slug":"mein-projekt","status":"publish","type":"page","link":"https:\/\/blogs.donboscovolunteers.de\/elisainkenia\/?page_id=293","title":{"rendered":"Mein Projekt"},"content":{"rendered":"<p style=\"text-align: center\"><a rel=\"attachment wp-att-294\" href=\"https:\/\/blogs.donboscovolunteers.de\/elisainkenia\/?attachment_id=294\"><img loading=\"lazy\" decoding=\"async\" class=\"size-medium wp-image-294 aligncenter\" src=\"https:\/\/blogs.donboscovolunteers.de\/elisainkenia\/wp-content\/uploads\/sites\/19634\/2012\/10\/DSCI0037-2-300x225.jpg\" alt=\"\" width=\"300\" height=\"225\" srcset=\"https:\/\/blogs.donboscovolunteers.de\/elisainkenia\/wp-content\/uploads\/sites\/19634\/2012\/10\/DSCI0037-2-300x225.jpg 300w, https:\/\/blogs.donboscovolunteers.de\/elisainkenia\/wp-content\/uploads\/sites\/19634\/2012\/10\/DSCI0037-2-150x112.jpg 150w, https:\/\/blogs.donboscovolunteers.de\/elisainkenia\/wp-content\/uploads\/sites\/19634\/2012\/10\/DSCI0037-2-1024x768.jpg 1024w, https:\/\/blogs.donboscovolunteers.de\/elisainkenia\/wp-content\/uploads\/sites\/19634\/2012\/10\/DSCI0037-2-80x60.jpg 80w\" sizes=\"auto, (max-width: 300px) 100vw, 300px\" \/><\/a><\/p>\n<p>Die gesamte Mission in Makuyu l\u00e4sst sich am besten in zwei Bereiche unterteilen. In den der Salesianer und den der <a href=\"https:\/\/www.donboscomission.de\/don-bosco\/\">Don Bosco<\/a> Schwestern.<\/p>\n<p>Die Salesianer leiten und betreuen zun\u00e4chst ein Ausbildungszentrum (Technical Center) mit verschiedenen M\u00f6glichkeiten zur Schulung f\u00fcr das Berufsleben. Neben einer Autowerkstatt, einer Schreinerei und M\u00f6belwerkstatt, bietet Makuyu Jugendlichen eine Ausbildung zum Installateur und Elektriker. Hier finden sich haupts\u00e4chlich m\u00e4nnliche Auszubildende.<\/p>\n<p>Besonders hervorzuheben ist allerdingt die Druckerei. Dort lernen die jungen Frauen und M\u00e4nner den Umgang mit industriellen Druckmaschinen und die Fertigung verschiedener Printmedien vom Design am Computer, \u00fcber den Druckvorgang und das Zuschneiden bis zur Endfertigung und Verpackung zur Lieferung. Die Druckerei erh\u00e4lt Auftr\u00e4ge von kirchlichen Einrichtungen aus ganz Kenia. Die Einnahmen finanzieren das Projekt zu einem gro\u00dfen Teil, wobei diese einen bestimmten Satz nicht \u00fcberschreiten d\u00fcrfen, damit die Arbeit nicht allein dem Profit dient. Die Inhalte der Printmedien sind stets religi\u00f6ser Herkunft und oft f\u00e4llt mir bei der Arbeit dort der Papst in die H\u00e4nde.<\/p>\n<p>Au\u00dferdem findet sich auf dem Gel\u00e4nde der Salesianer ein Oratory, eine Art Heim f\u00fcr Jungen. Die Jungs, die hier leben gehen hier zu Schule oder machen eine Ausbildung.<br \/>\nIn ihren Familien gibt es oft Probleme, die Eltern k\u00f6nnen das Schulgeld nicht aufbringen oder sie leben zu weit au\u00dferhalb. Einige kommen aber auch aus Nairobi und mussten dort f\u00fcr ihre Familien auf der Stra\u00dfe arbeiten. Es gibt auch F\u00e4lle, bei denen die Jugendlichen keine Eltern mehr haben oder von zu Hause weggelaufen sind.<br \/>\nHauptziel der Arbeit von Don Bosco Einrichtungen ist die Reintegration in die Familie und die Sicherung einer Ausbildung bis zu einem Arbeitsplatz.<br \/>\nDas Geb\u00e4ude des Oratory ist f\u00fcr die Anzahl der Bewohner viel zu klein, die Sanit\u00e4ranlagen sind stark renovierungsbed\u00fcrftig und bei den Mahlzeiten m\u00fcssen die Jungen auf den wenig gem\u00fctlichen Speiseraum im Technical Center ausweichen.<br \/>\nMit der Bau eines neuen Heimes hat schon begonnen, aber der kann nur solange fortgef\u00fchrt werden, solange die Mittel zur Verf\u00fcgung stehen.<br \/>\nIch hoffe ich kann die Jungs hier mit <strong><em>eurer Hilfe<\/em><\/strong> finanziell unterst\u00fctzen, damit ich hier w\u00e4hrend meines Dienstes noch beim Umzug helfen kann!!<\/p>\n<p>Die Nursery (Kindergarten) und die Primary (1.-8.Klasse) wird von Sr. Margret geleitet. Die Kinder, die hier zur Schule gehen kommen aus Makuyu und den umliegenden D\u00f6rfern. Hier gebe ich Kunst- und Sportunterricht in der 1. bis 3.Klasse.<\/p>\n<p>Die Schwestern bieten als Gegenst\u00fcck zum Technical Center ein Trainingscenter f\u00fcr junge Frauen. Angeboten wird hier die Ausbildung zur Strickerin, N\u00e4herin von Anz\u00fcgen und anderen Kleidungsst\u00fccken sowie zur Kosmetikerin.<\/p>\n<p>Auch hier gibt es das Girls Home Maria Mazarello f\u00fcr M\u00e4dchen im Alter von 5 bis 15. Die Hintergr\u00fcnde der M\u00e4dchen sind vergleichbar mit denen der Jungen. Hier sind die Schwestern und Erzieherinnen nicht nur Organisatorinnen, sondern auch Ansprechpartnerinnen f\u00fcr Probleme jeglicher Art.<\/p>\n<p>Die Secondary (4 Jahre, vergleichbar mit deutscher Oberstufe) wird von Sr. Leticia geleitet. Hier werde ich samstags in der Study Time oder Lernbetreuung, Nachhilfe in Biologie und Chemie geben.<\/p>\n<p>In der gesamten Mission spielt nat\u00fcrlich die religi\u00f6se Erziehung im christlichen Sinne eine gro\u00dfe Rolle. Nicht nur in der Schule, sondern auch in den Berufsschulen ist der Religionsunterricht fester Bestandteil des Stundenplans. Dazu z\u00e4hlt aber auch das t\u00e4gliche Gebet vor und nach der Schule bzw. Arbeit.<\/p>\n<p>Neben der Hauptpfarrei in Makuyu, z\u00e4hlen noch 16 weitere Pfarren zum Arbeitsbereich der Fathers. Sonntags m\u00fcssen diese dann zu den Outstations fahren, um f\u00fcr die Bewohner der D\u00f6rfer die Messe zu halten.<\/p>\n<p>In allen Bereichen Arbeiten die Salesianer mit den Schwestern Hand in Hand und eine direkte Trennung l\u00e4sst sich eigentlich nicht machen.<br \/>\nIch erlebe die Mission als einen Ort, der jedem der Hilfe braucht, diese auch anbietet. Wer sich hier engagiert bekommt Vertrauen und eine helfende Hand entgegen gebracht!!<\/p>\n","protected":false},"excerpt":{"rendered":"<p>Die gesamte Mission in Makuyu l\u00e4sst sich am besten in zwei Bereiche unterteilen. In den der Salesianer und den der <a href=\"https:\/\/www.donboscomission.de\/don-bosco\/\">Don Bosco<\/a> Schwestern. Die Salesianer leiten und betreuen zun\u00e4chst ein Ausbildungszentrum (Technical Center) mit verschiedenen M\u00f6glichkeiten zur Schulung f\u00fcr das Berufsleben. Neben einer Autowerkstatt, einer Schreinerei und M\u00f6belwerkstatt, bietet Makuyu Jugendlichen eine Ausbildung zum Installateur [&hellip;]<\/p>\n","protected":false},"author":19671,"featured_media":294,"parent":0,"menu_order":0,"comment_status":"open","ping_status":"closed","template":"","meta":{"footnotes":""},"class_list":["post-293","page","type-page","status-publish","has-post-thumbnail","hentry"],"yoast_head":"<!-- This site is optimized with the Yoast SEO plugin v25.3.1 - https:\/\/yoast.com\/wordpress\/plugins\/seo\/ -->\n<title>Mein Projekt - Ein Jahr Kenia<\/title>\n<meta name=\"robots\" content=\"index, follow, max-snippet:-1, max-image-preview:large, max-video-preview:-1\" \/>\n<link rel=\"canonical\" href=\"https:\/\/blogs.donboscovolunteers.de\/elisainkenia\/?page_id=293\" \/>\n<meta property=\"og:locale\" content=\"de_DE\" \/>\n<meta property=\"og:type\" content=\"article\" \/>\n<meta property=\"og:title\" content=\"Mein Projekt - Ein Jahr Kenia\" \/>\n<meta property=\"og:description\" content=\"Die gesamte Mission in Makuyu l\u00e4sst sich am besten in zwei Bereiche unterteilen. In den der Salesianer und den der Don Bosco Schwestern. Die Salesianer leiten und betreuen zun\u00e4chst ein Ausbildungszentrum (Technical Center) mit verschiedenen M\u00f6glichkeiten zur Schulung f\u00fcr das Berufsleben. Neben einer Autowerkstatt, einer Schreinerei und M\u00f6belwerkstatt, bietet Makuyu Jugendlichen eine Ausbildung zum Installateur [&hellip;]\" \/>\n<meta property=\"og:url\" content=\"https:\/\/blogs.donboscovolunteers.de\/elisainkenia\/?page_id=293\" \/>\n<meta property=\"og:site_name\" content=\"Ein Jahr Kenia\" \/>\n<meta property=\"article:modified_time\" content=\"2012-11-26T09:04:27+00:00\" \/>\n<meta property=\"og:image\" content=\"https:\/\/blogs.donboscovolunteers.de\/elisainkenia\/wp-content\/uploads\/sites\/19634\/2012\/10\/DSCI0037-2.jpg\" \/>\n\t<meta property=\"og:image:width\" content=\"3264\" \/>\n\t<meta property=\"og:image:height\" content=\"2448\" \/>\n\t<meta property=\"og:image:type\" content=\"image\/jpeg\" \/>\n<meta name=\"twitter:card\" content=\"summary_large_image\" \/>\n<meta name=\"twitter:label1\" content=\"Gesch\u00e4tzte Lesezeit\" \/>\n\t<meta name=\"twitter:data1\" content=\"3\u00a0Minuten\" \/>\n<script type=\"application\/ld+json\" class=\"yoast-schema-graph\">{\"@context\":\"https:\/\/schema.org\",\"@graph\":[{\"@type\":\"WebPage\",\"@id\":\"https:\/\/blogs.donboscovolunteers.de\/elisainkenia\/?page_id=293\",\"url\":\"https:\/\/blogs.donboscovolunteers.de\/elisainkenia\/?page_id=293\",\"name\":\"Mein Projekt - Ein Jahr Kenia\",\"isPartOf\":{\"@id\":\"https:\/\/blogs.donboscovolunteers.de\/elisainkenia\/#website\"},\"primaryImageOfPage\":{\"@id\":\"https:\/\/blogs.donboscovolunteers.de\/elisainkenia\/?page_id=293#primaryimage\"},\"image\":{\"@id\":\"https:\/\/blogs.donboscovolunteers.de\/elisainkenia\/?page_id=293#primaryimage\"},\"thumbnailUrl\":\"https:\/\/blogs.donboscovolunteers.de\/elisainkenia\/wp-content\/uploads\/sites\/19634\/2012\/10\/DSCI0037-2.jpg\",\"datePublished\":\"2012-10-18T16:32:54+00:00\",\"dateModified\":\"2012-11-26T09:04:27+00:00\",\"breadcrumb\":{\"@id\":\"https:\/\/blogs.donboscovolunteers.de\/elisainkenia\/?page_id=293#breadcrumb\"},\"inLanguage\":\"de\",\"potentialAction\":[{\"@type\":\"ReadAction\",\"target\":[\"https:\/\/blogs.donboscovolunteers.de\/elisainkenia\/?page_id=293\"]}]},{\"@type\":\"ImageObject\",\"inLanguage\":\"de\",\"@id\":\"https:\/\/blogs.donboscovolunteers.de\/elisainkenia\/?page_id=293#primaryimage\",\"url\":\"https:\/\/blogs.donboscovolunteers.de\/elisainkenia\/wp-content\/uploads\/sites\/19634\/2012\/10\/DSCI0037-2.jpg\",\"contentUrl\":\"https:\/\/blogs.donboscovolunteers.de\/elisainkenia\/wp-content\/uploads\/sites\/19634\/2012\/10\/DSCI0037-2.jpg\",\"width\":\"3264\",\"height\":\"2448\"},{\"@type\":\"BreadcrumbList\",\"@id\":\"https:\/\/blogs.donboscovolunteers.de\/elisainkenia\/?page_id=293#breadcrumb\",\"itemListElement\":[{\"@type\":\"ListItem\",\"position\":1,\"name\":\"Startseite\",\"item\":\"https:\/\/blogs.donboscovolunteers.de\/elisainkenia\"},{\"@type\":\"ListItem\",\"position\":2,\"name\":\"Mein Projekt\"}]},{\"@type\":\"WebSite\",\"@id\":\"https:\/\/blogs.donboscovolunteers.de\/elisainkenia\/#website\",\"url\":\"https:\/\/blogs.donboscovolunteers.de\/elisainkenia\/\",\"name\":\"Ein Jahr Kenia\",\"description\":\"Ein weiterer strassenkinder.de Blog\",\"potentialAction\":[{\"@type\":\"SearchAction\",\"target\":{\"@type\":\"EntryPoint\",\"urlTemplate\":\"https:\/\/blogs.donboscovolunteers.de\/elisainkenia\/?s={search_term_string}\"},\"query-input\":{\"@type\":\"PropertyValueSpecification\",\"valueRequired\":true,\"valueName\":\"search_term_string\"}}],\"inLanguage\":\"de\"}]}<\/script>\n<!-- \/ Yoast SEO plugin. -->","yoast_head_json":{"title":"Mein Projekt - Ein Jahr Kenia","robots":{"index":"index","follow":"follow","max-snippet":"max-snippet:-1","max-image-preview":"max-image-preview:large","max-video-preview":"max-video-preview:-1"},"canonical":"https:\/\/blogs.donboscovolunteers.de\/elisainkenia\/?page_id=293","og_locale":"de_DE","og_type":"article","og_title":"Mein Projekt - Ein Jahr Kenia","og_description":"Die gesamte Mission in Makuyu l\u00e4sst sich am besten in zwei Bereiche unterteilen. In den der Salesianer und den der Don Bosco Schwestern. Die Salesianer leiten und betreuen zun\u00e4chst ein Ausbildungszentrum (Technical Center) mit verschiedenen M\u00f6glichkeiten zur Schulung f\u00fcr das Berufsleben. Neben einer Autowerkstatt, einer Schreinerei und M\u00f6belwerkstatt, bietet Makuyu Jugendlichen eine Ausbildung zum Installateur [&hellip;]","og_url":"https:\/\/blogs.donboscovolunteers.de\/elisainkenia\/?page_id=293","og_site_name":"Ein Jahr Kenia","article_modified_time":"2012-11-26T09:04:27+00:00","og_image":[{"width":3264,"height":2448,"url":"https:\/\/blogs.donboscovolunteers.de\/elisainkenia\/wp-content\/uploads\/sites\/19634\/2012\/10\/DSCI0037-2.jpg","type":"image\/jpeg"}],"twitter_card":"summary_large_image","twitter_misc":{"Gesch\u00e4tzte Lesezeit":"3\u00a0Minuten"},"schema":{"@context":"https:\/\/schema.org","@graph":[{"@type":"WebPage","@id":"https:\/\/blogs.donboscovolunteers.de\/elisainkenia\/?page_id=293","url":"https:\/\/blogs.donboscovolunteers.de\/elisainkenia\/?page_id=293","name":"Mein Projekt - Ein Jahr Kenia","isPartOf":{"@id":"https:\/\/blogs.donboscovolunteers.de\/elisainkenia\/#website"},"primaryImageOfPage":{"@id":"https:\/\/blogs.donboscovolunteers.de\/elisainkenia\/?page_id=293#primaryimage"},"image":{"@id":"https:\/\/blogs.donboscovolunteers.de\/elisainkenia\/?page_id=293#primaryimage"},"thumbnailUrl":"https:\/\/blogs.donboscovolunteers.de\/elisainkenia\/wp-content\/uploads\/sites\/19634\/2012\/10\/DSCI0037-2.jpg","datePublished":"2012-10-18T16:32:54+00:00","dateModified":"2012-11-26T09:04:27+00:00","breadcrumb":{"@id":"https:\/\/blogs.donboscovolunteers.de\/elisainkenia\/?page_id=293#breadcrumb"},"inLanguage":"de","potentialAction":[{"@type":"ReadAction","target":["https:\/\/blogs.donboscovolunteers.de\/elisainkenia\/?page_id=293"]}]},{"@type":"ImageObject","inLanguage":"de","@id":"https:\/\/blogs.donboscovolunteers.de\/elisainkenia\/?page_id=293#primaryimage","url":"https:\/\/blogs.donboscovolunteers.de\/elisainkenia\/wp-content\/uploads\/sites\/19634\/2012\/10\/DSCI0037-2.jpg","contentUrl":"https:\/\/blogs.donboscovolunteers.de\/elisainkenia\/wp-content\/uploads\/sites\/19634\/2012\/10\/DSCI0037-2.jpg","width":"3264","height":"2448"},{"@type":"BreadcrumbList","@id":"https:\/\/blogs.donboscovolunteers.de\/elisainkenia\/?page_id=293#breadcrumb","itemListElement":[{"@type":"ListItem","position":1,"name":"Startseite","item":"https:\/\/blogs.donboscovolunteers.de\/elisainkenia"},{"@type":"ListItem","position":2,"name":"Mein Projekt"}]},{"@type":"WebSite","@id":"https:\/\/blogs.donboscovolunteers.de\/elisainkenia\/#website","url":"https:\/\/blogs.donboscovolunteers.de\/elisainkenia\/","name":"Ein Jahr Kenia","description":"Ein weiterer strassenkinder.de Blog","potentialAction":[{"@type":"SearchAction","target":{"@type":"EntryPoint","urlTemplate":"https:\/\/blogs.donboscovolunteers.de\/elisainkenia\/?s={search_term_string}"},"query-input":{"@type":"PropertyValueSpecification","valueRequired":true,"valueName":"search_term_string"}}],"inLanguage":"de"}]}},"_links":{"self":[{"href":"https:\/\/blogs.donboscovolunteers.de\/elisainkenia\/index.php?rest_route=\/wp\/v2\/pages\/293","targetHints":{"allow":["GET"]}}],"collection":[{"href":"https:\/\/blogs.donboscovolunteers.de\/elisainkenia\/index.php?rest_route=\/wp\/v2\/pages"}],"about":[{"href":"https:\/\/blogs.donboscovolunteers.de\/elisainkenia\/index.php?rest_route=\/wp\/v2\/types\/page"}],"author":[{"embeddable":true,"href":"https:\/\/blogs.donboscovolunteers.de\/elisainkenia\/index.php?rest_route=\/wp\/v2\/users\/19671"}],"replies":[{"embeddable":true,"href":"https:\/\/blogs.donboscovolunteers.de\/elisainkenia\/index.php?rest_route=%2Fwp%2Fv2%2Fcomments&post=293"}],"version-history":[{"count":5,"href":"https:\/\/blogs.donboscovolunteers.de\/elisainkenia\/index.php?rest_route=\/wp\/v2\/pages\/293\/revisions"}],"predecessor-version":[{"id":297,"href":"https:\/\/blogs.donboscovolunteers.de\/elisainkenia\/index.php?rest_route=\/wp\/v2\/pages\/293\/revisions\/297"}],"wp:featuredmedia":[{"embeddable":true,"href":"https:\/\/blogs.donboscovolunteers.de\/elisainkenia\/index.php?rest_route=\/wp\/v2\/media\/294"}],"wp:attachment":[{"href":"https:\/\/blogs.donboscovolunteers.de\/elisainkenia\/index.php?rest_route=%2Fwp%2Fv2%2Fmedia&parent=293"}],"curies":[{"name":"wp","href":"https:\/\/api.w.org\/{rel}","templated":true}]}}