{"id":6,"date":"2012-08-10T11:46:59","date_gmt":"2012-08-10T11:46:59","guid":{"rendered":"https:\/\/blogs.donboscovolunteers.de\/dominicinkara\/"},"modified":"2015-02-03T07:25:52","modified_gmt":"2015-02-03T07:25:52","slug":"du-mochtest-helfen","status":"publish","type":"page","link":"https:\/\/blogs.donboscovolunteers.de\/dominicinkara\/du-mochtest-helfen\/","title":{"rendered":"Du m\u00f6chtest helfen?"},"content":{"rendered":"<p>Du m\u00f6chtest das Projekt und meine Arbeit vor Ort unterst\u00fctzen?<br \/>\nIch bin \u00fcber jede Spende dankbar!<\/p>\n<p>Auch versuche ich dar\u00fcber zu berichten, was mit den Spendengeldern vor Ort verbessert wird, um Euch direkt daran teilhaben zu lassen was Ihr erm\u00f6glicht!<\/p>\n<p>Bitte \u00fcberweise es auf folgendes Konto:<\/p>\n<p style=\"text-align: center\">DE92 3706 0193 0022 3780 15<br \/>\nVerwendungszweck: AFO 07-056 Dominic Brune Foyer des enfants Togo<\/p>\n<p>Du m\u00f6chtest eine Spendenquittung?<br \/>\nDann bitte im weiteren Verwendungszweck Name und Anschrift angeben, sie wird Dir zugesendet.<\/p>\n","protected":false},"excerpt":{"rendered":"<p>Du m\u00f6chtest das Projekt und meine Arbeit vor Ort unterst\u00fctzen? Ich bin \u00fcber jede Spende dankbar! Auch versuche ich dar\u00fcber zu berichten, was mit den Spendengeldern vor Ort verbessert wird, um Euch direkt daran teilhaben zu lassen was Ihr erm\u00f6glicht! Bitte \u00fcberweise es auf folgendes Konto: DE92 3706 0193 0022 3780 15 Verwendungszweck: AFO 07-056 [&hellip;]<\/p>\n","protected":false},"author":19724,"featured_media":0,"parent":0,"menu_order":0,"comment_status":"closed","ping_status":"closed","template":"","meta":{"footnotes":""},"class_list":["post-6","page","type-page","status-publish","hentry"],"yoast_head":"<!-- This site is optimized with the Yoast SEO plugin v25.3.1 - https:\/\/yoast.com\/wordpress\/plugins\/seo\/ -->\n<title>Du m\u00f6chtest helfen? - Dominic in Kara<\/title>\n<meta name=\"robots\" content=\"index, follow, max-snippet:-1, max-image-preview:large, max-video-preview:-1\" \/>\n<link rel=\"canonical\" href=\"https:\/\/blogs.donboscovolunteers.de\/dominicinkara\/du-mochtest-helfen\/\" \/>\n<meta property=\"og:locale\" content=\"de_DE\" \/>\n<meta property=\"og:type\" content=\"article\" \/>\n<meta property=\"og:title\" content=\"Du m\u00f6chtest helfen? - Dominic in Kara\" \/>\n<meta property=\"og:description\" content=\"Du m\u00f6chtest das Projekt und meine Arbeit vor Ort unterst\u00fctzen? Ich bin \u00fcber jede Spende dankbar! Auch versuche ich dar\u00fcber zu berichten, was mit den Spendengeldern vor Ort verbessert wird, um Euch direkt daran teilhaben zu lassen was Ihr erm\u00f6glicht! Bitte \u00fcberweise es auf folgendes Konto: DE92 3706 0193 0022 3780 15 Verwendungszweck: AFO 07-056 [&hellip;]\" \/>\n<meta property=\"og:url\" content=\"https:\/\/blogs.donboscovolunteers.de\/dominicinkara\/du-mochtest-helfen\/\" \/>\n<meta property=\"og:site_name\" content=\"Dominic in Kara\" \/>\n<meta property=\"article:modified_time\" content=\"2015-02-03T07:25:52+00:00\" \/>\n<meta name=\"twitter:card\" content=\"summary_large_image\" \/>\n<script type=\"application\/ld+json\" class=\"yoast-schema-graph\">{\"@context\":\"https:\/\/schema.org\",\"@graph\":[{\"@type\":\"WebPage\",\"@id\":\"https:\/\/blogs.donboscovolunteers.de\/dominicinkara\/du-mochtest-helfen\/\",\"url\":\"https:\/\/blogs.donboscovolunteers.de\/dominicinkara\/du-mochtest-helfen\/\",\"name\":\"Du m\u00f6chtest helfen? - Dominic in Kara\",\"isPartOf\":{\"@id\":\"https:\/\/blogs.donboscovolunteers.de\/dominicinkara\/#website\"},\"datePublished\":\"2012-08-10T11:46:59+00:00\",\"dateModified\":\"2015-02-03T07:25:52+00:00\",\"breadcrumb\":{\"@id\":\"https:\/\/blogs.donboscovolunteers.de\/dominicinkara\/du-mochtest-helfen\/#breadcrumb\"},\"inLanguage\":\"de\",\"potentialAction\":[{\"@type\":\"ReadAction\",\"target\":[\"https:\/\/blogs.donboscovolunteers.de\/dominicinkara\/du-mochtest-helfen\/\"]}]},{\"@type\":\"BreadcrumbList\",\"@id\":\"https:\/\/blogs.donboscovolunteers.de\/dominicinkara\/du-mochtest-helfen\/#breadcrumb\",\"itemListElement\":[{\"@type\":\"ListItem\",\"position\":1,\"name\":\"Startseite\",\"item\":\"https:\/\/blogs.donboscovolunteers.de\/dominicinkara\/\"},{\"@type\":\"ListItem\",\"position\":2,\"name\":\"Du m\u00f6chtest helfen?\"}]},{\"@type\":\"WebSite\",\"@id\":\"https:\/\/blogs.donboscovolunteers.de\/dominicinkara\/#website\",\"url\":\"https:\/\/blogs.donboscovolunteers.de\/dominicinkara\/\",\"name\":\"Dominic in Kara\",\"description\":\"\",\"potentialAction\":[{\"@type\":\"SearchAction\",\"target\":{\"@type\":\"EntryPoint\",\"urlTemplate\":\"https:\/\/blogs.donboscovolunteers.de\/dominicinkara\/?s={search_term_string}\"},\"query-input\":{\"@type\":\"PropertyValueSpecification\",\"valueRequired\":true,\"valueName\":\"search_term_string\"}}],\"inLanguage\":\"de\"}]}<\/script>\n<!-- \/ Yoast SEO plugin. -->","yoast_head_json":{"title":"Du m\u00f6chtest helfen? - Dominic in Kara","robots":{"index":"index","follow":"follow","max-snippet":"max-snippet:-1","max-image-preview":"max-image-preview:large","max-video-preview":"max-video-preview:-1"},"canonical":"https:\/\/blogs.donboscovolunteers.de\/dominicinkara\/du-mochtest-helfen\/","og_locale":"de_DE","og_type":"article","og_title":"Du m\u00f6chtest helfen? - Dominic in Kara","og_description":"Du m\u00f6chtest das Projekt und meine Arbeit vor Ort unterst\u00fctzen? Ich bin \u00fcber jede Spende dankbar! Auch versuche ich dar\u00fcber zu berichten, was mit den Spendengeldern vor Ort verbessert wird, um Euch direkt daran teilhaben zu lassen was Ihr erm\u00f6glicht! Bitte \u00fcberweise es auf folgendes Konto: DE92 3706 0193 0022 3780 15 Verwendungszweck: AFO 07-056 [&hellip;]","og_url":"https:\/\/blogs.donboscovolunteers.de\/dominicinkara\/du-mochtest-helfen\/","og_site_name":"Dominic in Kara","article_modified_time":"2015-02-03T07:25:52+00:00","twitter_card":"summary_large_image","schema":{"@context":"https:\/\/schema.org","@graph":[{"@type":"WebPage","@id":"https:\/\/blogs.donboscovolunteers.de\/dominicinkara\/du-mochtest-helfen\/","url":"https:\/\/blogs.donboscovolunteers.de\/dominicinkara\/du-mochtest-helfen\/","name":"Du m\u00f6chtest helfen? - Dominic in Kara","isPartOf":{"@id":"https:\/\/blogs.donboscovolunteers.de\/dominicinkara\/#website"},"datePublished":"2012-08-10T11:46:59+00:00","dateModified":"2015-02-03T07:25:52+00:00","breadcrumb":{"@id":"https:\/\/blogs.donboscovolunteers.de\/dominicinkara\/du-mochtest-helfen\/#breadcrumb"},"inLanguage":"de","potentialAction":[{"@type":"ReadAction","target":["https:\/\/blogs.donboscovolunteers.de\/dominicinkara\/du-mochtest-helfen\/"]}]},{"@type":"BreadcrumbList","@id":"https:\/\/blogs.donboscovolunteers.de\/dominicinkara\/du-mochtest-helfen\/#breadcrumb","itemListElement":[{"@type":"ListItem","position":1,"name":"Startseite","item":"https:\/\/blogs.donboscovolunteers.de\/dominicinkara\/"},{"@type":"ListItem","position":2,"name":"Du m\u00f6chtest helfen?"}]},{"@type":"WebSite","@id":"https:\/\/blogs.donboscovolunteers.de\/dominicinkara\/#website","url":"https:\/\/blogs.donboscovolunteers.de\/dominicinkara\/","name":"Dominic in Kara","description":"","potentialAction":[{"@type":"SearchAction","target":{"@type":"EntryPoint","urlTemplate":"https:\/\/blogs.donboscovolunteers.de\/dominicinkara\/?s={search_term_string}"},"query-input":{"@type":"PropertyValueSpecification","valueRequired":true,"valueName":"search_term_string"}}],"inLanguage":"de"}]}},"_links":{"self":[{"href":"https:\/\/blogs.donboscovolunteers.de\/dominicinkara\/wp-json\/wp\/v2\/pages\/6","targetHints":{"allow":["GET"]}}],"collection":[{"href":"https:\/\/blogs.donboscovolunteers.de\/dominicinkara\/wp-json\/wp\/v2\/pages"}],"about":[{"href":"https:\/\/blogs.donboscovolunteers.de\/dominicinkara\/wp-json\/wp\/v2\/types\/page"}],"author":[{"embeddable":true,"href":"https:\/\/blogs.donboscovolunteers.de\/dominicinkara\/wp-json\/wp\/v2\/users\/19724"}],"replies":[{"embeddable":true,"href":"https:\/\/blogs.donboscovolunteers.de\/dominicinkara\/wp-json\/wp\/v2\/comments?post=6"}],"version-history":[{"count":7,"href":"https:\/\/blogs.donboscovolunteers.de\/dominicinkara\/wp-json\/wp\/v2\/pages\/6\/revisions"}],"predecessor-version":[{"id":430,"href":"https:\/\/blogs.donboscovolunteers.de\/dominicinkara\/wp-json\/wp\/v2\/pages\/6\/revisions\/430"}],"wp:attachment":[{"href":"https:\/\/blogs.donboscovolunteers.de\/dominicinkara\/wp-json\/wp\/v2\/media?parent=6"}],"curies":[{"name":"wp","href":"https:\/\/api.w.org\/{rel}","templated":true}]}}