{"id":2,"date":"2023-07-16T18:58:28","date_gmt":"2023-07-16T16:58:28","guid":{"rendered":"https:\/\/blogs.donboscovolunteers.de\/diefarbenbenins\/?page_id=2"},"modified":"2023-08-04T12:03:37","modified_gmt":"2023-08-04T10:03:37","slug":"beispiel-seite","status":"publish","type":"page","link":"https:\/\/blogs.donboscovolunteers.de\/diefarbenbenins\/beispiel-seite\/","title":{"rendered":"Salut! C&#8217;est moi Valerie"},"content":{"rendered":"<blockquote class=\"wp-block-quote is-layout-flow wp-block-quote-is-layout-flow\">\n<p>Hallo! F\u00fcr ein Jahr werde ich in Cotonou, <a href=\"https:\/\/strassenkinder.de\/laender\/afrika\/benin\/\">Benin<\/a> (Westafrika), bei den Salesianerinnen eine Neues Zuhause haben. Hier absolviere ich einen entwicklungspolitischen <a href=\"https:\/\/www.donboscovolunteers.de\/\">Freiwilligendienst<\/a> nach meinem Abitur 2023. <\/p>\n\n\n\n<p>Ich komme aus der N\u00e4he von W\u00fcrzburg, bin Baujahr 2003 und habe zwei Hunde namens Bruno und George. In meiner Freizeit gehe ich einmal die Woche zum Westernreiten und nehme gelegentlich auch an kleinen Turnieren (Playdays) teil.  Nebenher gehe ich gerne Schwimmen und Treffe mich mit Freunden am Main. Neuen Dingen war ich schon immer offen gegen\u00fcber und mir macht es Spa\u00df, immer wieder neue Hobbys auszuprobieren, wie z.B. in einem Theater mitzuspielen.  Auch das Reisen geh\u00f6rt zu einer meiner gro\u00dfen Leidenschaften und ich wollte schon immer einmal richtig in eine neue Kultur eintauchen. Meine Freunde konnten mich schon immer zu kleinen Spontantrips in Europa \u00fcberreden, auch wenn daf\u00fcr zeitlich erstmal Platz geschaffen werden musste. <\/p>\n\n\n\n<figure class=\"wp-block-gallery has-nested-images columns-default is-cropped wp-block-gallery-1 is-layout-flex wp-block-gallery-is-layout-flex\">\n<figure class=\"wp-block-image size-large\"><img loading=\"lazy\" decoding=\"async\" width=\"720\" height=\"720\" data-id=\"82\" src=\"https:\/\/blogs.donboscovolunteers.de\/diefarbenbenins\/wp-content\/uploads\/sites\/21673\/2023\/08\/IMG_20170726_224241_396-1.jpg\" alt=\"\" class=\"wp-image-82\" srcset=\"https:\/\/blogs.donboscovolunteers.de\/diefarbenbenins\/wp-content\/uploads\/sites\/21673\/2023\/08\/IMG_20170726_224241_396-1.jpg 720w, https:\/\/blogs.donboscovolunteers.de\/diefarbenbenins\/wp-content\/uploads\/sites\/21673\/2023\/08\/IMG_20170726_224241_396-1-300x300.jpg 300w, https:\/\/blogs.donboscovolunteers.de\/diefarbenbenins\/wp-content\/uploads\/sites\/21673\/2023\/08\/IMG_20170726_224241_396-1-150x150.jpg 150w, https:\/\/blogs.donboscovolunteers.de\/diefarbenbenins\/wp-content\/uploads\/sites\/21673\/2023\/08\/IMG_20170726_224241_396-1-88x88.jpg 88w\" sizes=\"auto, (max-width: 720px) 100vw, 720px\" \/><figcaption class=\"wp-element-caption\">George<\/figcaption><\/figure>\n\n\n\n<figure class=\"wp-block-image size-large\"><img loading=\"lazy\" decoding=\"async\" width=\"768\" height=\"1024\" data-id=\"148\" src=\"https:\/\/blogs.donboscovolunteers.de\/diefarbenbenins\/wp-content\/uploads\/sites\/21673\/2023\/08\/bruno3-768x1024.jpeg\" alt=\"\" class=\"wp-image-148\" srcset=\"https:\/\/blogs.donboscovolunteers.de\/diefarbenbenins\/wp-content\/uploads\/sites\/21673\/2023\/08\/bruno3-768x1024.jpeg 768w, https:\/\/blogs.donboscovolunteers.de\/diefarbenbenins\/wp-content\/uploads\/sites\/21673\/2023\/08\/bruno3-225x300.jpeg 225w, https:\/\/blogs.donboscovolunteers.de\/diefarbenbenins\/wp-content\/uploads\/sites\/21673\/2023\/08\/bruno3-900x1200.jpeg 900w, https:\/\/blogs.donboscovolunteers.de\/diefarbenbenins\/wp-content\/uploads\/sites\/21673\/2023\/08\/bruno3.jpeg 960w\" sizes=\"auto, (max-width: 768px) 100vw, 768px\" \/><figcaption class=\"wp-element-caption\">Bruno<\/figcaption><\/figure>\n\n\n\n<figure class=\"wp-block-image size-large\"><img loading=\"lazy\" decoding=\"async\" width=\"682\" height=\"1024\" data-id=\"80\" src=\"https:\/\/blogs.donboscovolunteers.de\/diefarbenbenins\/wp-content\/uploads\/sites\/21673\/2023\/08\/IMG_20200815_191447_191-1-edited-682x1024.jpg\" alt=\"\" class=\"wp-image-80\" srcset=\"https:\/\/blogs.donboscovolunteers.de\/diefarbenbenins\/wp-content\/uploads\/sites\/21673\/2023\/08\/IMG_20200815_191447_191-1-edited-682x1024.jpg 682w, https:\/\/blogs.donboscovolunteers.de\/diefarbenbenins\/wp-content\/uploads\/sites\/21673\/2023\/08\/IMG_20200815_191447_191-1-edited-200x300.jpg 200w, https:\/\/blogs.donboscovolunteers.de\/diefarbenbenins\/wp-content\/uploads\/sites\/21673\/2023\/08\/IMG_20200815_191447_191-1-edited.jpg 720w\" sizes=\"auto, (max-width: 682px) 100vw, 682px\" \/><figcaption class=\"wp-element-caption\">Hier bin ich mit dem Mickey auf einem Playday<\/figcaption><\/figure>\n<\/figure>\n<\/blockquote>\n\n\n\n<p><\/p>\n\n\n\n<figure class=\"wp-block-image size-large is-resized\"><img loading=\"lazy\" decoding=\"async\" src=\"https:\/\/blogs.donboscovolunteers.de\/diefarbenbenins\/wp-content\/uploads\/sites\/21673\/2023\/08\/Freunde-edited-682x1024.jpeg\" alt=\"\" class=\"wp-image-136\" width=\"258\" height=\"387\" srcset=\"https:\/\/blogs.donboscovolunteers.de\/diefarbenbenins\/wp-content\/uploads\/sites\/21673\/2023\/08\/Freunde-edited-682x1024.jpeg 682w, https:\/\/blogs.donboscovolunteers.de\/diefarbenbenins\/wp-content\/uploads\/sites\/21673\/2023\/08\/Freunde-edited-200x300.jpeg 200w, https:\/\/blogs.donboscovolunteers.de\/diefarbenbenins\/wp-content\/uploads\/sites\/21673\/2023\/08\/Freunde-edited.jpeg 721w\" sizes=\"auto, (max-width: 258px) 100vw, 258px\" \/><figcaption class=\"wp-element-caption\">Vor allem mit Freunden macht <br>das Reisen gleich viel mehr Spa\u00df.<\/figcaption><\/figure>","protected":false},"excerpt":{"rendered":"","protected":false},"author":21771,"featured_media":0,"parent":0,"menu_order":0,"comment_status":"closed","ping_status":"open","template":"","meta":{"footnotes":""},"class_list":["post-2","page","type-page","status-publish","hentry"],"yoast_head":"<!-- This site is optimized with the Yoast SEO plugin v25.3.1 - https:\/\/yoast.com\/wordpress\/plugins\/seo\/ -->\n<title>Salut! C&#039;est moi Valerie - Die Farben Benins<\/title>\n<meta name=\"description\" content=\"Salut! Darf ich mich vorstellen, Valerie. Hier erz\u00e4hle ich kurz das Wichtigste \u00fcber mich und wer ich denn eigentlich bin.\" \/>\n<meta name=\"robots\" content=\"index, follow, max-snippet:-1, max-image-preview:large, max-video-preview:-1\" \/>\n<link rel=\"canonical\" href=\"https:\/\/blogs.donboscovolunteers.de\/diefarbenbenins\/beispiel-seite\/\" \/>\n<meta property=\"og:locale\" content=\"de_DE\" \/>\n<meta property=\"og:type\" content=\"article\" \/>\n<meta property=\"og:title\" content=\"Salut! C&#039;est moi Valerie - Die Farben Benins\" \/>\n<meta property=\"og:description\" content=\"Salut! Darf ich mich vorstellen, Valerie. Hier erz\u00e4hle ich kurz das Wichtigste \u00fcber mich und wer ich denn eigentlich bin.\" \/>\n<meta property=\"og:url\" content=\"https:\/\/blogs.donboscovolunteers.de\/diefarbenbenins\/beispiel-seite\/\" \/>\n<meta property=\"og:site_name\" content=\"Die Farben Benins\" \/>\n<meta property=\"article:modified_time\" content=\"2023-08-04T10:03:37+00:00\" \/>\n<meta property=\"og:image\" content=\"https:\/\/blogs.donboscovolunteers.de\/diefarbenbenins\/wp-content\/uploads\/sites\/21673\/2023\/08\/IMG_20170726_224241_396-1.jpg\" \/>\n<meta name=\"twitter:card\" content=\"summary_large_image\" \/>\n<meta name=\"twitter:label1\" content=\"Gesch\u00e4tzte Lesezeit\" \/>\n\t<meta name=\"twitter:data1\" content=\"1\u00a0Minute\" \/>\n<script type=\"application\/ld+json\" class=\"yoast-schema-graph\">{\"@context\":\"https:\/\/schema.org\",\"@graph\":[{\"@type\":\"WebPage\",\"@id\":\"https:\/\/blogs.donboscovolunteers.de\/diefarbenbenins\/beispiel-seite\/\",\"url\":\"https:\/\/blogs.donboscovolunteers.de\/diefarbenbenins\/beispiel-seite\/\",\"name\":\"Salut! C'est moi Valerie - Die Farben Benins\",\"isPartOf\":{\"@id\":\"https:\/\/blogs.donboscovolunteers.de\/diefarbenbenins\/#website\"},\"primaryImageOfPage\":{\"@id\":\"https:\/\/blogs.donboscovolunteers.de\/diefarbenbenins\/beispiel-seite\/#primaryimage\"},\"image\":{\"@id\":\"https:\/\/blogs.donboscovolunteers.de\/diefarbenbenins\/beispiel-seite\/#primaryimage\"},\"thumbnailUrl\":\"https:\/\/blogs.donboscovolunteers.de\/diefarbenbenins\/wp-content\/uploads\/sites\/21673\/2023\/08\/IMG_20170726_224241_396-1.jpg\",\"datePublished\":\"2023-07-16T16:58:28+00:00\",\"dateModified\":\"2023-08-04T10:03:37+00:00\",\"description\":\"Salut! Darf ich mich vorstellen, Valerie. Hier erz\u00e4hle ich kurz das Wichtigste \u00fcber mich und wer ich denn eigentlich bin.\",\"breadcrumb\":{\"@id\":\"https:\/\/blogs.donboscovolunteers.de\/diefarbenbenins\/beispiel-seite\/#breadcrumb\"},\"inLanguage\":\"de\",\"potentialAction\":[{\"@type\":\"ReadAction\",\"target\":[\"https:\/\/blogs.donboscovolunteers.de\/diefarbenbenins\/beispiel-seite\/\"]}]},{\"@type\":\"ImageObject\",\"inLanguage\":\"de\",\"@id\":\"https:\/\/blogs.donboscovolunteers.de\/diefarbenbenins\/beispiel-seite\/#primaryimage\",\"url\":\"https:\/\/blogs.donboscovolunteers.de\/diefarbenbenins\/wp-content\/uploads\/sites\/21673\/2023\/08\/IMG_20170726_224241_396-1.jpg\",\"contentUrl\":\"https:\/\/blogs.donboscovolunteers.de\/diefarbenbenins\/wp-content\/uploads\/sites\/21673\/2023\/08\/IMG_20170726_224241_396-1.jpg\",\"width\":720,\"height\":720},{\"@type\":\"BreadcrumbList\",\"@id\":\"https:\/\/blogs.donboscovolunteers.de\/diefarbenbenins\/beispiel-seite\/#breadcrumb\",\"itemListElement\":[{\"@type\":\"ListItem\",\"position\":1,\"name\":\"Startseite\",\"item\":\"https:\/\/blogs.donboscovolunteers.de\/diefarbenbenins\/\"},{\"@type\":\"ListItem\",\"position\":2,\"name\":\"Salut! C&#8217;est moi Valerie\"}]},{\"@type\":\"WebSite\",\"@id\":\"https:\/\/blogs.donboscovolunteers.de\/diefarbenbenins\/#website\",\"url\":\"https:\/\/blogs.donboscovolunteers.de\/diefarbenbenins\/\",\"name\":\"Die Farben Benins\",\"description\":\"\",\"potentialAction\":[{\"@type\":\"SearchAction\",\"target\":{\"@type\":\"EntryPoint\",\"urlTemplate\":\"https:\/\/blogs.donboscovolunteers.de\/diefarbenbenins\/?s={search_term_string}\"},\"query-input\":{\"@type\":\"PropertyValueSpecification\",\"valueRequired\":true,\"valueName\":\"search_term_string\"}}],\"inLanguage\":\"de\"}]}<\/script>\n<!-- \/ Yoast SEO plugin. -->","yoast_head_json":{"title":"Salut! C'est moi Valerie - Die Farben Benins","description":"Salut! Darf ich mich vorstellen, Valerie. Hier erz\u00e4hle ich kurz das Wichtigste \u00fcber mich und wer ich denn eigentlich bin.","robots":{"index":"index","follow":"follow","max-snippet":"max-snippet:-1","max-image-preview":"max-image-preview:large","max-video-preview":"max-video-preview:-1"},"canonical":"https:\/\/blogs.donboscovolunteers.de\/diefarbenbenins\/beispiel-seite\/","og_locale":"de_DE","og_type":"article","og_title":"Salut! C'est moi Valerie - Die Farben Benins","og_description":"Salut! Darf ich mich vorstellen, Valerie. Hier erz\u00e4hle ich kurz das Wichtigste \u00fcber mich und wer ich denn eigentlich bin.","og_url":"https:\/\/blogs.donboscovolunteers.de\/diefarbenbenins\/beispiel-seite\/","og_site_name":"Die Farben Benins","article_modified_time":"2023-08-04T10:03:37+00:00","og_image":[{"url":"https:\/\/blogs.donboscovolunteers.de\/diefarbenbenins\/wp-content\/uploads\/sites\/21673\/2023\/08\/IMG_20170726_224241_396-1.jpg","type":"","width":"","height":""}],"twitter_card":"summary_large_image","twitter_misc":{"Gesch\u00e4tzte Lesezeit":"1\u00a0Minute"},"schema":{"@context":"https:\/\/schema.org","@graph":[{"@type":"WebPage","@id":"https:\/\/blogs.donboscovolunteers.de\/diefarbenbenins\/beispiel-seite\/","url":"https:\/\/blogs.donboscovolunteers.de\/diefarbenbenins\/beispiel-seite\/","name":"Salut! C'est moi Valerie - Die Farben Benins","isPartOf":{"@id":"https:\/\/blogs.donboscovolunteers.de\/diefarbenbenins\/#website"},"primaryImageOfPage":{"@id":"https:\/\/blogs.donboscovolunteers.de\/diefarbenbenins\/beispiel-seite\/#primaryimage"},"image":{"@id":"https:\/\/blogs.donboscovolunteers.de\/diefarbenbenins\/beispiel-seite\/#primaryimage"},"thumbnailUrl":"https:\/\/blogs.donboscovolunteers.de\/diefarbenbenins\/wp-content\/uploads\/sites\/21673\/2023\/08\/IMG_20170726_224241_396-1.jpg","datePublished":"2023-07-16T16:58:28+00:00","dateModified":"2023-08-04T10:03:37+00:00","description":"Salut! Darf ich mich vorstellen, Valerie. Hier erz\u00e4hle ich kurz das Wichtigste \u00fcber mich und wer ich denn eigentlich bin.","breadcrumb":{"@id":"https:\/\/blogs.donboscovolunteers.de\/diefarbenbenins\/beispiel-seite\/#breadcrumb"},"inLanguage":"de","potentialAction":[{"@type":"ReadAction","target":["https:\/\/blogs.donboscovolunteers.de\/diefarbenbenins\/beispiel-seite\/"]}]},{"@type":"ImageObject","inLanguage":"de","@id":"https:\/\/blogs.donboscovolunteers.de\/diefarbenbenins\/beispiel-seite\/#primaryimage","url":"https:\/\/blogs.donboscovolunteers.de\/diefarbenbenins\/wp-content\/uploads\/sites\/21673\/2023\/08\/IMG_20170726_224241_396-1.jpg","contentUrl":"https:\/\/blogs.donboscovolunteers.de\/diefarbenbenins\/wp-content\/uploads\/sites\/21673\/2023\/08\/IMG_20170726_224241_396-1.jpg","width":720,"height":720},{"@type":"BreadcrumbList","@id":"https:\/\/blogs.donboscovolunteers.de\/diefarbenbenins\/beispiel-seite\/#breadcrumb","itemListElement":[{"@type":"ListItem","position":1,"name":"Startseite","item":"https:\/\/blogs.donboscovolunteers.de\/diefarbenbenins\/"},{"@type":"ListItem","position":2,"name":"Salut! C&#8217;est moi Valerie"}]},{"@type":"WebSite","@id":"https:\/\/blogs.donboscovolunteers.de\/diefarbenbenins\/#website","url":"https:\/\/blogs.donboscovolunteers.de\/diefarbenbenins\/","name":"Die Farben Benins","description":"","potentialAction":[{"@type":"SearchAction","target":{"@type":"EntryPoint","urlTemplate":"https:\/\/blogs.donboscovolunteers.de\/diefarbenbenins\/?s={search_term_string}"},"query-input":{"@type":"PropertyValueSpecification","valueRequired":true,"valueName":"search_term_string"}}],"inLanguage":"de"}]}},"_links":{"self":[{"href":"https:\/\/blogs.donboscovolunteers.de\/diefarbenbenins\/wp-json\/wp\/v2\/pages\/2","targetHints":{"allow":["GET"]}}],"collection":[{"href":"https:\/\/blogs.donboscovolunteers.de\/diefarbenbenins\/wp-json\/wp\/v2\/pages"}],"about":[{"href":"https:\/\/blogs.donboscovolunteers.de\/diefarbenbenins\/wp-json\/wp\/v2\/types\/page"}],"author":[{"embeddable":true,"href":"https:\/\/blogs.donboscovolunteers.de\/diefarbenbenins\/wp-json\/wp\/v2\/users\/21771"}],"replies":[{"embeddable":true,"href":"https:\/\/blogs.donboscovolunteers.de\/diefarbenbenins\/wp-json\/wp\/v2\/comments?post=2"}],"version-history":[{"count":12,"href":"https:\/\/blogs.donboscovolunteers.de\/diefarbenbenins\/wp-json\/wp\/v2\/pages\/2\/revisions"}],"predecessor-version":[{"id":150,"href":"https:\/\/blogs.donboscovolunteers.de\/diefarbenbenins\/wp-json\/wp\/v2\/pages\/2\/revisions\/150"}],"wp:attachment":[{"href":"https:\/\/blogs.donboscovolunteers.de\/diefarbenbenins\/wp-json\/wp\/v2\/media?parent=2"}],"curies":[{"name":"wp","href":"https:\/\/api.w.org\/{rel}","templated":true}]}}