{"id":105,"date":"2024-11-11T06:37:26","date_gmt":"2024-11-11T05:37:26","guid":{"rendered":"https:\/\/blogs.donboscovolunteers.de\/conradsrilanka\/?page_id=105"},"modified":"2024-11-11T06:37:27","modified_gmt":"2024-11-11T05:37:27","slug":"spenden","status":"publish","type":"page","link":"https:\/\/blogs.donboscovolunteers.de\/conradsrilanka\/spenden\/","title":{"rendered":"Spenden"},"content":{"rendered":"<p>Unser&nbsp;<a href=\"https:\/\/www.donboscovolunteers.de\/\">Freiwilligendienst<\/a>&nbsp;wird zu 75% von Weltw\u00e4rts getragen. Die restlichen 25% m\u00fcssen wir durch einen Spendenkreis sammeln. Es w\u00fcrde mich riesig freuen, wenn du meine Arbeit unterst\u00fctzt und somit auch die wichtige Arbeit Don Boscos.<\/p>\n\n\n\n<p>Hier k\u00f6nnt ihr online spenden:\u00a0\u00a0<a href=\"https:\/\/www.donboscomission.de\/volontariat\/2024\/spenden\/conradsrilanka \">https:\/\/www.donboscomission.de\/volontariat\/2024\/spenden\/conradsrilanka <\/a><\/p>\n\n\n\n<p>Wenn ihr spenden m\u00f6chtet, k\u00f6nnt ihr das auf folgendes Konto tun:<\/p>\n\n\n\n<p><strong><a href=\"https:\/\/www.donboscomission.de\/don-bosco\/\">Don Bosco<\/a>\u00a0Mission<\/strong><\/p>\n\n\n\n<p><strong>Liga Bank M\u00fcnchen<\/strong><\/p>\n\n\n\n<p><strong>IBAN: DE66 7509 0300 0102 1418 76<\/strong><\/p>\n\n\n\n<p><strong>Verwendungszweck: Conrad Hoffmann S24VR012 + euer Name sowie Adresse<\/strong><\/p>\n\n\n\n<p>(Euch wird eine Spendenbescheinigung zugeschickt, wenn ihr im Verwendungszweck zus\u00e4tzlich eure Adresse angebt)<\/p>\n\n\n\n<p>Vielen Dank!<\/p>","protected":false},"excerpt":{"rendered":"<p>Unser&nbsp;<a href=\"https:\/\/www.donboscovolunteers.de\/\">Freiwilligendienst<\/a>&nbsp;wird zu 75% von Weltw\u00e4rts getragen. Die restlichen 25% m\u00fcssen wir durch einen Spendenkreis sammeln. Es w\u00fcrde mich riesig freuen, wenn du meine Arbeit unterst\u00fctzt und somit auch die wichtige Arbeit Don Boscos. Hier k\u00f6nnt ihr online spenden:\u00a0\u00a0https:\/\/www.donboscomission.de\/volontariat\/2024\/spenden\/conradsrilanka Wenn ihr spenden m\u00f6chtet, k\u00f6nnt ihr das auf folgendes Konto tun: <a href=\"https:\/\/www.donboscomission.de\/don-bosco\/\">Don Bosco<\/a>\u00a0Mission Liga Bank M\u00fcnchen IBAN: [&hellip;]<\/p>\n","protected":false},"author":21814,"featured_media":0,"parent":0,"menu_order":0,"comment_status":"closed","ping_status":"closed","template":"","meta":{"footnotes":""},"class_list":["post-105","page","type-page","status-publish","hentry"],"yoast_head":"<!-- This site is optimized with the Yoast SEO plugin v25.3.1 - https:\/\/yoast.com\/wordpress\/plugins\/seo\/ -->\n<title>Spenden - Conrad in Sri Lanka<\/title>\n<meta name=\"robots\" content=\"index, follow, max-snippet:-1, max-image-preview:large, max-video-preview:-1\" \/>\n<link rel=\"canonical\" href=\"https:\/\/blogs.donboscovolunteers.de\/conradsrilanka\/spenden\/\" \/>\n<meta property=\"og:locale\" content=\"de_DE\" \/>\n<meta property=\"og:type\" content=\"article\" \/>\n<meta property=\"og:title\" content=\"Spenden - Conrad in Sri Lanka\" \/>\n<meta property=\"og:description\" content=\"Unser&nbsp;Freiwilligendienst&nbsp;wird zu 75% von Weltw\u00e4rts getragen. Die restlichen 25% m\u00fcssen wir durch einen Spendenkreis sammeln. Es w\u00fcrde mich riesig freuen, wenn du meine Arbeit unterst\u00fctzt und somit auch die wichtige Arbeit Don Boscos. Hier k\u00f6nnt ihr online spenden:\u00a0\u00a0https:\/\/www.donboscomission.de\/volontariat\/2024\/spenden\/conradsrilanka Wenn ihr spenden m\u00f6chtet, k\u00f6nnt ihr das auf folgendes Konto tun: Don Bosco\u00a0Mission Liga Bank M\u00fcnchen IBAN: [&hellip;]\" \/>\n<meta property=\"og:url\" content=\"https:\/\/blogs.donboscovolunteers.de\/conradsrilanka\/spenden\/\" \/>\n<meta property=\"og:site_name\" content=\"Conrad in Sri Lanka\" \/>\n<meta property=\"article:modified_time\" content=\"2024-11-11T05:37:27+00:00\" \/>\n<meta name=\"twitter:card\" content=\"summary_large_image\" \/>\n<meta name=\"twitter:label1\" content=\"Gesch\u00e4tzte Lesezeit\" \/>\n\t<meta name=\"twitter:data1\" content=\"1\u00a0Minute\" \/>\n<script type=\"application\/ld+json\" class=\"yoast-schema-graph\">{\"@context\":\"https:\/\/schema.org\",\"@graph\":[{\"@type\":\"WebPage\",\"@id\":\"https:\/\/blogs.donboscovolunteers.de\/conradsrilanka\/spenden\/\",\"url\":\"https:\/\/blogs.donboscovolunteers.de\/conradsrilanka\/spenden\/\",\"name\":\"Spenden - Conrad in Sri Lanka\",\"isPartOf\":{\"@id\":\"https:\/\/blogs.donboscovolunteers.de\/conradsrilanka\/#website\"},\"datePublished\":\"2024-11-11T05:37:26+00:00\",\"dateModified\":\"2024-11-11T05:37:27+00:00\",\"breadcrumb\":{\"@id\":\"https:\/\/blogs.donboscovolunteers.de\/conradsrilanka\/spenden\/#breadcrumb\"},\"inLanguage\":\"de\",\"potentialAction\":[{\"@type\":\"ReadAction\",\"target\":[\"https:\/\/blogs.donboscovolunteers.de\/conradsrilanka\/spenden\/\"]}]},{\"@type\":\"BreadcrumbList\",\"@id\":\"https:\/\/blogs.donboscovolunteers.de\/conradsrilanka\/spenden\/#breadcrumb\",\"itemListElement\":[{\"@type\":\"ListItem\",\"position\":1,\"name\":\"Startseite\",\"item\":\"https:\/\/blogs.donboscovolunteers.de\/conradsrilanka\/\"},{\"@type\":\"ListItem\",\"position\":2,\"name\":\"Spenden\"}]},{\"@type\":\"WebSite\",\"@id\":\"https:\/\/blogs.donboscovolunteers.de\/conradsrilanka\/#website\",\"url\":\"https:\/\/blogs.donboscovolunteers.de\/conradsrilanka\/\",\"name\":\"Conrad in Sri Lanka\",\"description\":\"Mein Auslandsfreiwilligendienst in Sri Lanka\",\"publisher\":{\"@id\":\"https:\/\/blogs.donboscovolunteers.de\/conradsrilanka\/#\/schema\/person\/baf0d27f45747cc042fb9c1c8500c178\"},\"potentialAction\":[{\"@type\":\"SearchAction\",\"target\":{\"@type\":\"EntryPoint\",\"urlTemplate\":\"https:\/\/blogs.donboscovolunteers.de\/conradsrilanka\/?s={search_term_string}\"},\"query-input\":{\"@type\":\"PropertyValueSpecification\",\"valueRequired\":true,\"valueName\":\"search_term_string\"}}],\"inLanguage\":\"de\"},{\"@type\":[\"Person\",\"Organization\"],\"@id\":\"https:\/\/blogs.donboscovolunteers.de\/conradsrilanka\/#\/schema\/person\/baf0d27f45747cc042fb9c1c8500c178\",\"name\":\"Conrad Hoffmann\",\"image\":{\"@type\":\"ImageObject\",\"inLanguage\":\"de\",\"@id\":\"https:\/\/blogs.donboscovolunteers.de\/conradsrilanka\/#\/schema\/person\/image\/\",\"url\":\"https:\/\/secure.gravatar.com\/avatar\/b810dcdecda8b45bdfde5f40329ea8922b1310d87297e3ac4ced3b19cc4de657?s=96&d=mm&r=g\",\"contentUrl\":\"https:\/\/secure.gravatar.com\/avatar\/b810dcdecda8b45bdfde5f40329ea8922b1310d87297e3ac4ced3b19cc4de657?s=96&d=mm&r=g\",\"caption\":\"Conrad Hoffmann\"},\"logo\":{\"@id\":\"https:\/\/blogs.donboscovolunteers.de\/conradsrilanka\/#\/schema\/person\/image\/\"}}]}<\/script>\n<!-- \/ Yoast SEO plugin. -->","yoast_head_json":{"title":"Spenden - Conrad in Sri Lanka","robots":{"index":"index","follow":"follow","max-snippet":"max-snippet:-1","max-image-preview":"max-image-preview:large","max-video-preview":"max-video-preview:-1"},"canonical":"https:\/\/blogs.donboscovolunteers.de\/conradsrilanka\/spenden\/","og_locale":"de_DE","og_type":"article","og_title":"Spenden - Conrad in Sri Lanka","og_description":"Unser&nbsp;Freiwilligendienst&nbsp;wird zu 75% von Weltw\u00e4rts getragen. Die restlichen 25% m\u00fcssen wir durch einen Spendenkreis sammeln. Es w\u00fcrde mich riesig freuen, wenn du meine Arbeit unterst\u00fctzt und somit auch die wichtige Arbeit Don Boscos. Hier k\u00f6nnt ihr online spenden:\u00a0\u00a0https:\/\/www.donboscomission.de\/volontariat\/2024\/spenden\/conradsrilanka Wenn ihr spenden m\u00f6chtet, k\u00f6nnt ihr das auf folgendes Konto tun: Don Bosco\u00a0Mission Liga Bank M\u00fcnchen IBAN: [&hellip;]","og_url":"https:\/\/blogs.donboscovolunteers.de\/conradsrilanka\/spenden\/","og_site_name":"Conrad in Sri Lanka","article_modified_time":"2024-11-11T05:37:27+00:00","twitter_card":"summary_large_image","twitter_misc":{"Gesch\u00e4tzte Lesezeit":"1\u00a0Minute"},"schema":{"@context":"https:\/\/schema.org","@graph":[{"@type":"WebPage","@id":"https:\/\/blogs.donboscovolunteers.de\/conradsrilanka\/spenden\/","url":"https:\/\/blogs.donboscovolunteers.de\/conradsrilanka\/spenden\/","name":"Spenden - Conrad in Sri Lanka","isPartOf":{"@id":"https:\/\/blogs.donboscovolunteers.de\/conradsrilanka\/#website"},"datePublished":"2024-11-11T05:37:26+00:00","dateModified":"2024-11-11T05:37:27+00:00","breadcrumb":{"@id":"https:\/\/blogs.donboscovolunteers.de\/conradsrilanka\/spenden\/#breadcrumb"},"inLanguage":"de","potentialAction":[{"@type":"ReadAction","target":["https:\/\/blogs.donboscovolunteers.de\/conradsrilanka\/spenden\/"]}]},{"@type":"BreadcrumbList","@id":"https:\/\/blogs.donboscovolunteers.de\/conradsrilanka\/spenden\/#breadcrumb","itemListElement":[{"@type":"ListItem","position":1,"name":"Startseite","item":"https:\/\/blogs.donboscovolunteers.de\/conradsrilanka\/"},{"@type":"ListItem","position":2,"name":"Spenden"}]},{"@type":"WebSite","@id":"https:\/\/blogs.donboscovolunteers.de\/conradsrilanka\/#website","url":"https:\/\/blogs.donboscovolunteers.de\/conradsrilanka\/","name":"Conrad in Sri Lanka","description":"Mein Auslandsfreiwilligendienst in Sri Lanka","publisher":{"@id":"https:\/\/blogs.donboscovolunteers.de\/conradsrilanka\/#\/schema\/person\/baf0d27f45747cc042fb9c1c8500c178"},"potentialAction":[{"@type":"SearchAction","target":{"@type":"EntryPoint","urlTemplate":"https:\/\/blogs.donboscovolunteers.de\/conradsrilanka\/?s={search_term_string}"},"query-input":{"@type":"PropertyValueSpecification","valueRequired":true,"valueName":"search_term_string"}}],"inLanguage":"de"},{"@type":["Person","Organization"],"@id":"https:\/\/blogs.donboscovolunteers.de\/conradsrilanka\/#\/schema\/person\/baf0d27f45747cc042fb9c1c8500c178","name":"Conrad Hoffmann","image":{"@type":"ImageObject","inLanguage":"de","@id":"https:\/\/blogs.donboscovolunteers.de\/conradsrilanka\/#\/schema\/person\/image\/","url":"https:\/\/secure.gravatar.com\/avatar\/b810dcdecda8b45bdfde5f40329ea8922b1310d87297e3ac4ced3b19cc4de657?s=96&d=mm&r=g","contentUrl":"https:\/\/secure.gravatar.com\/avatar\/b810dcdecda8b45bdfde5f40329ea8922b1310d87297e3ac4ced3b19cc4de657?s=96&d=mm&r=g","caption":"Conrad Hoffmann"},"logo":{"@id":"https:\/\/blogs.donboscovolunteers.de\/conradsrilanka\/#\/schema\/person\/image\/"}}]}},"_links":{"self":[{"href":"https:\/\/blogs.donboscovolunteers.de\/conradsrilanka\/wp-json\/wp\/v2\/pages\/105","targetHints":{"allow":["GET"]}}],"collection":[{"href":"https:\/\/blogs.donboscovolunteers.de\/conradsrilanka\/wp-json\/wp\/v2\/pages"}],"about":[{"href":"https:\/\/blogs.donboscovolunteers.de\/conradsrilanka\/wp-json\/wp\/v2\/types\/page"}],"author":[{"embeddable":true,"href":"https:\/\/blogs.donboscovolunteers.de\/conradsrilanka\/wp-json\/wp\/v2\/users\/21814"}],"replies":[{"embeddable":true,"href":"https:\/\/blogs.donboscovolunteers.de\/conradsrilanka\/wp-json\/wp\/v2\/comments?post=105"}],"version-history":[{"count":1,"href":"https:\/\/blogs.donboscovolunteers.de\/conradsrilanka\/wp-json\/wp\/v2\/pages\/105\/revisions"}],"predecessor-version":[{"id":106,"href":"https:\/\/blogs.donboscovolunteers.de\/conradsrilanka\/wp-json\/wp\/v2\/pages\/105\/revisions\/106"}],"wp:attachment":[{"href":"https:\/\/blogs.donboscovolunteers.de\/conradsrilanka\/wp-json\/wp\/v2\/media?parent=105"}],"curies":[{"name":"wp","href":"https:\/\/api.w.org\/{rel}","templated":true}]}}