{"id":44,"date":"2019-08-27T14:29:05","date_gmt":"2019-08-27T12:29:05","guid":{"rendered":"https:\/\/blogs.donboscovolunteers.de\/clarabloggt\/?page_id=44"},"modified":"2019-12-23T11:15:51","modified_gmt":"2019-12-23T10:15:51","slug":"unterstuetzen","status":"publish","type":"page","link":"https:\/\/blogs.donboscovolunteers.de\/clarabloggt\/unterstuetzen\/","title":{"rendered":"Unterst\u00fctzen"},"content":{"rendered":"<p>Die Freiwilligendienste mit den Salesianern Don Boscos werden zu 75 % durch das bildungspolitische &#8222;weltw\u00e4rts&#8220;-Programm des <em>Bundesministeriums f\u00fcr wirtschaftliche Zusammenarbeit und Entwicklung <\/em>(BMZ) gef\u00f6rdert. Den restlichen Teil von 25 % (das sind in etwa 2500 \u20ac) \u00fcbernehmen wir Freiwilligen, wobei ich mich hier \u00fcber finanzielle Unterst\u00fctzung sehr freuen w\u00fcrde.<\/p>\n\n\n\n<p>Die Spenden flie\u00dfen zum Einen in die <strong>Finanzierung des Freiwilligendienstes<\/strong> (Vorbereitung, Flug, Unterkunft&#8230;) ein und zum Anderen gelangt jeder Euro, der \u00fcber diesen Mindestanteil hinaus auf meinem Spendenkonto eingeht, in die <strong>direkte F\u00f6rderung der Einrichtung<\/strong>, unterst\u00fctzt also die Zukunftsperspektiven der Kinder und Jugendlichen vor Ort.<\/p>\n\n\n\n<p>Somit hat jede einzelne Spende eine gro\u00dfe Bedeutung. Vielen, vielen Dank!<\/p>\n\n\n\n<h3 class=\"wp-block-heading\"><strong>Online Spenden<\/strong><\/h3>\n\n\n\n<p>Spenden sind entweder ganz einfach online hier m\u00f6glich:<\/p>\n\n\n\n<div class=\"wp-block-button aligncenter\"><a class=\"wp-block-button__link\" href=\"https:\/\/www.donboscomission.de\/volontariat\/spenden\/?fb_item_id=24735\">Jetzt online spenden!<\/a><\/div>\n\n\n\n<h3 class=\"wp-block-heading\"><strong>Daten f\u00fcr eine \u00dcberweisung<\/strong><\/h3>\n\n\n\n<p>Es kann aber auch auf folgendes Konto \u00fcberwiesen werden, dabei ist es wichtig, genau diesen Verwendungszweck zu \u00fcbernehmen, damit das Geld auch auf meinem Spendenkonto landet.<\/p>\n\n\n\n<p><strong>Verwendungszweck: <\/strong>Clara Casser S19VR004, Adresse des Spenders (f\u00fcr eine Spendenquittung)<\/p>\n\n\n\n<p><strong>Empf\u00e4nger: <\/strong><a href=\"https:\/\/www.donboscomission.de\/\">Don Bosco Mission Bonn<\/a><\/p>\n\n\n\n<p><strong>IBAN:<\/strong>&nbsp;DE89&nbsp;3705&nbsp;0198&nbsp;0000&nbsp;0994&nbsp;99<br><strong>BIC:<\/strong>&nbsp;&nbsp;&nbsp; COLSDE33XXX&nbsp;<br><strong>Bank:&nbsp;&nbsp;<\/strong>Sparkasse K\u00f6ln Bonn<\/p>","protected":false},"excerpt":{"rendered":"<p>Die Freiwilligendienste mit den Salesianern Don Boscos werden zu 75 % durch das bildungspolitische &#8222;weltw\u00e4rts&#8220;-Programm des Bundesministeriums f\u00fcr wirtschaftliche Zusammenarbeit und Entwicklung (BMZ) gef\u00f6rdert. Den restlichen Teil von 25 % (das sind in etwa 2500 \u20ac) \u00fcbernehmen wir Freiwilligen, wobei ich mich hier \u00fcber finanzielle Unterst\u00fctzung sehr freuen w\u00fcrde. Die Spenden flie\u00dfen zum Einen in [&hellip;]<\/p>\n","protected":false},"author":21662,"featured_media":0,"parent":0,"menu_order":0,"comment_status":"closed","ping_status":"closed","template":"","meta":{"footnotes":""},"class_list":["post-44","page","type-page","status-publish","hentry"],"yoast_head":"<!-- This site is optimized with the Yoast SEO plugin v25.3.1 - https:\/\/yoast.com\/wordpress\/plugins\/seo\/ -->\n<title>Unterst\u00fctzen - clara in chennai<\/title>\n<meta name=\"robots\" content=\"index, follow, max-snippet:-1, max-image-preview:large, max-video-preview:-1\" \/>\n<link rel=\"canonical\" href=\"https:\/\/blogs.donboscovolunteers.de\/clarabloggt\/unterstuetzen\/\" \/>\n<meta property=\"og:locale\" content=\"de_DE\" \/>\n<meta property=\"og:type\" content=\"article\" \/>\n<meta property=\"og:title\" content=\"Unterst\u00fctzen - clara in chennai\" \/>\n<meta property=\"og:description\" content=\"Die Freiwilligendienste mit den Salesianern Don Boscos werden zu 75 % durch das bildungspolitische &#8222;weltw\u00e4rts&#8220;-Programm des Bundesministeriums f\u00fcr wirtschaftliche Zusammenarbeit und Entwicklung (BMZ) gef\u00f6rdert. Den restlichen Teil von 25 % (das sind in etwa 2500 \u20ac) \u00fcbernehmen wir Freiwilligen, wobei ich mich hier \u00fcber finanzielle Unterst\u00fctzung sehr freuen w\u00fcrde. Die Spenden flie\u00dfen zum Einen in [&hellip;]\" \/>\n<meta property=\"og:url\" content=\"https:\/\/blogs.donboscovolunteers.de\/clarabloggt\/unterstuetzen\/\" \/>\n<meta property=\"og:site_name\" content=\"clara in chennai\" \/>\n<meta property=\"article:modified_time\" content=\"2019-12-23T10:15:51+00:00\" \/>\n<meta name=\"twitter:card\" content=\"summary_large_image\" \/>\n<meta name=\"twitter:label1\" content=\"Gesch\u00e4tzte Lesezeit\" \/>\n\t<meta name=\"twitter:data1\" content=\"1\u00a0Minute\" \/>\n<script type=\"application\/ld+json\" class=\"yoast-schema-graph\">{\"@context\":\"https:\/\/schema.org\",\"@graph\":[{\"@type\":\"WebPage\",\"@id\":\"https:\/\/blogs.donboscovolunteers.de\/clarabloggt\/unterstuetzen\/\",\"url\":\"https:\/\/blogs.donboscovolunteers.de\/clarabloggt\/unterstuetzen\/\",\"name\":\"Unterst\u00fctzen - clara in chennai\",\"isPartOf\":{\"@id\":\"https:\/\/blogs.donboscovolunteers.de\/clarabloggt\/#website\"},\"datePublished\":\"2019-08-27T12:29:05+00:00\",\"dateModified\":\"2019-12-23T10:15:51+00:00\",\"breadcrumb\":{\"@id\":\"https:\/\/blogs.donboscovolunteers.de\/clarabloggt\/unterstuetzen\/#breadcrumb\"},\"inLanguage\":\"de\",\"potentialAction\":[{\"@type\":\"ReadAction\",\"target\":[\"https:\/\/blogs.donboscovolunteers.de\/clarabloggt\/unterstuetzen\/\"]}]},{\"@type\":\"BreadcrumbList\",\"@id\":\"https:\/\/blogs.donboscovolunteers.de\/clarabloggt\/unterstuetzen\/#breadcrumb\",\"itemListElement\":[{\"@type\":\"ListItem\",\"position\":1,\"name\":\"Startseite\",\"item\":\"https:\/\/blogs.donboscovolunteers.de\/clarabloggt\/\"},{\"@type\":\"ListItem\",\"position\":2,\"name\":\"Unterst\u00fctzen\"}]},{\"@type\":\"WebSite\",\"@id\":\"https:\/\/blogs.donboscovolunteers.de\/clarabloggt\/#website\",\"url\":\"https:\/\/blogs.donboscovolunteers.de\/clarabloggt\/\",\"name\":\"clara in chennai\",\"description\":\"ein Jahr Indiaa\",\"potentialAction\":[{\"@type\":\"SearchAction\",\"target\":{\"@type\":\"EntryPoint\",\"urlTemplate\":\"https:\/\/blogs.donboscovolunteers.de\/clarabloggt\/?s={search_term_string}\"},\"query-input\":{\"@type\":\"PropertyValueSpecification\",\"valueRequired\":true,\"valueName\":\"search_term_string\"}}],\"inLanguage\":\"de\"}]}<\/script>\n<!-- \/ Yoast SEO plugin. -->","yoast_head_json":{"title":"Unterst\u00fctzen - clara in chennai","robots":{"index":"index","follow":"follow","max-snippet":"max-snippet:-1","max-image-preview":"max-image-preview:large","max-video-preview":"max-video-preview:-1"},"canonical":"https:\/\/blogs.donboscovolunteers.de\/clarabloggt\/unterstuetzen\/","og_locale":"de_DE","og_type":"article","og_title":"Unterst\u00fctzen - clara in chennai","og_description":"Die Freiwilligendienste mit den Salesianern Don Boscos werden zu 75 % durch das bildungspolitische &#8222;weltw\u00e4rts&#8220;-Programm des Bundesministeriums f\u00fcr wirtschaftliche Zusammenarbeit und Entwicklung (BMZ) gef\u00f6rdert. Den restlichen Teil von 25 % (das sind in etwa 2500 \u20ac) \u00fcbernehmen wir Freiwilligen, wobei ich mich hier \u00fcber finanzielle Unterst\u00fctzung sehr freuen w\u00fcrde. Die Spenden flie\u00dfen zum Einen in [&hellip;]","og_url":"https:\/\/blogs.donboscovolunteers.de\/clarabloggt\/unterstuetzen\/","og_site_name":"clara in chennai","article_modified_time":"2019-12-23T10:15:51+00:00","twitter_card":"summary_large_image","twitter_misc":{"Gesch\u00e4tzte Lesezeit":"1\u00a0Minute"},"schema":{"@context":"https:\/\/schema.org","@graph":[{"@type":"WebPage","@id":"https:\/\/blogs.donboscovolunteers.de\/clarabloggt\/unterstuetzen\/","url":"https:\/\/blogs.donboscovolunteers.de\/clarabloggt\/unterstuetzen\/","name":"Unterst\u00fctzen - clara in chennai","isPartOf":{"@id":"https:\/\/blogs.donboscovolunteers.de\/clarabloggt\/#website"},"datePublished":"2019-08-27T12:29:05+00:00","dateModified":"2019-12-23T10:15:51+00:00","breadcrumb":{"@id":"https:\/\/blogs.donboscovolunteers.de\/clarabloggt\/unterstuetzen\/#breadcrumb"},"inLanguage":"de","potentialAction":[{"@type":"ReadAction","target":["https:\/\/blogs.donboscovolunteers.de\/clarabloggt\/unterstuetzen\/"]}]},{"@type":"BreadcrumbList","@id":"https:\/\/blogs.donboscovolunteers.de\/clarabloggt\/unterstuetzen\/#breadcrumb","itemListElement":[{"@type":"ListItem","position":1,"name":"Startseite","item":"https:\/\/blogs.donboscovolunteers.de\/clarabloggt\/"},{"@type":"ListItem","position":2,"name":"Unterst\u00fctzen"}]},{"@type":"WebSite","@id":"https:\/\/blogs.donboscovolunteers.de\/clarabloggt\/#website","url":"https:\/\/blogs.donboscovolunteers.de\/clarabloggt\/","name":"clara in chennai","description":"ein Jahr Indiaa","potentialAction":[{"@type":"SearchAction","target":{"@type":"EntryPoint","urlTemplate":"https:\/\/blogs.donboscovolunteers.de\/clarabloggt\/?s={search_term_string}"},"query-input":{"@type":"PropertyValueSpecification","valueRequired":true,"valueName":"search_term_string"}}],"inLanguage":"de"}]}},"_links":{"self":[{"href":"https:\/\/blogs.donboscovolunteers.de\/clarabloggt\/wp-json\/wp\/v2\/pages\/44","targetHints":{"allow":["GET"]}}],"collection":[{"href":"https:\/\/blogs.donboscovolunteers.de\/clarabloggt\/wp-json\/wp\/v2\/pages"}],"about":[{"href":"https:\/\/blogs.donboscovolunteers.de\/clarabloggt\/wp-json\/wp\/v2\/types\/page"}],"author":[{"embeddable":true,"href":"https:\/\/blogs.donboscovolunteers.de\/clarabloggt\/wp-json\/wp\/v2\/users\/21662"}],"replies":[{"embeddable":true,"href":"https:\/\/blogs.donboscovolunteers.de\/clarabloggt\/wp-json\/wp\/v2\/comments?post=44"}],"version-history":[{"count":18,"href":"https:\/\/blogs.donboscovolunteers.de\/clarabloggt\/wp-json\/wp\/v2\/pages\/44\/revisions"}],"predecessor-version":[{"id":312,"href":"https:\/\/blogs.donboscovolunteers.de\/clarabloggt\/wp-json\/wp\/v2\/pages\/44\/revisions\/312"}],"wp:attachment":[{"href":"https:\/\/blogs.donboscovolunteers.de\/clarabloggt\/wp-json\/wp\/v2\/media?parent=44"}],"curies":[{"name":"wp","href":"https:\/\/api.w.org\/{rel}","templated":true}]}}