{"id":28,"date":"2017-08-27T18:14:39","date_gmt":"2017-08-27T16:14:39","guid":{"rendered":"https:\/\/blogs.donboscovolunteers.de\/charlotteinindia\/?page_id=28"},"modified":"2017-08-27T18:26:18","modified_gmt":"2017-08-27T16:26:18","slug":"ueber-mich","status":"publish","type":"page","link":"https:\/\/blogs.donboscovolunteers.de\/charlotteinindia\/ueber-mich\/","title":{"rendered":"\u00dcber mich"},"content":{"rendered":"<p>Hier folgt eine kurze Beschreibung \u00fcber mich, damit man zu den Blogbeitr\u00e4gen auch ein Bild vor Augen hat:<\/p>\n<p>Ich bin 18 Jahre alt, etwa 1,70m hoch und komme aus Waltenhofen im Allg\u00e4u. Im Mai \u02cb17 habe ich mein Abitur am Carl-von-Linde-Gymnasium in Kempten abgeschlossen. In meiner Freizeit lese ich, schaue meine Lieblingsserien (allen voran Friends), fahre Mountainbike oder treffe mich mit Freunden. Ich hatte schon lange vor, nach dem Abi ein Jahr ins Ausland zu gehen, wusste aber nicht wohin und was genau ich dort tun sollte. Bei <a href=\"https:\/\/www.donboscomission.de\/don-bosco\/\">Don Bosco<\/a> Volunteers fand ich dann Antworten auf diese Fragen: Ich werde von September \u02cb17 bis August \u02cb18 einen entwicklungspolitischen <a href=\"https:\/\/www.donboscovolunteers.de\/\">Freiwilligendienst<\/a> in Vilathikulam in S\u00fcdindien leisten. Das Projekt, in dem ich t\u00e4tig sein werde, nennt sich VEMBU &#8211;\u00a0Vilathikulam Empowering Movement for Building the Underprivileged. Der Name sagt bereits das Wesentliche: VEMBU setzt sich f\u00fcr an den Rand gedr\u00e4ngte Bev\u00f6lkerungsgruppen ein \u2013 unter anderem f\u00fcr Kinderarbeiter oder f\u00fcr die Gleichberechtigung von Frauen. Ich bin aber in diesem Jahr nicht die einzige Freiwillige dort &#8211; meine Mitvolunt\u00e4rin hei\u00dft Annette Klausmann. Ihr Blog ist unter\u00a0https:\/\/blogs.donboscovolunteers.de\/annetteindien\/\u00a0zu finden.<\/p>\n<p>Und jetzt w\u00fcnsche ich viel Spa\u00df beim Lesen!<\/p>\n","protected":false},"excerpt":{"rendered":"<p>Hier folgt eine kurze Beschreibung \u00fcber mich, damit man zu den Blogbeitr\u00e4gen auch ein Bild vor Augen hat: Ich bin 18 Jahre alt, etwa 1,70m hoch und komme aus Waltenhofen im Allg\u00e4u. Im Mai \u02cb17 habe ich mein Abitur am Carl-von-Linde-Gymnasium in Kempten abgeschlossen. In meiner Freizeit lese ich, schaue meine Lieblingsserien (allen voran Friends), [&hellip;]<\/p>\n","protected":false},"author":21547,"featured_media":32,"parent":0,"menu_order":0,"comment_status":"closed","ping_status":"closed","template":"","meta":{"footnotes":""},"class_list":["post-28","page","type-page","status-publish","has-post-thumbnail","hentry"],"yoast_head":"<!-- This site is optimized with the Yoast SEO plugin v25.3.1 - https:\/\/yoast.com\/wordpress\/plugins\/seo\/ -->\n<title>\u00dcber mich - Charlotte in India<\/title>\n<meta name=\"robots\" content=\"index, follow, max-snippet:-1, max-image-preview:large, max-video-preview:-1\" \/>\n<link rel=\"canonical\" href=\"https:\/\/blogs.donboscovolunteers.de\/charlotteinindia\/ueber-mich\/\" \/>\n<meta property=\"og:locale\" content=\"de_DE\" \/>\n<meta property=\"og:type\" content=\"article\" \/>\n<meta property=\"og:title\" content=\"\u00dcber mich - Charlotte in India\" \/>\n<meta property=\"og:description\" content=\"Hier folgt eine kurze Beschreibung \u00fcber mich, damit man zu den Blogbeitr\u00e4gen auch ein Bild vor Augen hat: Ich bin 18 Jahre alt, etwa 1,70m hoch und komme aus Waltenhofen im Allg\u00e4u. Im Mai \u02cb17 habe ich mein Abitur am Carl-von-Linde-Gymnasium in Kempten abgeschlossen. In meiner Freizeit lese ich, schaue meine Lieblingsserien (allen voran Friends), [&hellip;]\" \/>\n<meta property=\"og:url\" content=\"https:\/\/blogs.donboscovolunteers.de\/charlotteinindia\/ueber-mich\/\" \/>\n<meta property=\"og:site_name\" content=\"Charlotte in India\" \/>\n<meta property=\"article:modified_time\" content=\"2017-08-27T16:26:18+00:00\" \/>\n<meta property=\"og:image\" content=\"https:\/\/blogs.donboscovolunteers.de\/charlotteinindia\/wp-content\/uploads\/sites\/21496\/2017\/08\/DSC03115-1.jpg\" \/>\n\t<meta property=\"og:image:width\" content=\"1280\" \/>\n\t<meta property=\"og:image:height\" content=\"720\" \/>\n\t<meta property=\"og:image:type\" content=\"image\/jpeg\" \/>\n<meta name=\"twitter:card\" content=\"summary_large_image\" \/>\n<meta name=\"twitter:label1\" content=\"Gesch\u00e4tzte Lesezeit\" \/>\n\t<meta name=\"twitter:data1\" content=\"1\u00a0Minute\" \/>\n<script type=\"application\/ld+json\" class=\"yoast-schema-graph\">{\"@context\":\"https:\/\/schema.org\",\"@graph\":[{\"@type\":\"WebPage\",\"@id\":\"https:\/\/blogs.donboscovolunteers.de\/charlotteinindia\/ueber-mich\/\",\"url\":\"https:\/\/blogs.donboscovolunteers.de\/charlotteinindia\/ueber-mich\/\",\"name\":\"\u00dcber mich - Charlotte in India\",\"isPartOf\":{\"@id\":\"https:\/\/blogs.donboscovolunteers.de\/charlotteinindia\/#website\"},\"primaryImageOfPage\":{\"@id\":\"https:\/\/blogs.donboscovolunteers.de\/charlotteinindia\/ueber-mich\/#primaryimage\"},\"image\":{\"@id\":\"https:\/\/blogs.donboscovolunteers.de\/charlotteinindia\/ueber-mich\/#primaryimage\"},\"thumbnailUrl\":\"https:\/\/blogs.donboscovolunteers.de\/charlotteinindia\/wp-content\/uploads\/sites\/21496\/2017\/08\/DSC03115-1.jpg\",\"datePublished\":\"2017-08-27T16:14:39+00:00\",\"dateModified\":\"2017-08-27T16:26:18+00:00\",\"breadcrumb\":{\"@id\":\"https:\/\/blogs.donboscovolunteers.de\/charlotteinindia\/ueber-mich\/#breadcrumb\"},\"inLanguage\":\"de\",\"potentialAction\":[{\"@type\":\"ReadAction\",\"target\":[\"https:\/\/blogs.donboscovolunteers.de\/charlotteinindia\/ueber-mich\/\"]}]},{\"@type\":\"ImageObject\",\"inLanguage\":\"de\",\"@id\":\"https:\/\/blogs.donboscovolunteers.de\/charlotteinindia\/ueber-mich\/#primaryimage\",\"url\":\"https:\/\/blogs.donboscovolunteers.de\/charlotteinindia\/wp-content\/uploads\/sites\/21496\/2017\/08\/DSC03115-1.jpg\",\"contentUrl\":\"https:\/\/blogs.donboscovolunteers.de\/charlotteinindia\/wp-content\/uploads\/sites\/21496\/2017\/08\/DSC03115-1.jpg\",\"width\":1280,\"height\":720},{\"@type\":\"BreadcrumbList\",\"@id\":\"https:\/\/blogs.donboscovolunteers.de\/charlotteinindia\/ueber-mich\/#breadcrumb\",\"itemListElement\":[{\"@type\":\"ListItem\",\"position\":1,\"name\":\"Startseite\",\"item\":\"https:\/\/blogs.donboscovolunteers.de\/charlotteinindia\/\"},{\"@type\":\"ListItem\",\"position\":2,\"name\":\"\u00dcber mich\"}]},{\"@type\":\"WebSite\",\"@id\":\"https:\/\/blogs.donboscovolunteers.de\/charlotteinindia\/#website\",\"url\":\"https:\/\/blogs.donboscovolunteers.de\/charlotteinindia\/\",\"name\":\"Charlotte in India\",\"description\":\"Weit, weit weg wird zu ganz, ganz nah\",\"potentialAction\":[{\"@type\":\"SearchAction\",\"target\":{\"@type\":\"EntryPoint\",\"urlTemplate\":\"https:\/\/blogs.donboscovolunteers.de\/charlotteinindia\/?s={search_term_string}\"},\"query-input\":{\"@type\":\"PropertyValueSpecification\",\"valueRequired\":true,\"valueName\":\"search_term_string\"}}],\"inLanguage\":\"de\"}]}<\/script>\n<!-- \/ Yoast SEO plugin. -->","yoast_head_json":{"title":"\u00dcber mich - Charlotte in India","robots":{"index":"index","follow":"follow","max-snippet":"max-snippet:-1","max-image-preview":"max-image-preview:large","max-video-preview":"max-video-preview:-1"},"canonical":"https:\/\/blogs.donboscovolunteers.de\/charlotteinindia\/ueber-mich\/","og_locale":"de_DE","og_type":"article","og_title":"\u00dcber mich - Charlotte in India","og_description":"Hier folgt eine kurze Beschreibung \u00fcber mich, damit man zu den Blogbeitr\u00e4gen auch ein Bild vor Augen hat: Ich bin 18 Jahre alt, etwa 1,70m hoch und komme aus Waltenhofen im Allg\u00e4u. Im Mai \u02cb17 habe ich mein Abitur am Carl-von-Linde-Gymnasium in Kempten abgeschlossen. In meiner Freizeit lese ich, schaue meine Lieblingsserien (allen voran Friends), [&hellip;]","og_url":"https:\/\/blogs.donboscovolunteers.de\/charlotteinindia\/ueber-mich\/","og_site_name":"Charlotte in India","article_modified_time":"2017-08-27T16:26:18+00:00","og_image":[{"width":1280,"height":720,"url":"https:\/\/blogs.donboscovolunteers.de\/charlotteinindia\/wp-content\/uploads\/sites\/21496\/2017\/08\/DSC03115-1.jpg","type":"image\/jpeg"}],"twitter_card":"summary_large_image","twitter_misc":{"Gesch\u00e4tzte Lesezeit":"1\u00a0Minute"},"schema":{"@context":"https:\/\/schema.org","@graph":[{"@type":"WebPage","@id":"https:\/\/blogs.donboscovolunteers.de\/charlotteinindia\/ueber-mich\/","url":"https:\/\/blogs.donboscovolunteers.de\/charlotteinindia\/ueber-mich\/","name":"\u00dcber mich - Charlotte in India","isPartOf":{"@id":"https:\/\/blogs.donboscovolunteers.de\/charlotteinindia\/#website"},"primaryImageOfPage":{"@id":"https:\/\/blogs.donboscovolunteers.de\/charlotteinindia\/ueber-mich\/#primaryimage"},"image":{"@id":"https:\/\/blogs.donboscovolunteers.de\/charlotteinindia\/ueber-mich\/#primaryimage"},"thumbnailUrl":"https:\/\/blogs.donboscovolunteers.de\/charlotteinindia\/wp-content\/uploads\/sites\/21496\/2017\/08\/DSC03115-1.jpg","datePublished":"2017-08-27T16:14:39+00:00","dateModified":"2017-08-27T16:26:18+00:00","breadcrumb":{"@id":"https:\/\/blogs.donboscovolunteers.de\/charlotteinindia\/ueber-mich\/#breadcrumb"},"inLanguage":"de","potentialAction":[{"@type":"ReadAction","target":["https:\/\/blogs.donboscovolunteers.de\/charlotteinindia\/ueber-mich\/"]}]},{"@type":"ImageObject","inLanguage":"de","@id":"https:\/\/blogs.donboscovolunteers.de\/charlotteinindia\/ueber-mich\/#primaryimage","url":"https:\/\/blogs.donboscovolunteers.de\/charlotteinindia\/wp-content\/uploads\/sites\/21496\/2017\/08\/DSC03115-1.jpg","contentUrl":"https:\/\/blogs.donboscovolunteers.de\/charlotteinindia\/wp-content\/uploads\/sites\/21496\/2017\/08\/DSC03115-1.jpg","width":1280,"height":720},{"@type":"BreadcrumbList","@id":"https:\/\/blogs.donboscovolunteers.de\/charlotteinindia\/ueber-mich\/#breadcrumb","itemListElement":[{"@type":"ListItem","position":1,"name":"Startseite","item":"https:\/\/blogs.donboscovolunteers.de\/charlotteinindia\/"},{"@type":"ListItem","position":2,"name":"\u00dcber mich"}]},{"@type":"WebSite","@id":"https:\/\/blogs.donboscovolunteers.de\/charlotteinindia\/#website","url":"https:\/\/blogs.donboscovolunteers.de\/charlotteinindia\/","name":"Charlotte in India","description":"Weit, weit weg wird zu ganz, ganz nah","potentialAction":[{"@type":"SearchAction","target":{"@type":"EntryPoint","urlTemplate":"https:\/\/blogs.donboscovolunteers.de\/charlotteinindia\/?s={search_term_string}"},"query-input":{"@type":"PropertyValueSpecification","valueRequired":true,"valueName":"search_term_string"}}],"inLanguage":"de"}]}},"_links":{"self":[{"href":"https:\/\/blogs.donboscovolunteers.de\/charlotteinindia\/wp-json\/wp\/v2\/pages\/28","targetHints":{"allow":["GET"]}}],"collection":[{"href":"https:\/\/blogs.donboscovolunteers.de\/charlotteinindia\/wp-json\/wp\/v2\/pages"}],"about":[{"href":"https:\/\/blogs.donboscovolunteers.de\/charlotteinindia\/wp-json\/wp\/v2\/types\/page"}],"author":[{"embeddable":true,"href":"https:\/\/blogs.donboscovolunteers.de\/charlotteinindia\/wp-json\/wp\/v2\/users\/21547"}],"replies":[{"embeddable":true,"href":"https:\/\/blogs.donboscovolunteers.de\/charlotteinindia\/wp-json\/wp\/v2\/comments?post=28"}],"version-history":[{"count":1,"href":"https:\/\/blogs.donboscovolunteers.de\/charlotteinindia\/wp-json\/wp\/v2\/pages\/28\/revisions"}],"predecessor-version":[{"id":29,"href":"https:\/\/blogs.donboscovolunteers.de\/charlotteinindia\/wp-json\/wp\/v2\/pages\/28\/revisions\/29"}],"wp:featuredmedia":[{"embeddable":true,"href":"https:\/\/blogs.donboscovolunteers.de\/charlotteinindia\/wp-json\/wp\/v2\/media\/32"}],"wp:attachment":[{"href":"https:\/\/blogs.donboscovolunteers.de\/charlotteinindia\/wp-json\/wp\/v2\/media?parent=28"}],"curies":[{"name":"wp","href":"https:\/\/api.w.org\/{rel}","templated":true}]}}