{"id":2,"date":"2012-07-08T12:18:31","date_gmt":"2012-07-08T12:18:31","guid":{"rendered":"https:\/\/blogs.donboscovolunteers.de\/briefeausindien\/?page_id=2"},"modified":"2012-07-16T13:44:38","modified_gmt":"2012-07-16T13:44:38","slug":"3dingeubermich","status":"publish","type":"page","link":"https:\/\/blogs.donboscovolunteers.de\/briefeausindien\/3dingeubermich\/","title":{"rendered":"3 Dinge \u00dcber Mich"},"content":{"rendered":"<p><em>Wer bin ich?<\/em><br \/>\nMein Name ist Jonathan Wiese, ich bin 18 Jahre alt und hab seit kurzem mein Abitur in der Tasche. Ich komme aus Forst (Lausitz) in Brandenburg, einem kleinen stillen Fleckchen in der N\u00e4he der polnischen Grenze. Das n\u00e4chste Jahr m\u00f6chte ich einen entwicklungspolitischen <a href=\"https:\/\/www.donboscovolunteers.de\/\">Freiwilligendienst<\/a> &#8222;weltw\u00e4rts&#8220; in <a href=\"https:\/\/strassenkinder.de\/laender\/asien\/inden\/\">Indien<\/a> ausf\u00fchren. Erm\u00f6glicht wird mir dies durch die Organisation &#8222;<a href=\"https:\/\/www.donboscomission.de\/don-bosco\/\">Don Bosco<\/a> Volunteers&#8220;, einer Initiative der <a href=\"https:\/\/www.donboscomission.de\/don-bosco\/erbe\/\">Salesianer Don Boscos<\/a>.<\/p>\n<p><em>Warum gerade ein Jahr in Indien?<\/em><br \/>\nDas hat nat\u00fcrlich mehrere Gr\u00fcnde. Mir war eigentlich ziemlich schnell klar, dass ich nicht gleich studieren m\u00f6chte, deswegen hab ich mich fr\u00fch \u00fcber die M\u00f6glichkeiten informiert, die sich mir sonst noch nach dem Abitur bieten.<br \/>\nMir war auch relativ schnell klar, dass ich ein Jahr im Ausland verbringen m\u00f6chte.<br \/>\nIch denke, es ist mir wichtig, mir dessen bewusst zu sein, dass die Bildung, die Freizeitangebote und die Ausbildungsm\u00f6glichkeiten, die ich in Deutschland und Europa genie\u00dfe, nichts Selbstverst\u00e4ndliches\u00a0 sind. Als Don Bosco Volunteer habe ich die M\u00f6glichkeit, in einem Projekt mitzuarbeiten, das sich daf\u00fcr einsetzt, auch Kindern eine Grundbildung zu erm\u00f6glichen, die unter anderen Verh\u00e4ltnissen aufwachsen.<br \/>\nDazu kommen dann noch das Interesse an anderen Kulturen und Sprachen und der Wunsch, mal \u00fcber den Tellerrand von Europa hinnauszuschauen.<\/p>\n<p><em>Warum blogge ich?<\/em><br \/>\nEigentlich blogge ich ja schon, seit ich 15 bin, mal mit mehr, mal mit weniger Enthusiasmus^^. In diesem Blog m\u00f6chte ich aber vor allem \u00fcber die Erlebnisse und Erfahrungen berichten, die ich w\u00e4hrend des Jahres machen werde.<\/p>\n","protected":false},"excerpt":{"rendered":"<p>Wer bin ich? Mein Name ist Jonathan Wiese, ich bin 18 Jahre alt und hab seit kurzem mein Abitur in der Tasche. Ich komme aus Forst (Lausitz) in Brandenburg, einem kleinen stillen Fleckchen in der N\u00e4he der polnischen Grenze. Das n\u00e4chste Jahr m\u00f6chte ich einen entwicklungspolitischen <a href=\"https:\/\/www.donboscovolunteers.de\/\">Freiwilligendienst<\/a> &#8222;weltw\u00e4rts&#8220; in <a href=\"https:\/\/strassenkinder.de\/laender\/asien\/inden\/\">Indien<\/a> ausf\u00fchren. Erm\u00f6glicht wird mir dies [&hellip;]<\/p>\n","protected":false},"author":19545,"featured_media":0,"parent":0,"menu_order":0,"comment_status":"open","ping_status":"closed","template":"","meta":{"footnotes":""},"class_list":["post-2","page","type-page","status-publish","hentry"],"yoast_head":"<!-- This site is optimized with the Yoast SEO plugin v25.3.1 - https:\/\/yoast.com\/wordpress\/plugins\/seo\/ -->\n<title>3 Dinge \u00dcber Mich - Briefe Aus Indien<\/title>\n<meta name=\"robots\" content=\"index, follow, max-snippet:-1, max-image-preview:large, max-video-preview:-1\" \/>\n<link rel=\"canonical\" href=\"https:\/\/blogs.donboscovolunteers.de\/briefeausindien\/3dingeubermich\/\" \/>\n<meta property=\"og:locale\" content=\"de_DE\" \/>\n<meta property=\"og:type\" content=\"article\" \/>\n<meta property=\"og:title\" content=\"3 Dinge \u00dcber Mich - Briefe Aus Indien\" \/>\n<meta property=\"og:description\" content=\"Wer bin ich? Mein Name ist Jonathan Wiese, ich bin 18 Jahre alt und hab seit kurzem mein Abitur in der Tasche. Ich komme aus Forst (Lausitz) in Brandenburg, einem kleinen stillen Fleckchen in der N\u00e4he der polnischen Grenze. Das n\u00e4chste Jahr m\u00f6chte ich einen entwicklungspolitischen Freiwilligendienst &#8222;weltw\u00e4rts&#8220; in Indien ausf\u00fchren. Erm\u00f6glicht wird mir dies [&hellip;]\" \/>\n<meta property=\"og:url\" content=\"https:\/\/blogs.donboscovolunteers.de\/briefeausindien\/3dingeubermich\/\" \/>\n<meta property=\"og:site_name\" content=\"Briefe Aus Indien\" \/>\n<meta property=\"article:modified_time\" content=\"2012-07-16T13:44:38+00:00\" \/>\n<meta name=\"twitter:card\" content=\"summary_large_image\" \/>\n<meta name=\"twitter:label1\" content=\"Gesch\u00e4tzte Lesezeit\" \/>\n\t<meta name=\"twitter:data1\" content=\"1\u00a0Minute\" \/>\n<script type=\"application\/ld+json\" class=\"yoast-schema-graph\">{\"@context\":\"https:\/\/schema.org\",\"@graph\":[{\"@type\":\"WebPage\",\"@id\":\"https:\/\/blogs.donboscovolunteers.de\/briefeausindien\/3dingeubermich\/\",\"url\":\"https:\/\/blogs.donboscovolunteers.de\/briefeausindien\/3dingeubermich\/\",\"name\":\"3 Dinge \u00dcber Mich - Briefe Aus Indien\",\"isPartOf\":{\"@id\":\"https:\/\/blogs.donboscovolunteers.de\/briefeausindien\/#website\"},\"datePublished\":\"2012-07-08T12:18:31+00:00\",\"dateModified\":\"2012-07-16T13:44:38+00:00\",\"breadcrumb\":{\"@id\":\"https:\/\/blogs.donboscovolunteers.de\/briefeausindien\/3dingeubermich\/#breadcrumb\"},\"inLanguage\":\"de\",\"potentialAction\":[{\"@type\":\"ReadAction\",\"target\":[\"https:\/\/blogs.donboscovolunteers.de\/briefeausindien\/3dingeubermich\/\"]}]},{\"@type\":\"BreadcrumbList\",\"@id\":\"https:\/\/blogs.donboscovolunteers.de\/briefeausindien\/3dingeubermich\/#breadcrumb\",\"itemListElement\":[{\"@type\":\"ListItem\",\"position\":1,\"name\":\"Startseite\",\"item\":\"https:\/\/blogs.donboscovolunteers.de\/briefeausindien\/\"},{\"@type\":\"ListItem\",\"position\":2,\"name\":\"3 Dinge \u00dcber Mich\"}]},{\"@type\":\"WebSite\",\"@id\":\"https:\/\/blogs.donboscovolunteers.de\/briefeausindien\/#website\",\"url\":\"https:\/\/blogs.donboscovolunteers.de\/briefeausindien\/\",\"name\":\"Briefe Aus Indien\",\"description\":\"Ein Jahr in Vijayawada!\",\"potentialAction\":[{\"@type\":\"SearchAction\",\"target\":{\"@type\":\"EntryPoint\",\"urlTemplate\":\"https:\/\/blogs.donboscovolunteers.de\/briefeausindien\/?s={search_term_string}\"},\"query-input\":{\"@type\":\"PropertyValueSpecification\",\"valueRequired\":true,\"valueName\":\"search_term_string\"}}],\"inLanguage\":\"de\"}]}<\/script>\n<!-- \/ Yoast SEO plugin. -->","yoast_head_json":{"title":"3 Dinge \u00dcber Mich - Briefe Aus Indien","robots":{"index":"index","follow":"follow","max-snippet":"max-snippet:-1","max-image-preview":"max-image-preview:large","max-video-preview":"max-video-preview:-1"},"canonical":"https:\/\/blogs.donboscovolunteers.de\/briefeausindien\/3dingeubermich\/","og_locale":"de_DE","og_type":"article","og_title":"3 Dinge \u00dcber Mich - Briefe Aus Indien","og_description":"Wer bin ich? Mein Name ist Jonathan Wiese, ich bin 18 Jahre alt und hab seit kurzem mein Abitur in der Tasche. Ich komme aus Forst (Lausitz) in Brandenburg, einem kleinen stillen Fleckchen in der N\u00e4he der polnischen Grenze. Das n\u00e4chste Jahr m\u00f6chte ich einen entwicklungspolitischen Freiwilligendienst &#8222;weltw\u00e4rts&#8220; in Indien ausf\u00fchren. Erm\u00f6glicht wird mir dies [&hellip;]","og_url":"https:\/\/blogs.donboscovolunteers.de\/briefeausindien\/3dingeubermich\/","og_site_name":"Briefe Aus Indien","article_modified_time":"2012-07-16T13:44:38+00:00","twitter_card":"summary_large_image","twitter_misc":{"Gesch\u00e4tzte Lesezeit":"1\u00a0Minute"},"schema":{"@context":"https:\/\/schema.org","@graph":[{"@type":"WebPage","@id":"https:\/\/blogs.donboscovolunteers.de\/briefeausindien\/3dingeubermich\/","url":"https:\/\/blogs.donboscovolunteers.de\/briefeausindien\/3dingeubermich\/","name":"3 Dinge \u00dcber Mich - Briefe Aus Indien","isPartOf":{"@id":"https:\/\/blogs.donboscovolunteers.de\/briefeausindien\/#website"},"datePublished":"2012-07-08T12:18:31+00:00","dateModified":"2012-07-16T13:44:38+00:00","breadcrumb":{"@id":"https:\/\/blogs.donboscovolunteers.de\/briefeausindien\/3dingeubermich\/#breadcrumb"},"inLanguage":"de","potentialAction":[{"@type":"ReadAction","target":["https:\/\/blogs.donboscovolunteers.de\/briefeausindien\/3dingeubermich\/"]}]},{"@type":"BreadcrumbList","@id":"https:\/\/blogs.donboscovolunteers.de\/briefeausindien\/3dingeubermich\/#breadcrumb","itemListElement":[{"@type":"ListItem","position":1,"name":"Startseite","item":"https:\/\/blogs.donboscovolunteers.de\/briefeausindien\/"},{"@type":"ListItem","position":2,"name":"3 Dinge \u00dcber Mich"}]},{"@type":"WebSite","@id":"https:\/\/blogs.donboscovolunteers.de\/briefeausindien\/#website","url":"https:\/\/blogs.donboscovolunteers.de\/briefeausindien\/","name":"Briefe Aus Indien","description":"Ein Jahr in Vijayawada!","potentialAction":[{"@type":"SearchAction","target":{"@type":"EntryPoint","urlTemplate":"https:\/\/blogs.donboscovolunteers.de\/briefeausindien\/?s={search_term_string}"},"query-input":{"@type":"PropertyValueSpecification","valueRequired":true,"valueName":"search_term_string"}}],"inLanguage":"de"}]}},"_links":{"self":[{"href":"https:\/\/blogs.donboscovolunteers.de\/briefeausindien\/wp-json\/wp\/v2\/pages\/2","targetHints":{"allow":["GET"]}}],"collection":[{"href":"https:\/\/blogs.donboscovolunteers.de\/briefeausindien\/wp-json\/wp\/v2\/pages"}],"about":[{"href":"https:\/\/blogs.donboscovolunteers.de\/briefeausindien\/wp-json\/wp\/v2\/types\/page"}],"author":[{"embeddable":true,"href":"https:\/\/blogs.donboscovolunteers.de\/briefeausindien\/wp-json\/wp\/v2\/users\/19545"}],"replies":[{"embeddable":true,"href":"https:\/\/blogs.donboscovolunteers.de\/briefeausindien\/wp-json\/wp\/v2\/comments?post=2"}],"version-history":[{"count":2,"href":"https:\/\/blogs.donboscovolunteers.de\/briefeausindien\/wp-json\/wp\/v2\/pages\/2\/revisions"}],"predecessor-version":[{"id":6,"href":"https:\/\/blogs.donboscovolunteers.de\/briefeausindien\/wp-json\/wp\/v2\/pages\/2\/revisions\/6"}],"wp:attachment":[{"href":"https:\/\/blogs.donboscovolunteers.de\/briefeausindien\/wp-json\/wp\/v2\/media?parent=2"}],"curies":[{"name":"wp","href":"https:\/\/api.w.org\/{rel}","templated":true}]}}