{"id":145,"date":"2017-09-12T21:56:24","date_gmt":"2017-09-12T20:56:24","guid":{"rendered":"https:\/\/blogs.donboscovolunteers.de\/barbarainbenin\/?page_id=145"},"modified":"2017-09-26T14:04:53","modified_gmt":"2017-09-26T13:04:53","slug":"unterstuetzen","status":"publish","type":"page","link":"https:\/\/blogs.donboscovolunteers.de\/barbarainbenin\/unterstuetzen\/","title":{"rendered":"Unterst\u00fctzen"},"content":{"rendered":"<p>Ich freue mich sehr, wenn ihr meinen Einsatz und die Projekte finanziell unterst\u00fctzen m\u00f6chtet! Auf meinem Blog werde ich im Laufe des Jahres beschreiben, wie die Spenden eingesetzt werden.<\/p>\n<p><script src=\"https:\/\/api.spendino.de\/admanager\/forms\/display\/1807\"><\/script><\/p>\n<p style=\"text-align: center;\"><a href=\"https:\/\/www.donboscomission.de\/don-bosco\/\">DON BOSCO<\/a> MISSION<\/p>\n<p style=\"text-align: center;\">LIGA BANK M\u00dcNCHEN<\/p>\n<p style=\"text-align: center;\">IBAN: DE66 7509 0300 0102 1418 76<\/p>\n<p style=\"text-align: center;\">BIC: GENODEF1M05<\/p>\n<p style=\"text-align: center;\">Verwendungszweck: Barbara D\u00e4hn R511740<\/p>\n<p style=\"text-align: center;\">Eine Quittung kann bei Angabe der Adresse ausgestellt und zugeschickt werden.<\/p>\n<p style=\"text-align: center;\">\u00a0Vielen Dank!<\/p>\n","protected":false},"excerpt":{"rendered":"<p>Ich freue mich sehr, wenn ihr meinen Einsatz und die Projekte finanziell unterst\u00fctzen m\u00f6chtet! Auf meinem Blog werde ich im Laufe des Jahres beschreiben, wie die Spenden eingesetzt werden. <a href=\"https:\/\/www.donboscomission.de\/don-bosco\/\">DON BOSCO<\/a> MISSION LIGA BANK M\u00dcNCHEN IBAN: DE66 7509 0300 0102 1418 76 BIC: GENODEF1M05 Verwendungszweck: Barbara D\u00e4hn R511740 Eine Quittung kann bei Angabe der Adresse [&hellip;]<\/p>\n","protected":false},"author":21545,"featured_media":0,"parent":0,"menu_order":0,"comment_status":"closed","ping_status":"closed","template":"","meta":{"footnotes":""},"class_list":["post-145","page","type-page","status-publish","hentry"],"yoast_head":"<!-- This site is optimized with the Yoast SEO plugin v25.3.1 - https:\/\/yoast.com\/wordpress\/plugins\/seo\/ -->\n<title>Unterst\u00fctzen - Barbara in Benin<\/title>\n<meta name=\"robots\" content=\"index, follow, max-snippet:-1, max-image-preview:large, max-video-preview:-1\" \/>\n<link rel=\"canonical\" href=\"https:\/\/blogs.donboscovolunteers.de\/barbarainbenin\/unterstuetzen\/\" \/>\n<meta property=\"og:locale\" content=\"de_DE\" \/>\n<meta property=\"og:type\" content=\"article\" \/>\n<meta property=\"og:title\" content=\"Unterst\u00fctzen - Barbara in Benin\" \/>\n<meta property=\"og:description\" content=\"Ich freue mich sehr, wenn ihr meinen Einsatz und die Projekte finanziell unterst\u00fctzen m\u00f6chtet! Auf meinem Blog werde ich im Laufe des Jahres beschreiben, wie die Spenden eingesetzt werden. DON BOSCO MISSION LIGA BANK M\u00dcNCHEN IBAN: DE66 7509 0300 0102 1418 76 BIC: GENODEF1M05 Verwendungszweck: Barbara D\u00e4hn R511740 Eine Quittung kann bei Angabe der Adresse [&hellip;]\" \/>\n<meta property=\"og:url\" content=\"https:\/\/blogs.donboscovolunteers.de\/barbarainbenin\/unterstuetzen\/\" \/>\n<meta property=\"og:site_name\" content=\"Barbara in Benin\" \/>\n<meta property=\"article:modified_time\" content=\"2017-09-26T13:04:53+00:00\" \/>\n<meta name=\"twitter:card\" content=\"summary_large_image\" \/>\n<script type=\"application\/ld+json\" class=\"yoast-schema-graph\">{\"@context\":\"https:\/\/schema.org\",\"@graph\":[{\"@type\":\"WebPage\",\"@id\":\"https:\/\/blogs.donboscovolunteers.de\/barbarainbenin\/unterstuetzen\/\",\"url\":\"https:\/\/blogs.donboscovolunteers.de\/barbarainbenin\/unterstuetzen\/\",\"name\":\"Unterst\u00fctzen - Barbara in Benin\",\"isPartOf\":{\"@id\":\"https:\/\/blogs.donboscovolunteers.de\/barbarainbenin\/#website\"},\"datePublished\":\"2017-09-12T20:56:24+00:00\",\"dateModified\":\"2017-09-26T13:04:53+00:00\",\"breadcrumb\":{\"@id\":\"https:\/\/blogs.donboscovolunteers.de\/barbarainbenin\/unterstuetzen\/#breadcrumb\"},\"inLanguage\":\"de\",\"potentialAction\":[{\"@type\":\"ReadAction\",\"target\":[\"https:\/\/blogs.donboscovolunteers.de\/barbarainbenin\/unterstuetzen\/\"]}]},{\"@type\":\"BreadcrumbList\",\"@id\":\"https:\/\/blogs.donboscovolunteers.de\/barbarainbenin\/unterstuetzen\/#breadcrumb\",\"itemListElement\":[{\"@type\":\"ListItem\",\"position\":1,\"name\":\"Startseite\",\"item\":\"https:\/\/blogs.donboscovolunteers.de\/barbarainbenin\/\"},{\"@type\":\"ListItem\",\"position\":2,\"name\":\"Unterst\u00fctzen\"}]},{\"@type\":\"WebSite\",\"@id\":\"https:\/\/blogs.donboscovolunteers.de\/barbarainbenin\/#website\",\"url\":\"https:\/\/blogs.donboscovolunteers.de\/barbarainbenin\/\",\"name\":\"Barbara in Benin\",\"description\":\"Mein Freiwilligendienst bei den Don Bosco-Schwestern\",\"potentialAction\":[{\"@type\":\"SearchAction\",\"target\":{\"@type\":\"EntryPoint\",\"urlTemplate\":\"https:\/\/blogs.donboscovolunteers.de\/barbarainbenin\/?s={search_term_string}\"},\"query-input\":{\"@type\":\"PropertyValueSpecification\",\"valueRequired\":true,\"valueName\":\"search_term_string\"}}],\"inLanguage\":\"de\"}]}<\/script>\n<!-- \/ Yoast SEO plugin. -->","yoast_head_json":{"title":"Unterst\u00fctzen - Barbara in Benin","robots":{"index":"index","follow":"follow","max-snippet":"max-snippet:-1","max-image-preview":"max-image-preview:large","max-video-preview":"max-video-preview:-1"},"canonical":"https:\/\/blogs.donboscovolunteers.de\/barbarainbenin\/unterstuetzen\/","og_locale":"de_DE","og_type":"article","og_title":"Unterst\u00fctzen - Barbara in Benin","og_description":"Ich freue mich sehr, wenn ihr meinen Einsatz und die Projekte finanziell unterst\u00fctzen m\u00f6chtet! Auf meinem Blog werde ich im Laufe des Jahres beschreiben, wie die Spenden eingesetzt werden. DON BOSCO MISSION LIGA BANK M\u00dcNCHEN IBAN: DE66 7509 0300 0102 1418 76 BIC: GENODEF1M05 Verwendungszweck: Barbara D\u00e4hn R511740 Eine Quittung kann bei Angabe der Adresse [&hellip;]","og_url":"https:\/\/blogs.donboscovolunteers.de\/barbarainbenin\/unterstuetzen\/","og_site_name":"Barbara in Benin","article_modified_time":"2017-09-26T13:04:53+00:00","twitter_card":"summary_large_image","schema":{"@context":"https:\/\/schema.org","@graph":[{"@type":"WebPage","@id":"https:\/\/blogs.donboscovolunteers.de\/barbarainbenin\/unterstuetzen\/","url":"https:\/\/blogs.donboscovolunteers.de\/barbarainbenin\/unterstuetzen\/","name":"Unterst\u00fctzen - Barbara in Benin","isPartOf":{"@id":"https:\/\/blogs.donboscovolunteers.de\/barbarainbenin\/#website"},"datePublished":"2017-09-12T20:56:24+00:00","dateModified":"2017-09-26T13:04:53+00:00","breadcrumb":{"@id":"https:\/\/blogs.donboscovolunteers.de\/barbarainbenin\/unterstuetzen\/#breadcrumb"},"inLanguage":"de","potentialAction":[{"@type":"ReadAction","target":["https:\/\/blogs.donboscovolunteers.de\/barbarainbenin\/unterstuetzen\/"]}]},{"@type":"BreadcrumbList","@id":"https:\/\/blogs.donboscovolunteers.de\/barbarainbenin\/unterstuetzen\/#breadcrumb","itemListElement":[{"@type":"ListItem","position":1,"name":"Startseite","item":"https:\/\/blogs.donboscovolunteers.de\/barbarainbenin\/"},{"@type":"ListItem","position":2,"name":"Unterst\u00fctzen"}]},{"@type":"WebSite","@id":"https:\/\/blogs.donboscovolunteers.de\/barbarainbenin\/#website","url":"https:\/\/blogs.donboscovolunteers.de\/barbarainbenin\/","name":"Barbara in Benin","description":"Mein Freiwilligendienst bei den Don Bosco-Schwestern","potentialAction":[{"@type":"SearchAction","target":{"@type":"EntryPoint","urlTemplate":"https:\/\/blogs.donboscovolunteers.de\/barbarainbenin\/?s={search_term_string}"},"query-input":{"@type":"PropertyValueSpecification","valueRequired":true,"valueName":"search_term_string"}}],"inLanguage":"de"}]}},"_links":{"self":[{"href":"https:\/\/blogs.donboscovolunteers.de\/barbarainbenin\/wp-json\/wp\/v2\/pages\/145","targetHints":{"allow":["GET"]}}],"collection":[{"href":"https:\/\/blogs.donboscovolunteers.de\/barbarainbenin\/wp-json\/wp\/v2\/pages"}],"about":[{"href":"https:\/\/blogs.donboscovolunteers.de\/barbarainbenin\/wp-json\/wp\/v2\/types\/page"}],"author":[{"embeddable":true,"href":"https:\/\/blogs.donboscovolunteers.de\/barbarainbenin\/wp-json\/wp\/v2\/users\/21545"}],"replies":[{"embeddable":true,"href":"https:\/\/blogs.donboscovolunteers.de\/barbarainbenin\/wp-json\/wp\/v2\/comments?post=145"}],"version-history":[{"count":4,"href":"https:\/\/blogs.donboscovolunteers.de\/barbarainbenin\/wp-json\/wp\/v2\/pages\/145\/revisions"}],"predecessor-version":[{"id":196,"href":"https:\/\/blogs.donboscovolunteers.de\/barbarainbenin\/wp-json\/wp\/v2\/pages\/145\/revisions\/196"}],"wp:attachment":[{"href":"https:\/\/blogs.donboscovolunteers.de\/barbarainbenin\/wp-json\/wp\/v2\/media?parent=145"}],"curies":[{"name":"wp","href":"https:\/\/api.w.org\/{rel}","templated":true}]}}