{"id":26,"date":"2023-07-26T15:26:10","date_gmt":"2023-07-26T13:26:10","guid":{"rendered":"https:\/\/blogs.donboscovolunteers.de\/antoniainvijayawada\/?page_id=26"},"modified":"2023-08-08T10:08:29","modified_gmt":"2023-08-08T08:08:29","slug":"ueber-mich","status":"publish","type":"page","link":"https:\/\/blogs.donboscovolunteers.de\/antoniainvijayawada\/ueber-mich\/","title":{"rendered":"\u00dcber mich"},"content":{"rendered":"<p>Willkommen auf meinem Blog!<\/p>\n\n\n\n<p>An alle, die mich noch nicht so gut kennen: mein Name ist Antonia, ich bin 18 Jahre alt und wohne mit meinen Eltern und meinem Bruder in einem Dorf in Oberbayern.<\/p>\n\n\n\n<p>Ab September diesen Jahres werde ich f\u00fcr 12 Monate nach Vijayawada an die Ostk\u00fcste Indiens fliegen, um dort in einem Stra\u00dfenkinderprojekt der <a href=\"https:\/\/www.donboscomission.de\/don-bosco\/erbe\/\">Salesianer Don Boscos<\/a> zu arbeiten.<\/p>\n\n\n\n<p>Als Volont\u00e4rin werde ich zus\u00e4tzlich zu den Arbeitskr\u00e4ften vor Ort f\u00fcr die Kinder und Jugendlichen im Stra\u00dfenkinderprojekt \u201eNavajeevan Bala Bhavan\u201c da sein. Diese erhalten dort neben Unterkunft, Verpflegung, hygienischer und medizinischer Versorgung auch Zugang zu Bildung.<\/p>\n\n\n\n<p>Genaueres \u00fcber meine Zeit in <a href=\"https:\/\/strassenkinder.de\/laender\/asien\/inden\/\">Indien<\/a> werde ich in diesem Blog berichten und freue mich \u00fcber euer Interesse.<\/p>","protected":false},"excerpt":{"rendered":"<p>Willkommen auf meinem Blog! An alle, die mich noch nicht so gut kennen: mein Name ist Antonia, ich bin 18 Jahre alt und wohne mit meinen Eltern und meinem Bruder in einem Dorf in Oberbayern. Ab September diesen Jahres werde ich f\u00fcr 12 Monate nach Vijayawada an die Ostk\u00fcste Indiens fliegen, um dort in einem [&hellip;]<\/p>\n","protected":false},"author":21767,"featured_media":0,"parent":0,"menu_order":0,"comment_status":"closed","ping_status":"closed","template":"","meta":{"footnotes":""},"class_list":["post-26","page","type-page","status-publish","hentry"],"yoast_head":"<!-- This site is optimized with the Yoast SEO plugin v25.3.1 - https:\/\/yoast.com\/wordpress\/plugins\/seo\/ -->\n<title>\u00dcber mich - Antonia in Vijayawada<\/title>\n<meta name=\"robots\" content=\"index, follow, max-snippet:-1, max-image-preview:large, max-video-preview:-1\" \/>\n<link rel=\"canonical\" href=\"https:\/\/blogs.donboscovolunteers.de\/antoniainvijayawada\/ueber-mich\/\" \/>\n<meta property=\"og:locale\" content=\"de_DE\" \/>\n<meta property=\"og:type\" content=\"article\" \/>\n<meta property=\"og:title\" content=\"\u00dcber mich - Antonia in Vijayawada\" \/>\n<meta property=\"og:description\" content=\"Willkommen auf meinem Blog! An alle, die mich noch nicht so gut kennen: mein Name ist Antonia, ich bin 18 Jahre alt und wohne mit meinen Eltern und meinem Bruder in einem Dorf in Oberbayern. Ab September diesen Jahres werde ich f\u00fcr 12 Monate nach Vijayawada an die Ostk\u00fcste Indiens fliegen, um dort in einem [&hellip;]\" \/>\n<meta property=\"og:url\" content=\"https:\/\/blogs.donboscovolunteers.de\/antoniainvijayawada\/ueber-mich\/\" \/>\n<meta property=\"og:site_name\" content=\"Antonia in Vijayawada\" \/>\n<meta property=\"article:modified_time\" content=\"2023-08-08T08:08:29+00:00\" \/>\n<meta name=\"twitter:card\" content=\"summary_large_image\" \/>\n<meta name=\"twitter:label1\" content=\"Gesch\u00e4tzte Lesezeit\" \/>\n\t<meta name=\"twitter:data1\" content=\"1\u00a0Minute\" \/>\n<script type=\"application\/ld+json\" class=\"yoast-schema-graph\">{\"@context\":\"https:\/\/schema.org\",\"@graph\":[{\"@type\":\"WebPage\",\"@id\":\"https:\/\/blogs.donboscovolunteers.de\/antoniainvijayawada\/ueber-mich\/\",\"url\":\"https:\/\/blogs.donboscovolunteers.de\/antoniainvijayawada\/ueber-mich\/\",\"name\":\"\u00dcber mich - Antonia in Vijayawada\",\"isPartOf\":{\"@id\":\"https:\/\/blogs.donboscovolunteers.de\/antoniainvijayawada\/#website\"},\"datePublished\":\"2023-07-26T13:26:10+00:00\",\"dateModified\":\"2023-08-08T08:08:29+00:00\",\"breadcrumb\":{\"@id\":\"https:\/\/blogs.donboscovolunteers.de\/antoniainvijayawada\/ueber-mich\/#breadcrumb\"},\"inLanguage\":\"de\",\"potentialAction\":[{\"@type\":\"ReadAction\",\"target\":[\"https:\/\/blogs.donboscovolunteers.de\/antoniainvijayawada\/ueber-mich\/\"]}]},{\"@type\":\"BreadcrumbList\",\"@id\":\"https:\/\/blogs.donboscovolunteers.de\/antoniainvijayawada\/ueber-mich\/#breadcrumb\",\"itemListElement\":[{\"@type\":\"ListItem\",\"position\":1,\"name\":\"Startseite\",\"item\":\"https:\/\/blogs.donboscovolunteers.de\/antoniainvijayawada\/\"},{\"@type\":\"ListItem\",\"position\":2,\"name\":\"\u00dcber mich\"}]},{\"@type\":\"WebSite\",\"@id\":\"https:\/\/blogs.donboscovolunteers.de\/antoniainvijayawada\/#website\",\"url\":\"https:\/\/blogs.donboscovolunteers.de\/antoniainvijayawada\/\",\"name\":\"Antonia in Vijayawada\",\"description\":\"\",\"potentialAction\":[{\"@type\":\"SearchAction\",\"target\":{\"@type\":\"EntryPoint\",\"urlTemplate\":\"https:\/\/blogs.donboscovolunteers.de\/antoniainvijayawada\/?s={search_term_string}\"},\"query-input\":{\"@type\":\"PropertyValueSpecification\",\"valueRequired\":true,\"valueName\":\"search_term_string\"}}],\"inLanguage\":\"de\"}]}<\/script>\n<!-- \/ Yoast SEO plugin. -->","yoast_head_json":{"title":"\u00dcber mich - Antonia in Vijayawada","robots":{"index":"index","follow":"follow","max-snippet":"max-snippet:-1","max-image-preview":"max-image-preview:large","max-video-preview":"max-video-preview:-1"},"canonical":"https:\/\/blogs.donboscovolunteers.de\/antoniainvijayawada\/ueber-mich\/","og_locale":"de_DE","og_type":"article","og_title":"\u00dcber mich - Antonia in Vijayawada","og_description":"Willkommen auf meinem Blog! An alle, die mich noch nicht so gut kennen: mein Name ist Antonia, ich bin 18 Jahre alt und wohne mit meinen Eltern und meinem Bruder in einem Dorf in Oberbayern. Ab September diesen Jahres werde ich f\u00fcr 12 Monate nach Vijayawada an die Ostk\u00fcste Indiens fliegen, um dort in einem [&hellip;]","og_url":"https:\/\/blogs.donboscovolunteers.de\/antoniainvijayawada\/ueber-mich\/","og_site_name":"Antonia in Vijayawada","article_modified_time":"2023-08-08T08:08:29+00:00","twitter_card":"summary_large_image","twitter_misc":{"Gesch\u00e4tzte Lesezeit":"1\u00a0Minute"},"schema":{"@context":"https:\/\/schema.org","@graph":[{"@type":"WebPage","@id":"https:\/\/blogs.donboscovolunteers.de\/antoniainvijayawada\/ueber-mich\/","url":"https:\/\/blogs.donboscovolunteers.de\/antoniainvijayawada\/ueber-mich\/","name":"\u00dcber mich - Antonia in Vijayawada","isPartOf":{"@id":"https:\/\/blogs.donboscovolunteers.de\/antoniainvijayawada\/#website"},"datePublished":"2023-07-26T13:26:10+00:00","dateModified":"2023-08-08T08:08:29+00:00","breadcrumb":{"@id":"https:\/\/blogs.donboscovolunteers.de\/antoniainvijayawada\/ueber-mich\/#breadcrumb"},"inLanguage":"de","potentialAction":[{"@type":"ReadAction","target":["https:\/\/blogs.donboscovolunteers.de\/antoniainvijayawada\/ueber-mich\/"]}]},{"@type":"BreadcrumbList","@id":"https:\/\/blogs.donboscovolunteers.de\/antoniainvijayawada\/ueber-mich\/#breadcrumb","itemListElement":[{"@type":"ListItem","position":1,"name":"Startseite","item":"https:\/\/blogs.donboscovolunteers.de\/antoniainvijayawada\/"},{"@type":"ListItem","position":2,"name":"\u00dcber mich"}]},{"@type":"WebSite","@id":"https:\/\/blogs.donboscovolunteers.de\/antoniainvijayawada\/#website","url":"https:\/\/blogs.donboscovolunteers.de\/antoniainvijayawada\/","name":"Antonia in Vijayawada","description":"","potentialAction":[{"@type":"SearchAction","target":{"@type":"EntryPoint","urlTemplate":"https:\/\/blogs.donboscovolunteers.de\/antoniainvijayawada\/?s={search_term_string}"},"query-input":{"@type":"PropertyValueSpecification","valueRequired":true,"valueName":"search_term_string"}}],"inLanguage":"de"}]}},"_links":{"self":[{"href":"https:\/\/blogs.donboscovolunteers.de\/antoniainvijayawada\/wp-json\/wp\/v2\/pages\/26","targetHints":{"allow":["GET"]}}],"collection":[{"href":"https:\/\/blogs.donboscovolunteers.de\/antoniainvijayawada\/wp-json\/wp\/v2\/pages"}],"about":[{"href":"https:\/\/blogs.donboscovolunteers.de\/antoniainvijayawada\/wp-json\/wp\/v2\/types\/page"}],"author":[{"embeddable":true,"href":"https:\/\/blogs.donboscovolunteers.de\/antoniainvijayawada\/wp-json\/wp\/v2\/users\/21767"}],"replies":[{"embeddable":true,"href":"https:\/\/blogs.donboscovolunteers.de\/antoniainvijayawada\/wp-json\/wp\/v2\/comments?post=26"}],"version-history":[{"count":4,"href":"https:\/\/blogs.donboscovolunteers.de\/antoniainvijayawada\/wp-json\/wp\/v2\/pages\/26\/revisions"}],"predecessor-version":[{"id":46,"href":"https:\/\/blogs.donboscovolunteers.de\/antoniainvijayawada\/wp-json\/wp\/v2\/pages\/26\/revisions\/46"}],"wp:attachment":[{"href":"https:\/\/blogs.donboscovolunteers.de\/antoniainvijayawada\/wp-json\/wp\/v2\/media?parent=26"}],"curies":[{"name":"wp","href":"https:\/\/api.w.org\/{rel}","templated":true}]}}