{"id":47,"date":"2018-09-20T17:05:59","date_gmt":"2018-09-20T15:05:59","guid":{"rendered":"https:\/\/blogs.donboscovolunteers.de\/antoniainbolivien\/?page_id=47"},"modified":"2018-09-21T12:57:47","modified_gmt":"2018-09-21T10:57:47","slug":"spenden","status":"publish","type":"page","link":"https:\/\/blogs.donboscovolunteers.de\/antoniainbolivien\/spenden\/","title":{"rendered":"Spenden"},"content":{"rendered":"<p>Wie die meisten von Ihnen wahrscheinlich wissen, wird mein <a href=\"https:\/\/www.donboscovolunteers.de\/\">Freiwilligendienst<\/a> hier in <a href=\"https:\/\/multimedia.strassenkinder.de\/bolivien\">Bolivien<\/a> im Proyecto <a href=\"https:\/\/www.donboscomission.de\/don-bosco\/\">Don Bosco<\/a> \u00fcber das weltw\u00e4rts-Programm vom Bundesministerium f\u00fcr wirtschaftliche Zusammenarbeit und Entwicklung gef\u00f6rdert. Vom Bundesministerium werden 75 % der Kosten des Freiwilligendienstes gedeckt. Die restlichen 25 % werden durch Spenden an Don Bosco Volunteers finanziert.<\/p>\n<p>Ein Teil des weltw\u00e4rts-Programmes ist dabei die Bitte an alle Freiwilligen, Spenden f\u00fcr die Tr\u00e4gerorganisation (in meinem Fall Don Bosco Volunteers) zu sammeln. Durch eine Spende w\u00fcrde also meine Arbeit im Proyecto Don Bosco in <a href=\"https:\/\/strassenkinder.de\/laender\/lateinamerika\/bolivien-strassenkinderzentrum\/\">Santa Cruz<\/a> erm\u00f6glicht und auch die Arbeit der <a href=\"https:\/\/www.donboscomission.de\/don-bosco\/erbe\/\">Salesianer Don Boscos<\/a> in L\u00e4ndern des globalen S\u00fcdens gef\u00f6rdert!<\/p>\n<p>Ich w\u00fcrde mich wirklich sehr freuen, wenn Sie die Arbeit von Don Bosco mit einer Spende unterst\u00fctzen w\u00fcrdet :D. Nat\u00fcrlich w\u00fcrden Sie eine Spendenquittung bekommen. Dazu m\u00fcssen Sie bei der \u00dcberweisung Name, Stra\u00dfe, PLZ und Ort angeben.<\/p>\n<p><strong>Online-Spende:<\/strong><\/p>\n<p><script src=\"https:\/\/api.spendino.de\/admanager\/forms\/display\/2845\"><\/script><\/p>\n<p>Das sind die Kontodaten f\u00fcr eine Spende:<\/p>\n<p>DON BOSCO MISSION<br \/>\nLIGA BANK M\u00dcNCHEN<br \/>\nIBAN: DE66 7509 0300 0102 1418 76<br \/>\nBIC: GENODEF1M05<br \/>\nVerwendungszweck: Antonia Braun S18VR028<\/p>\n<p>Ganz vielen Dank schonmal im Voraus,<\/p>\n<p>Antonia<\/p>\n<p><img loading=\"lazy\" decoding=\"async\" class=\"alignnone size-medium wp-image-54\" src=\"https:\/\/blogs.donboscovolunteers.de\/antoniainbolivien\/wp-content\/uploads\/sites\/21561\/2018\/09\/Logo_DBMB_DZI-300x203.jpg\" alt=\"\" width=\"300\" height=\"203\" srcset=\"https:\/\/blogs.donboscovolunteers.de\/antoniainbolivien\/wp-content\/uploads\/sites\/21561\/2018\/09\/Logo_DBMB_DZI-300x203.jpg 300w, https:\/\/blogs.donboscovolunteers.de\/antoniainbolivien\/wp-content\/uploads\/sites\/21561\/2018\/09\/Logo_DBMB_DZI-768x518.jpg 768w, https:\/\/blogs.donboscovolunteers.de\/antoniainbolivien\/wp-content\/uploads\/sites\/21561\/2018\/09\/Logo_DBMB_DZI.jpg 800w\" sizes=\"auto, (max-width: 300px) 100vw, 300px\" \/><\/p>\n","protected":false},"excerpt":{"rendered":"<p>Wie die meisten von Ihnen wahrscheinlich wissen, wird mein <a href=\"https:\/\/www.donboscovolunteers.de\/\">Freiwilligendienst<\/a> hier in <a href=\"https:\/\/multimedia.strassenkinder.de\/bolivien\">Bolivien<\/a> im Proyecto <a href=\"https:\/\/www.donboscomission.de\/don-bosco\/\">Don Bosco<\/a> \u00fcber das weltw\u00e4rts-Programm vom Bundesministerium f\u00fcr wirtschaftliche Zusammenarbeit und Entwicklung gef\u00f6rdert. Vom Bundesministerium werden 75 % der Kosten des Freiwilligendienstes gedeckt. Die restlichen 25 % werden durch Spenden an Don Bosco Volunteers finanziert. Ein Teil des weltw\u00e4rts-Programmes ist [&hellip;]<\/p>\n","protected":false},"author":21616,"featured_media":0,"parent":0,"menu_order":0,"comment_status":"closed","ping_status":"closed","template":"","meta":{"footnotes":""},"class_list":["post-47","page","type-page","status-publish","hentry"],"yoast_head":"<!-- This site is optimized with the Yoast SEO plugin v25.3.1 - https:\/\/yoast.com\/wordpress\/plugins\/seo\/ -->\n<title>Spenden - 1 Jahr Bolivien<\/title>\n<meta name=\"robots\" content=\"index, follow, max-snippet:-1, max-image-preview:large, max-video-preview:-1\" \/>\n<link rel=\"canonical\" href=\"https:\/\/blogs.donboscovolunteers.de\/antoniainbolivien\/spenden\/\" \/>\n<meta property=\"og:locale\" content=\"de_DE\" \/>\n<meta property=\"og:type\" content=\"article\" \/>\n<meta property=\"og:title\" content=\"Spenden - 1 Jahr Bolivien\" \/>\n<meta property=\"og:description\" content=\"Wie die meisten von Ihnen wahrscheinlich wissen, wird mein Freiwilligendienst hier in Bolivien im Proyecto Don Bosco \u00fcber das weltw\u00e4rts-Programm vom Bundesministerium f\u00fcr wirtschaftliche Zusammenarbeit und Entwicklung gef\u00f6rdert. Vom Bundesministerium werden 75 % der Kosten des Freiwilligendienstes gedeckt. Die restlichen 25 % werden durch Spenden an Don Bosco Volunteers finanziert. Ein Teil des weltw\u00e4rts-Programmes ist [&hellip;]\" \/>\n<meta property=\"og:url\" content=\"https:\/\/blogs.donboscovolunteers.de\/antoniainbolivien\/spenden\/\" \/>\n<meta property=\"og:site_name\" content=\"1 Jahr Bolivien\" \/>\n<meta property=\"article:modified_time\" content=\"2018-09-21T10:57:47+00:00\" \/>\n<meta property=\"og:image\" content=\"https:\/\/blogs.donboscovolunteers.de\/antoniainbolivien\/wp-content\/uploads\/sites\/21561\/2018\/09\/Logo_DBMB_DZI-300x203.jpg\" \/>\n<meta name=\"twitter:card\" content=\"summary_large_image\" \/>\n<meta name=\"twitter:label1\" content=\"Gesch\u00e4tzte Lesezeit\" \/>\n\t<meta name=\"twitter:data1\" content=\"1\u00a0Minute\" \/>\n<script type=\"application\/ld+json\" class=\"yoast-schema-graph\">{\"@context\":\"https:\/\/schema.org\",\"@graph\":[{\"@type\":\"WebPage\",\"@id\":\"https:\/\/blogs.donboscovolunteers.de\/antoniainbolivien\/spenden\/\",\"url\":\"https:\/\/blogs.donboscovolunteers.de\/antoniainbolivien\/spenden\/\",\"name\":\"Spenden - 1 Jahr Bolivien\",\"isPartOf\":{\"@id\":\"https:\/\/blogs.donboscovolunteers.de\/antoniainbolivien\/#website\"},\"primaryImageOfPage\":{\"@id\":\"https:\/\/blogs.donboscovolunteers.de\/antoniainbolivien\/spenden\/#primaryimage\"},\"image\":{\"@id\":\"https:\/\/blogs.donboscovolunteers.de\/antoniainbolivien\/spenden\/#primaryimage\"},\"thumbnailUrl\":\"https:\/\/blogs.donboscovolunteers.de\/antoniainbolivien\/wp-content\/uploads\/sites\/21561\/2018\/09\/Logo_DBMB_DZI-300x203.jpg\",\"datePublished\":\"2018-09-20T15:05:59+00:00\",\"dateModified\":\"2018-09-21T10:57:47+00:00\",\"breadcrumb\":{\"@id\":\"https:\/\/blogs.donboscovolunteers.de\/antoniainbolivien\/spenden\/#breadcrumb\"},\"inLanguage\":\"de\",\"potentialAction\":[{\"@type\":\"ReadAction\",\"target\":[\"https:\/\/blogs.donboscovolunteers.de\/antoniainbolivien\/spenden\/\"]}]},{\"@type\":\"ImageObject\",\"inLanguage\":\"de\",\"@id\":\"https:\/\/blogs.donboscovolunteers.de\/antoniainbolivien\/spenden\/#primaryimage\",\"url\":\"https:\/\/blogs.donboscovolunteers.de\/antoniainbolivien\/wp-content\/uploads\/sites\/21561\/2018\/09\/Logo_DBMB_DZI.jpg\",\"contentUrl\":\"https:\/\/blogs.donboscovolunteers.de\/antoniainbolivien\/wp-content\/uploads\/sites\/21561\/2018\/09\/Logo_DBMB_DZI.jpg\",\"width\":800,\"height\":540},{\"@type\":\"BreadcrumbList\",\"@id\":\"https:\/\/blogs.donboscovolunteers.de\/antoniainbolivien\/spenden\/#breadcrumb\",\"itemListElement\":[{\"@type\":\"ListItem\",\"position\":1,\"name\":\"Startseite\",\"item\":\"https:\/\/blogs.donboscovolunteers.de\/antoniainbolivien\/\"},{\"@type\":\"ListItem\",\"position\":2,\"name\":\"Spenden\"}]},{\"@type\":\"WebSite\",\"@id\":\"https:\/\/blogs.donboscovolunteers.de\/antoniainbolivien\/#website\",\"url\":\"https:\/\/blogs.donboscovolunteers.de\/antoniainbolivien\/\",\"name\":\"1 Jahr Bolivien\",\"description\":\"\",\"potentialAction\":[{\"@type\":\"SearchAction\",\"target\":{\"@type\":\"EntryPoint\",\"urlTemplate\":\"https:\/\/blogs.donboscovolunteers.de\/antoniainbolivien\/?s={search_term_string}\"},\"query-input\":{\"@type\":\"PropertyValueSpecification\",\"valueRequired\":true,\"valueName\":\"search_term_string\"}}],\"inLanguage\":\"de\"}]}<\/script>\n<!-- \/ Yoast SEO plugin. -->","yoast_head_json":{"title":"Spenden - 1 Jahr Bolivien","robots":{"index":"index","follow":"follow","max-snippet":"max-snippet:-1","max-image-preview":"max-image-preview:large","max-video-preview":"max-video-preview:-1"},"canonical":"https:\/\/blogs.donboscovolunteers.de\/antoniainbolivien\/spenden\/","og_locale":"de_DE","og_type":"article","og_title":"Spenden - 1 Jahr Bolivien","og_description":"Wie die meisten von Ihnen wahrscheinlich wissen, wird mein Freiwilligendienst hier in Bolivien im Proyecto Don Bosco \u00fcber das weltw\u00e4rts-Programm vom Bundesministerium f\u00fcr wirtschaftliche Zusammenarbeit und Entwicklung gef\u00f6rdert. Vom Bundesministerium werden 75 % der Kosten des Freiwilligendienstes gedeckt. Die restlichen 25 % werden durch Spenden an Don Bosco Volunteers finanziert. Ein Teil des weltw\u00e4rts-Programmes ist [&hellip;]","og_url":"https:\/\/blogs.donboscovolunteers.de\/antoniainbolivien\/spenden\/","og_site_name":"1 Jahr Bolivien","article_modified_time":"2018-09-21T10:57:47+00:00","og_image":[{"url":"https:\/\/blogs.donboscovolunteers.de\/antoniainbolivien\/wp-content\/uploads\/sites\/21561\/2018\/09\/Logo_DBMB_DZI-300x203.jpg","type":"","width":"","height":""}],"twitter_card":"summary_large_image","twitter_misc":{"Gesch\u00e4tzte Lesezeit":"1\u00a0Minute"},"schema":{"@context":"https:\/\/schema.org","@graph":[{"@type":"WebPage","@id":"https:\/\/blogs.donboscovolunteers.de\/antoniainbolivien\/spenden\/","url":"https:\/\/blogs.donboscovolunteers.de\/antoniainbolivien\/spenden\/","name":"Spenden - 1 Jahr Bolivien","isPartOf":{"@id":"https:\/\/blogs.donboscovolunteers.de\/antoniainbolivien\/#website"},"primaryImageOfPage":{"@id":"https:\/\/blogs.donboscovolunteers.de\/antoniainbolivien\/spenden\/#primaryimage"},"image":{"@id":"https:\/\/blogs.donboscovolunteers.de\/antoniainbolivien\/spenden\/#primaryimage"},"thumbnailUrl":"https:\/\/blogs.donboscovolunteers.de\/antoniainbolivien\/wp-content\/uploads\/sites\/21561\/2018\/09\/Logo_DBMB_DZI-300x203.jpg","datePublished":"2018-09-20T15:05:59+00:00","dateModified":"2018-09-21T10:57:47+00:00","breadcrumb":{"@id":"https:\/\/blogs.donboscovolunteers.de\/antoniainbolivien\/spenden\/#breadcrumb"},"inLanguage":"de","potentialAction":[{"@type":"ReadAction","target":["https:\/\/blogs.donboscovolunteers.de\/antoniainbolivien\/spenden\/"]}]},{"@type":"ImageObject","inLanguage":"de","@id":"https:\/\/blogs.donboscovolunteers.de\/antoniainbolivien\/spenden\/#primaryimage","url":"https:\/\/blogs.donboscovolunteers.de\/antoniainbolivien\/wp-content\/uploads\/sites\/21561\/2018\/09\/Logo_DBMB_DZI.jpg","contentUrl":"https:\/\/blogs.donboscovolunteers.de\/antoniainbolivien\/wp-content\/uploads\/sites\/21561\/2018\/09\/Logo_DBMB_DZI.jpg","width":800,"height":540},{"@type":"BreadcrumbList","@id":"https:\/\/blogs.donboscovolunteers.de\/antoniainbolivien\/spenden\/#breadcrumb","itemListElement":[{"@type":"ListItem","position":1,"name":"Startseite","item":"https:\/\/blogs.donboscovolunteers.de\/antoniainbolivien\/"},{"@type":"ListItem","position":2,"name":"Spenden"}]},{"@type":"WebSite","@id":"https:\/\/blogs.donboscovolunteers.de\/antoniainbolivien\/#website","url":"https:\/\/blogs.donboscovolunteers.de\/antoniainbolivien\/","name":"1 Jahr Bolivien","description":"","potentialAction":[{"@type":"SearchAction","target":{"@type":"EntryPoint","urlTemplate":"https:\/\/blogs.donboscovolunteers.de\/antoniainbolivien\/?s={search_term_string}"},"query-input":{"@type":"PropertyValueSpecification","valueRequired":true,"valueName":"search_term_string"}}],"inLanguage":"de"}]}},"_links":{"self":[{"href":"https:\/\/blogs.donboscovolunteers.de\/antoniainbolivien\/wp-json\/wp\/v2\/pages\/47","targetHints":{"allow":["GET"]}}],"collection":[{"href":"https:\/\/blogs.donboscovolunteers.de\/antoniainbolivien\/wp-json\/wp\/v2\/pages"}],"about":[{"href":"https:\/\/blogs.donboscovolunteers.de\/antoniainbolivien\/wp-json\/wp\/v2\/types\/page"}],"author":[{"embeddable":true,"href":"https:\/\/blogs.donboscovolunteers.de\/antoniainbolivien\/wp-json\/wp\/v2\/users\/21616"}],"replies":[{"embeddable":true,"href":"https:\/\/blogs.donboscovolunteers.de\/antoniainbolivien\/wp-json\/wp\/v2\/comments?post=47"}],"version-history":[{"count":5,"href":"https:\/\/blogs.donboscovolunteers.de\/antoniainbolivien\/wp-json\/wp\/v2\/pages\/47\/revisions"}],"predecessor-version":[{"id":58,"href":"https:\/\/blogs.donboscovolunteers.de\/antoniainbolivien\/wp-json\/wp\/v2\/pages\/47\/revisions\/58"}],"wp:attachment":[{"href":"https:\/\/blogs.donboscovolunteers.de\/antoniainbolivien\/wp-json\/wp\/v2\/media?parent=47"}],"curies":[{"name":"wp","href":"https:\/\/api.w.org\/{rel}","templated":true}]}}