{"id":23,"date":"2022-06-23T18:58:06","date_gmt":"2022-06-23T16:58:06","guid":{"rendered":"https:\/\/blogs.donboscovolunteers.de\/annalenainindien\/?page_id=23"},"modified":"2022-09-30T12:54:16","modified_gmt":"2022-09-30T10:54:16","slug":"spenden","status":"publish","type":"page","link":"https:\/\/blogs.donboscovolunteers.de\/annalenainindien\/spenden\/","title":{"rendered":"Spenden"},"content":{"rendered":"<h4 class=\"wp-block-heading\">Wie finanziert sich mein <a href=\"https:\/\/www.donboscovolunteers.de\/\">Freiwilligendienst<\/a>?<\/h4>\n\n\n\n<p>Mein Freiwilligendienst wird von dem Programm weltw\u00e4rts des deutschen Bundesministeriums f\u00fcr wirtschaftliche Zusammenarbeit  und Entwicklung gef\u00f6rdert, welches 75% der Kosten meines Freiwilligendienstes \u00fcbernimmt. Die restlichen 25% sollen mithilfe eines Spendenkreises der jeweiligen Volunt\u00e4re abgedeckt werden. Ich w\u00fcrde mich also sehr \u00fcber Spenden freuen, welche sowohl uns Volont\u00e4ren als auch unseren Projekten auf der ganzen Welt zugutekommen.<\/p>\n\n\n\n<h4 class=\"wp-block-heading\">Wie k\u00f6nnt ihr Spenden?<\/h4>\n\n\n\n<p><a href=\"https:\/\/www.donboscomission.de\/don-bosco\/\">DON BOSCO<\/a> MISSION       <br>LIGA BANK M\u00dcNCHEN     <br>IBAN: DE66 7509 0300 0102 1418 76      <br>BIC: GENODEF1M05    <br>Verwendungszweck:  Eizenhammer, Anna-Lena S22VB004<\/p>\n\n\n\n<p><em>Noch ein kleiner Tipp:<\/em> Wenn ihr eure Adresse angebt, kann euch eine Spendenquittung ausgestellt werden.<\/p>\n\n\n\n<p>Auch online Spenden sind m\u00f6glich!<\/p>\n\n\n\n<p><a href=\"https:\/\/www.donboscomission.de\/volontariat\/2022\/spenden\/annalenainindien\" target=\"_blank\" rel=\"noreferrer noopener\">https:\/\/www.donboscomission.de\/volontariat\/2022\/spenden\/annalenainindien<\/a><\/p>","protected":false},"excerpt":{"rendered":"<p>Wie finanziert sich mein <a href=\"https:\/\/www.donboscovolunteers.de\/\">Freiwilligendienst<\/a>? Mein Freiwilligendienst wird von dem Programm weltw\u00e4rts des deutschen Bundesministeriums f\u00fcr wirtschaftliche Zusammenarbeit und Entwicklung gef\u00f6rdert, welches 75% der Kosten meines Freiwilligendienstes \u00fcbernimmt. Die restlichen 25% sollen mithilfe eines Spendenkreises der jeweiligen Volunt\u00e4re abgedeckt werden. Ich w\u00fcrde mich also sehr \u00fcber Spenden freuen, welche sowohl uns Volont\u00e4ren als auch unseren [&hellip;]<\/p>\n","protected":false},"author":21731,"featured_media":0,"parent":0,"menu_order":0,"comment_status":"closed","ping_status":"closed","template":"","meta":{"footnotes":""},"class_list":["post-23","page","type-page","status-publish","hentry"],"yoast_head":"<!-- This site is optimized with the Yoast SEO plugin v25.3.1 - https:\/\/yoast.com\/wordpress\/plugins\/seo\/ -->\n<title>Spenden - Anna-Lena in Vijayawada<\/title>\n<meta name=\"robots\" content=\"index, follow, max-snippet:-1, max-image-preview:large, max-video-preview:-1\" \/>\n<link rel=\"canonical\" href=\"https:\/\/blogs.donboscovolunteers.de\/annalenainindien\/spenden\/\" \/>\n<meta property=\"og:locale\" content=\"de_DE\" \/>\n<meta property=\"og:type\" content=\"article\" \/>\n<meta property=\"og:title\" content=\"Spenden - Anna-Lena in Vijayawada\" \/>\n<meta property=\"og:description\" content=\"Wie finanziert sich mein Freiwilligendienst? Mein Freiwilligendienst wird von dem Programm weltw\u00e4rts des deutschen Bundesministeriums f\u00fcr wirtschaftliche Zusammenarbeit und Entwicklung gef\u00f6rdert, welches 75% der Kosten meines Freiwilligendienstes \u00fcbernimmt. Die restlichen 25% sollen mithilfe eines Spendenkreises der jeweiligen Volunt\u00e4re abgedeckt werden. Ich w\u00fcrde mich also sehr \u00fcber Spenden freuen, welche sowohl uns Volont\u00e4ren als auch unseren [&hellip;]\" \/>\n<meta property=\"og:url\" content=\"https:\/\/blogs.donboscovolunteers.de\/annalenainindien\/spenden\/\" \/>\n<meta property=\"og:site_name\" content=\"Anna-Lena in Vijayawada\" \/>\n<meta property=\"article:modified_time\" content=\"2022-09-30T10:54:16+00:00\" \/>\n<meta name=\"twitter:card\" content=\"summary_large_image\" \/>\n<meta name=\"twitter:label1\" content=\"Gesch\u00e4tzte Lesezeit\" \/>\n\t<meta name=\"twitter:data1\" content=\"1\u00a0Minute\" \/>\n<script type=\"application\/ld+json\" class=\"yoast-schema-graph\">{\"@context\":\"https:\/\/schema.org\",\"@graph\":[{\"@type\":\"WebPage\",\"@id\":\"https:\/\/blogs.donboscovolunteers.de\/annalenainindien\/spenden\/\",\"url\":\"https:\/\/blogs.donboscovolunteers.de\/annalenainindien\/spenden\/\",\"name\":\"Spenden - Anna-Lena in Vijayawada\",\"isPartOf\":{\"@id\":\"https:\/\/blogs.donboscovolunteers.de\/annalenainindien\/#website\"},\"datePublished\":\"2022-06-23T16:58:06+00:00\",\"dateModified\":\"2022-09-30T10:54:16+00:00\",\"breadcrumb\":{\"@id\":\"https:\/\/blogs.donboscovolunteers.de\/annalenainindien\/spenden\/#breadcrumb\"},\"inLanguage\":\"de\",\"potentialAction\":[{\"@type\":\"ReadAction\",\"target\":[\"https:\/\/blogs.donboscovolunteers.de\/annalenainindien\/spenden\/\"]}]},{\"@type\":\"BreadcrumbList\",\"@id\":\"https:\/\/blogs.donboscovolunteers.de\/annalenainindien\/spenden\/#breadcrumb\",\"itemListElement\":[{\"@type\":\"ListItem\",\"position\":1,\"name\":\"Startseite\",\"item\":\"https:\/\/blogs.donboscovolunteers.de\/annalenainindien\/\"},{\"@type\":\"ListItem\",\"position\":2,\"name\":\"Spenden\"}]},{\"@type\":\"WebSite\",\"@id\":\"https:\/\/blogs.donboscovolunteers.de\/annalenainindien\/#website\",\"url\":\"https:\/\/blogs.donboscovolunteers.de\/annalenainindien\/\",\"name\":\"Anna-Lena in Vijayawada\",\"description\":\"Mein Freiwilligendienst in Indien\",\"potentialAction\":[{\"@type\":\"SearchAction\",\"target\":{\"@type\":\"EntryPoint\",\"urlTemplate\":\"https:\/\/blogs.donboscovolunteers.de\/annalenainindien\/?s={search_term_string}\"},\"query-input\":{\"@type\":\"PropertyValueSpecification\",\"valueRequired\":true,\"valueName\":\"search_term_string\"}}],\"inLanguage\":\"de\"}]}<\/script>\n<!-- \/ Yoast SEO plugin. -->","yoast_head_json":{"title":"Spenden - Anna-Lena in Vijayawada","robots":{"index":"index","follow":"follow","max-snippet":"max-snippet:-1","max-image-preview":"max-image-preview:large","max-video-preview":"max-video-preview:-1"},"canonical":"https:\/\/blogs.donboscovolunteers.de\/annalenainindien\/spenden\/","og_locale":"de_DE","og_type":"article","og_title":"Spenden - Anna-Lena in Vijayawada","og_description":"Wie finanziert sich mein Freiwilligendienst? Mein Freiwilligendienst wird von dem Programm weltw\u00e4rts des deutschen Bundesministeriums f\u00fcr wirtschaftliche Zusammenarbeit und Entwicklung gef\u00f6rdert, welches 75% der Kosten meines Freiwilligendienstes \u00fcbernimmt. Die restlichen 25% sollen mithilfe eines Spendenkreises der jeweiligen Volunt\u00e4re abgedeckt werden. Ich w\u00fcrde mich also sehr \u00fcber Spenden freuen, welche sowohl uns Volont\u00e4ren als auch unseren [&hellip;]","og_url":"https:\/\/blogs.donboscovolunteers.de\/annalenainindien\/spenden\/","og_site_name":"Anna-Lena in Vijayawada","article_modified_time":"2022-09-30T10:54:16+00:00","twitter_card":"summary_large_image","twitter_misc":{"Gesch\u00e4tzte Lesezeit":"1\u00a0Minute"},"schema":{"@context":"https:\/\/schema.org","@graph":[{"@type":"WebPage","@id":"https:\/\/blogs.donboscovolunteers.de\/annalenainindien\/spenden\/","url":"https:\/\/blogs.donboscovolunteers.de\/annalenainindien\/spenden\/","name":"Spenden - Anna-Lena in Vijayawada","isPartOf":{"@id":"https:\/\/blogs.donboscovolunteers.de\/annalenainindien\/#website"},"datePublished":"2022-06-23T16:58:06+00:00","dateModified":"2022-09-30T10:54:16+00:00","breadcrumb":{"@id":"https:\/\/blogs.donboscovolunteers.de\/annalenainindien\/spenden\/#breadcrumb"},"inLanguage":"de","potentialAction":[{"@type":"ReadAction","target":["https:\/\/blogs.donboscovolunteers.de\/annalenainindien\/spenden\/"]}]},{"@type":"BreadcrumbList","@id":"https:\/\/blogs.donboscovolunteers.de\/annalenainindien\/spenden\/#breadcrumb","itemListElement":[{"@type":"ListItem","position":1,"name":"Startseite","item":"https:\/\/blogs.donboscovolunteers.de\/annalenainindien\/"},{"@type":"ListItem","position":2,"name":"Spenden"}]},{"@type":"WebSite","@id":"https:\/\/blogs.donboscovolunteers.de\/annalenainindien\/#website","url":"https:\/\/blogs.donboscovolunteers.de\/annalenainindien\/","name":"Anna-Lena in Vijayawada","description":"Mein Freiwilligendienst in Indien","potentialAction":[{"@type":"SearchAction","target":{"@type":"EntryPoint","urlTemplate":"https:\/\/blogs.donboscovolunteers.de\/annalenainindien\/?s={search_term_string}"},"query-input":{"@type":"PropertyValueSpecification","valueRequired":true,"valueName":"search_term_string"}}],"inLanguage":"de"}]}},"_links":{"self":[{"href":"https:\/\/blogs.donboscovolunteers.de\/annalenainindien\/wp-json\/wp\/v2\/pages\/23","targetHints":{"allow":["GET"]}}],"collection":[{"href":"https:\/\/blogs.donboscovolunteers.de\/annalenainindien\/wp-json\/wp\/v2\/pages"}],"about":[{"href":"https:\/\/blogs.donboscovolunteers.de\/annalenainindien\/wp-json\/wp\/v2\/types\/page"}],"author":[{"embeddable":true,"href":"https:\/\/blogs.donboscovolunteers.de\/annalenainindien\/wp-json\/wp\/v2\/users\/21731"}],"replies":[{"embeddable":true,"href":"https:\/\/blogs.donboscovolunteers.de\/annalenainindien\/wp-json\/wp\/v2\/comments?post=23"}],"version-history":[{"count":3,"href":"https:\/\/blogs.donboscovolunteers.de\/annalenainindien\/wp-json\/wp\/v2\/pages\/23\/revisions"}],"predecessor-version":[{"id":130,"href":"https:\/\/blogs.donboscovolunteers.de\/annalenainindien\/wp-json\/wp\/v2\/pages\/23\/revisions\/130"}],"wp:attachment":[{"href":"https:\/\/blogs.donboscovolunteers.de\/annalenainindien\/wp-json\/wp\/v2\/media?parent=23"}],"curies":[{"name":"wp","href":"https:\/\/api.w.org\/{rel}","templated":true}]}}