{"id":78,"date":"2012-09-22T14:08:28","date_gmt":"2012-09-22T14:08:28","guid":{"rendered":"https:\/\/blogs.donboscovolunteers.de\/annaintogo\/"},"modified":"2012-09-22T16:16:23","modified_gmt":"2012-09-22T16:16:23","slug":"spenden","status":"publish","type":"page","link":"https:\/\/blogs.donboscovolunteers.de\/annaintogo\/spenden\/","title":{"rendered":"Spenden"},"content":{"rendered":"<p>Ziele von \u201eweltw\u00e4rts\u201c<br \/>\n&#8211; \u201eLernen durch tatkr\u00e4ftiges Helfen\u201c ist das Motto des Freiwilligendienstes<br \/>\n&#8211; Nachhaltiges Engagement f\u00fcr die Eine Welt<br \/>\n&#8211; interkultureller Austausch in Entwicklungsl\u00e4nder<br \/>\n&#8211; Hilfe zur Selbsthilfe<br \/>\n&#8211; Gegenseitige Verst\u00e4ndigung, Achtung und Toleranz<\/p>\n<p>Die Akteure bei weltw\u00e4rts<br \/>\nweltw\u00e4rts wird durch das Bundesministerium f\u00fcr wirtschaftliche Zusammenarbeit und Entwicklung (BMZ) mitfinanziert und von einer Vielzahl von zivilgesellschaftlichen<br \/>\nEntsendeorganisationen im partnerschaftlichen Dialog mit den Projektpartnern vor Ort durchgef\u00fchrt.<br \/>\nDa &#8222;weltw\u00e4rts&#8220; nur einen Teil der Kosten f\u00fcr den <a href=\"https:\/\/www.donboscovolunteers.de\/\">Freiwilligendienst<\/a> im Ausland \u00fcbernimmt, musste die Entsendeorganisation <a href=\"https:\/\/www.donboscomission.de\/don-bosco\/\">Don Bosco<\/a> einen Eigenanteil f\u00fcr den Einsatz der Freiwilligen einbringen, der von uns Freiwilligen selbst durch F\u00f6rderkreise und Spendenaktionen gesammelt werden sollte.<br \/>\nDank der Unterst\u00fctzung einiger Spender konnte dieser Eigenanteil gesichert werden.<br \/>\nSie k\u00f6nnen mit weiteren Spenden direkt das Projekt unterst\u00fctzen!<br \/>\nIch kann dann pers\u00f6nlich entscheiden, was mit den Spendengeldern finanziert werden soll. <\/p>\n<p>Wenn Sie eine Spendenbescheinigung von den Salesianern Don Boscos wollen, geben Sie bitte bei der \u00dcberweisung Ihren Namen und Ihre Adresse an.<\/p>\n<p>Sie k\u00f6nnen sich f\u00fcr Fragen an Frau Christa Herbst wenden:<br \/>\nEMail: herbst@aktionszentrum.de<br \/>\nTel.: 08857 88313<\/p>\n<p>Bankverbindung:<br \/>\nDeutsche Provinz der <a href=\"https:\/\/www.donboscomission.de\/don-bosco\/erbe\/\">Salesianer Don Boscos<\/a><br \/>\nKto: 55082556<br \/>\nBLZ: 70054306<br \/>\nVerwendungszweck: \u201eSpende &#8211; Anna Stark &#8211; Volunteer\u201c<\/p>\n","protected":false},"excerpt":{"rendered":"<p>Ziele von \u201eweltw\u00e4rts\u201c &#8211; \u201eLernen durch tatkr\u00e4ftiges Helfen\u201c ist das Motto des Freiwilligendienstes &#8211; Nachhaltiges Engagement f\u00fcr die Eine Welt &#8211; interkultureller Austausch in Entwicklungsl\u00e4nder &#8211; Hilfe zur Selbsthilfe &#8211; Gegenseitige Verst\u00e4ndigung, Achtung und Toleranz Die Akteure bei weltw\u00e4rts weltw\u00e4rts wird durch das Bundesministerium f\u00fcr wirtschaftliche Zusammenarbeit und Entwicklung (BMZ) mitfinanziert und von einer Vielzahl [&hellip;]<\/p>\n","protected":false},"author":19775,"featured_media":117,"parent":0,"menu_order":0,"comment_status":"open","ping_status":"closed","template":"","meta":{"footnotes":""},"class_list":["post-78","page","type-page","status-publish","has-post-thumbnail","hentry"],"yoast_head":"<!-- This site is optimized with the Yoast SEO plugin v25.3.1 - https:\/\/yoast.com\/wordpress\/plugins\/seo\/ -->\n<title>Spenden - Anna in Togo<\/title>\n<meta name=\"robots\" content=\"index, follow, max-snippet:-1, max-image-preview:large, max-video-preview:-1\" \/>\n<link rel=\"canonical\" href=\"https:\/\/blogs.donboscovolunteers.de\/annaintogo\/spenden\/\" \/>\n<meta property=\"og:locale\" content=\"de_DE\" \/>\n<meta property=\"og:type\" content=\"article\" \/>\n<meta property=\"og:title\" content=\"Spenden - Anna in Togo\" \/>\n<meta property=\"og:description\" content=\"Ziele von \u201eweltw\u00e4rts\u201c &#8211; \u201eLernen durch tatkr\u00e4ftiges Helfen\u201c ist das Motto des Freiwilligendienstes &#8211; Nachhaltiges Engagement f\u00fcr die Eine Welt &#8211; interkultureller Austausch in Entwicklungsl\u00e4nder &#8211; Hilfe zur Selbsthilfe &#8211; Gegenseitige Verst\u00e4ndigung, Achtung und Toleranz Die Akteure bei weltw\u00e4rts weltw\u00e4rts wird durch das Bundesministerium f\u00fcr wirtschaftliche Zusammenarbeit und Entwicklung (BMZ) mitfinanziert und von einer Vielzahl [&hellip;]\" \/>\n<meta property=\"og:url\" content=\"https:\/\/blogs.donboscovolunteers.de\/annaintogo\/spenden\/\" \/>\n<meta property=\"og:site_name\" content=\"Anna in Togo\" \/>\n<meta property=\"article:modified_time\" content=\"2012-09-22T16:16:23+00:00\" \/>\n<meta property=\"og:image\" content=\"https:\/\/blogs.donboscovolunteers.de\/annaintogo\/wp-content\/uploads\/sites\/19752\/2012\/09\/weltw\u00e4rts.jpg\" \/>\n\t<meta property=\"og:image:width\" content=\"810\" \/>\n\t<meta property=\"og:image:height\" content=\"201\" \/>\n\t<meta property=\"og:image:type\" content=\"image\/jpeg\" \/>\n<meta name=\"twitter:card\" content=\"summary_large_image\" \/>\n<meta name=\"twitter:label1\" content=\"Gesch\u00e4tzte Lesezeit\" \/>\n\t<meta name=\"twitter:data1\" content=\"1\u00a0Minute\" \/>\n<script type=\"application\/ld+json\" class=\"yoast-schema-graph\">{\"@context\":\"https:\/\/schema.org\",\"@graph\":[{\"@type\":\"WebPage\",\"@id\":\"https:\/\/blogs.donboscovolunteers.de\/annaintogo\/spenden\/\",\"url\":\"https:\/\/blogs.donboscovolunteers.de\/annaintogo\/spenden\/\",\"name\":\"Spenden - Anna in Togo\",\"isPartOf\":{\"@id\":\"https:\/\/blogs.donboscovolunteers.de\/annaintogo\/#website\"},\"primaryImageOfPage\":{\"@id\":\"https:\/\/blogs.donboscovolunteers.de\/annaintogo\/spenden\/#primaryimage\"},\"image\":{\"@id\":\"https:\/\/blogs.donboscovolunteers.de\/annaintogo\/spenden\/#primaryimage\"},\"thumbnailUrl\":\"https:\/\/blogs.donboscovolunteers.de\/annaintogo\/wp-content\/uploads\/sites\/19752\/2012\/09\/weltw\u00e4rts.jpg\",\"datePublished\":\"2012-09-22T14:08:28+00:00\",\"dateModified\":\"2012-09-22T16:16:23+00:00\",\"breadcrumb\":{\"@id\":\"https:\/\/blogs.donboscovolunteers.de\/annaintogo\/spenden\/#breadcrumb\"},\"inLanguage\":\"de\",\"potentialAction\":[{\"@type\":\"ReadAction\",\"target\":[\"https:\/\/blogs.donboscovolunteers.de\/annaintogo\/spenden\/\"]}]},{\"@type\":\"ImageObject\",\"inLanguage\":\"de\",\"@id\":\"https:\/\/blogs.donboscovolunteers.de\/annaintogo\/spenden\/#primaryimage\",\"url\":\"https:\/\/blogs.donboscovolunteers.de\/annaintogo\/wp-content\/uploads\/sites\/19752\/2012\/09\/weltw\u00e4rts.jpg\",\"contentUrl\":\"https:\/\/blogs.donboscovolunteers.de\/annaintogo\/wp-content\/uploads\/sites\/19752\/2012\/09\/weltw\u00e4rts.jpg\",\"width\":\"810\",\"height\":\"201\"},{\"@type\":\"BreadcrumbList\",\"@id\":\"https:\/\/blogs.donboscovolunteers.de\/annaintogo\/spenden\/#breadcrumb\",\"itemListElement\":[{\"@type\":\"ListItem\",\"position\":1,\"name\":\"Startseite\",\"item\":\"https:\/\/blogs.donboscovolunteers.de\/annaintogo\/\"},{\"@type\":\"ListItem\",\"position\":2,\"name\":\"Spenden\"}]},{\"@type\":\"WebSite\",\"@id\":\"https:\/\/blogs.donboscovolunteers.de\/annaintogo\/#website\",\"url\":\"https:\/\/blogs.donboscovolunteers.de\/annaintogo\/\",\"name\":\"Anna in Togo\",\"description\":\"\",\"potentialAction\":[{\"@type\":\"SearchAction\",\"target\":{\"@type\":\"EntryPoint\",\"urlTemplate\":\"https:\/\/blogs.donboscovolunteers.de\/annaintogo\/?s={search_term_string}\"},\"query-input\":{\"@type\":\"PropertyValueSpecification\",\"valueRequired\":true,\"valueName\":\"search_term_string\"}}],\"inLanguage\":\"de\"}]}<\/script>\n<!-- \/ Yoast SEO plugin. -->","yoast_head_json":{"title":"Spenden - Anna in Togo","robots":{"index":"index","follow":"follow","max-snippet":"max-snippet:-1","max-image-preview":"max-image-preview:large","max-video-preview":"max-video-preview:-1"},"canonical":"https:\/\/blogs.donboscovolunteers.de\/annaintogo\/spenden\/","og_locale":"de_DE","og_type":"article","og_title":"Spenden - Anna in Togo","og_description":"Ziele von \u201eweltw\u00e4rts\u201c &#8211; \u201eLernen durch tatkr\u00e4ftiges Helfen\u201c ist das Motto des Freiwilligendienstes &#8211; Nachhaltiges Engagement f\u00fcr die Eine Welt &#8211; interkultureller Austausch in Entwicklungsl\u00e4nder &#8211; Hilfe zur Selbsthilfe &#8211; Gegenseitige Verst\u00e4ndigung, Achtung und Toleranz Die Akteure bei weltw\u00e4rts weltw\u00e4rts wird durch das Bundesministerium f\u00fcr wirtschaftliche Zusammenarbeit und Entwicklung (BMZ) mitfinanziert und von einer Vielzahl [&hellip;]","og_url":"https:\/\/blogs.donboscovolunteers.de\/annaintogo\/spenden\/","og_site_name":"Anna in Togo","article_modified_time":"2012-09-22T16:16:23+00:00","og_image":[{"width":810,"height":201,"url":"https:\/\/blogs.donboscovolunteers.de\/annaintogo\/wp-content\/uploads\/sites\/19752\/2012\/09\/weltw\u00e4rts.jpg","type":"image\/jpeg"}],"twitter_card":"summary_large_image","twitter_misc":{"Gesch\u00e4tzte Lesezeit":"1\u00a0Minute"},"schema":{"@context":"https:\/\/schema.org","@graph":[{"@type":"WebPage","@id":"https:\/\/blogs.donboscovolunteers.de\/annaintogo\/spenden\/","url":"https:\/\/blogs.donboscovolunteers.de\/annaintogo\/spenden\/","name":"Spenden - Anna in Togo","isPartOf":{"@id":"https:\/\/blogs.donboscovolunteers.de\/annaintogo\/#website"},"primaryImageOfPage":{"@id":"https:\/\/blogs.donboscovolunteers.de\/annaintogo\/spenden\/#primaryimage"},"image":{"@id":"https:\/\/blogs.donboscovolunteers.de\/annaintogo\/spenden\/#primaryimage"},"thumbnailUrl":"https:\/\/blogs.donboscovolunteers.de\/annaintogo\/wp-content\/uploads\/sites\/19752\/2012\/09\/weltw\u00e4rts.jpg","datePublished":"2012-09-22T14:08:28+00:00","dateModified":"2012-09-22T16:16:23+00:00","breadcrumb":{"@id":"https:\/\/blogs.donboscovolunteers.de\/annaintogo\/spenden\/#breadcrumb"},"inLanguage":"de","potentialAction":[{"@type":"ReadAction","target":["https:\/\/blogs.donboscovolunteers.de\/annaintogo\/spenden\/"]}]},{"@type":"ImageObject","inLanguage":"de","@id":"https:\/\/blogs.donboscovolunteers.de\/annaintogo\/spenden\/#primaryimage","url":"https:\/\/blogs.donboscovolunteers.de\/annaintogo\/wp-content\/uploads\/sites\/19752\/2012\/09\/weltw\u00e4rts.jpg","contentUrl":"https:\/\/blogs.donboscovolunteers.de\/annaintogo\/wp-content\/uploads\/sites\/19752\/2012\/09\/weltw\u00e4rts.jpg","width":"810","height":"201"},{"@type":"BreadcrumbList","@id":"https:\/\/blogs.donboscovolunteers.de\/annaintogo\/spenden\/#breadcrumb","itemListElement":[{"@type":"ListItem","position":1,"name":"Startseite","item":"https:\/\/blogs.donboscovolunteers.de\/annaintogo\/"},{"@type":"ListItem","position":2,"name":"Spenden"}]},{"@type":"WebSite","@id":"https:\/\/blogs.donboscovolunteers.de\/annaintogo\/#website","url":"https:\/\/blogs.donboscovolunteers.de\/annaintogo\/","name":"Anna in Togo","description":"","potentialAction":[{"@type":"SearchAction","target":{"@type":"EntryPoint","urlTemplate":"https:\/\/blogs.donboscovolunteers.de\/annaintogo\/?s={search_term_string}"},"query-input":{"@type":"PropertyValueSpecification","valueRequired":true,"valueName":"search_term_string"}}],"inLanguage":"de"}]}},"_links":{"self":[{"href":"https:\/\/blogs.donboscovolunteers.de\/annaintogo\/wp-json\/wp\/v2\/pages\/78","targetHints":{"allow":["GET"]}}],"collection":[{"href":"https:\/\/blogs.donboscovolunteers.de\/annaintogo\/wp-json\/wp\/v2\/pages"}],"about":[{"href":"https:\/\/blogs.donboscovolunteers.de\/annaintogo\/wp-json\/wp\/v2\/types\/page"}],"author":[{"embeddable":true,"href":"https:\/\/blogs.donboscovolunteers.de\/annaintogo\/wp-json\/wp\/v2\/users\/19775"}],"replies":[{"embeddable":true,"href":"https:\/\/blogs.donboscovolunteers.de\/annaintogo\/wp-json\/wp\/v2\/comments?post=78"}],"version-history":[{"count":15,"href":"https:\/\/blogs.donboscovolunteers.de\/annaintogo\/wp-json\/wp\/v2\/pages\/78\/revisions"}],"predecessor-version":[{"id":94,"href":"https:\/\/blogs.donboscovolunteers.de\/annaintogo\/wp-json\/wp\/v2\/pages\/78\/revisions\/94"}],"wp:featuredmedia":[{"embeddable":true,"href":"https:\/\/blogs.donboscovolunteers.de\/annaintogo\/wp-json\/wp\/v2\/media\/117"}],"wp:attachment":[{"href":"https:\/\/blogs.donboscovolunteers.de\/annaintogo\/wp-json\/wp\/v2\/media?parent=78"}],"curies":[{"name":"wp","href":"https:\/\/api.w.org\/{rel}","templated":true}]}}