{"id":610,"date":"2012-07-17T12:27:43","date_gmt":"2012-07-17T17:27:43","guid":{"rendered":"https:\/\/blogs.donboscovolunteers.de\/aguablanca\/"},"modified":"2015-10-16T17:19:09","modified_gmt":"2015-10-16T22:19:09","slug":"ehemalige-freiwillige","status":"publish","type":"page","link":"https:\/\/blogs.donboscovolunteers.de\/aguablanca\/ehemalige-freiwillige\/","title":{"rendered":"Ehemalige"},"content":{"rendered":"<h2>2014\/2015:\u00a0<a href=\"https:\/\/blogs.donboscovolunteers.de\/aguablanca\/category\/annika-und-anne\/\">Anne und Annika<\/a><\/h2>\n<h3>Annika<\/h3>\n<p>_<\/p>\n<h3>Anne<\/h3>\n<p>Lange Zeit schon kannte ich das Projekt \u201eAguablanca e.V.\u201c, habe selbst acht Jahre lang regelm\u00e4\u00dfige Aktionen mit der Arbeitsgemeinschaft des Johanneum Gymnasiums durchgef\u00fchrt, bevor f\u00fcr mich am 01. Oktober 2014 endlich (!)das Abenteuer Kolumbien begonnen hat.<\/p>\n<p>Elf Monate habe ich im Colegio \u201eLa Providencia\u201c Englisch, sowie Gitarre und Geige unterrichtet. Doch abgesehen davon, habe ich auch so viel Zeit in der Schule verbracht, dort ein weiteres Zuhause und viele Freunde gefunden. Ich habe meinen <a href=\"https:\/\/www.donboscovolunteers.de\/\">Freiwilligendienst<\/a> mit der Absicht begonnen, zu unterrichten, doch in Wahrheit haben mir die Kinder und Jugendliche doch so viel mehr beigebracht, mir so viel gegeben.<\/p>\n<p>Ich bin unendlich dankbar daf\u00fcr, dass ich die M\u00f6glichkeit hatte, mein FSJ in genau diesem Projekt zu machen und habe schon jetzt Heimweh nach Kolumbien und vielen lieben Menschen,\u00a0 die ich in dem Jahr in mein Herz geschlossen habe.<\/p>\n<p>Anfang September habe ich nun in Aberdeen angefangen, \u201eHispanic Studies and International Relations\u201c zu studieren und hoffe, dass ich sp\u00e4ter erneut in der Entwicklungszusammenarbeit t\u00e4tig sein kann.<\/p>\n<p><a href=\"https:\/\/blogs.donboscovolunteers.de\/aguablanca\/wp-content\/uploads\/sites\/4795\/2012\/07\/IMG-20150811-WA0011-2.jpg\"><img loading=\"lazy\" decoding=\"async\" class=\"alignnone size-thumbnail wp-image-991\" alt=\"IMG-20150811-WA0011 (2)\" src=\"https:\/\/blogs.donboscovolunteers.de\/aguablanca\/wp-content\/uploads\/sites\/4795\/2012\/07\/IMG-20150811-WA0011-2-150x150.jpg\" width=\"150\" height=\"150\" srcset=\"https:\/\/blogs.donboscovolunteers.de\/aguablanca\/wp-content\/uploads\/sites\/4795\/2012\/07\/IMG-20150811-WA0011-2-150x150.jpg 150w, https:\/\/blogs.donboscovolunteers.de\/aguablanca\/wp-content\/uploads\/sites\/4795\/2012\/07\/IMG-20150811-WA0011-2-300x300.jpg 300w, https:\/\/blogs.donboscovolunteers.de\/aguablanca\/wp-content\/uploads\/sites\/4795\/2012\/07\/IMG-20150811-WA0011-2.jpg 997w\" sizes=\"auto, (max-width: 150px) 100vw, 150px\" \/><\/a><\/p>\n<p>&nbsp;<\/p>\n<h2>2013\/2014: <a href=\"https:\/\/blogs.donboscovolunteers.de\/aguablanca\/category\/kim-und-adrian\/\">Kim und\u00a0Adrian<\/a><\/h2>\n<h2>2012\/2013:<\/h2>\n<h3><a href=\"https:\/\/blogs.donboscovolunteers.de\/aguablanca\/category\/lisa\/\">Lisa<\/a><\/h3>\n<h3><a href=\"https:\/\/blogs.donboscovolunteers.de\/aguablanca\/category\/rabea\/\">Rabea<\/a><\/h3>\n<p>Mein Name ist Rabea Fischer. \u00dcber gl\u00fcckliche Umwege habe ich Aguablanca e.V. kennengelernt und bekam die M\u00f6glichkeit 2012\/2013 ein Freiwilliges Jahr im Rahmen des Programms \u201eweltw\u00e4rts\u201c des BMZ in Cali zu machen. Ich durfte den Englischunterricht und Querfl\u00f6tenunterricht unserer Partnerschule \u201eLa Providencia\u201c unterst\u00fctzen.<br \/>\nWenn ich nun zur\u00fcck in Deutschland die Fotos von diesem Jahr anschaue, wird mir jedes Mal ganz warm ums Herz. All diese Gesichter verbinde ich mit wundervollen Erinnerungen an tolle Pers\u00f6nlichkeiten \u2013 egal ob Sch\u00fcler oder Lehrer -, von denen ich so viel f\u00fcr mich gelernt habe.<br \/>\nSo haben sich meine Sichtweisen auf die Welt sehr erweitert und ver\u00e4ndert. Zu erleben wie unsere Sch\u00fcler trotz ihrer oft unvorstellbar schweren Lebenssituationen t\u00e4glich solche Kraft und Lebensfreude verspr\u00fchen, hat mich auf die eigentlichen Werte unseres Lebens zur\u00fcck besinnen lassen.<a href=\"https:\/\/blogs.donboscovolunteers.de\/aguablanca\/wp-content\/uploads\/sites\/4795\/2012\/07\/Rabea1.jpg\"><img loading=\"lazy\" decoding=\"async\" class=\"alignright size-thumbnail wp-image-791\" alt=\"\" src=\"https:\/\/blogs.donboscovolunteers.de\/aguablanca\/wp-content\/uploads\/sites\/4795\/2012\/07\/Rabea1-150x150.jpg\" width=\"150\" height=\"150\" srcset=\"https:\/\/blogs.donboscovolunteers.de\/aguablanca\/wp-content\/uploads\/sites\/4795\/2012\/07\/Rabea1-150x150.jpg 150w, https:\/\/blogs.donboscovolunteers.de\/aguablanca\/wp-content\/uploads\/sites\/4795\/2012\/07\/Rabea1-300x300.jpg 300w, https:\/\/blogs.donboscovolunteers.de\/aguablanca\/wp-content\/uploads\/sites\/4795\/2012\/07\/Rabea1-1022x1024.jpg 1022w, https:\/\/blogs.donboscovolunteers.de\/aguablanca\/wp-content\/uploads\/sites\/4795\/2012\/07\/Rabea1.jpg 2040w\" sizes=\"auto, (max-width: 150px) 100vw, 150px\" \/><\/a>\u00a0 diesem au\u00dfergew\u00f6hnlichen Jahr in Kolumbien habe ich jeden Tag mehr erkannt, welche Chancen Bildung f\u00fcr einen einzelnen Menschen, aber auch f\u00fcr die Entwicklung eines Landes in sich tr\u00e4gt. Dies zeigte mir nicht nur die Wichtigkeit der Arbeit in La Providencia in Kolumbien und von Aguablanca e.V. in Deutschland, sondern half mir pers\u00f6nlich dabei mich f\u00fcr einen Beruf zu entscheiden, weshalb ich ab Oktober 2013 Spanisch und Deutsch auf Lehramt studieren werde.<br \/>\nEine solche Erfahrung, wie sie mir geschenkt wurde, pr\u00e4gt einen Menschen ungemein und ich bin gl\u00fccklich in Kolumbien einen zweiten Ort auf der Welt gefunden zu haben, an dem ich mich zuhause f\u00fchle.<\/p>\n<h2>2012<\/h2>\n<h3>Silke<\/h3>\n<h2>2011\/2012<\/h2>\n<h3>Britta<\/h3>\n<p>Wenn ich auf mein Jahr in Kolumbien zur\u00fcckblicke, denke ich vor allem an eines: Lachen. Lachende Kinder, lachende Lehrer, lachende Mitbewohner, lachende Tanzlehrer, lachende Musiker und lachende Supermarktkassierer. Es ist nicht \u00fcbertrieben zu sagen, dass Kolumbien das Herz erfreut.<br \/>\nMein Name ist Britta Rude, ich bin 21 Jahre alt und habe Aguablanca \u00fcber unsere Partnerschule in Friedberg, die Adolf-Reichwein-Schule, kennengelernt. Dort wird die Schule in Cali durch viele verschiedene Projekte wie das Basteln von Lesezeichen oder der Verkauft von Waffeln und Kerzen unterst\u00fctzt.<br \/>\nDie Zeit, die ich in Aguablanca verbracht habe, war nicht nur aufgrund der vielen Eindr\u00fccke, fremden Sprache und f\u00fcr mich bis dahin ungeahnten und nie gesehenen Armut so besonders und einzigartig. Vor allem war sie es aufgrund der emotionalen Achterbahn, die ich dort ein Jahr lang gefahren bin. Ich kann mich nicht erinnern, nochmals so oft und ausgiebig geheult und gelacht zu haben wie dort. Aus Gl\u00fcck, aus Ger\u00fchrtheit, aus Trauer, aus Schock, aus Freude oder aus Dankbarkeit.<br \/>\nMein Bewusstsein f\u00fcr kulturelle und soziale Unterschiede hat sich seitdem sehr ver\u00e4ndert und r\u00fcckblickend kann ich sagen, dass Aguablanca eine einzige Bereicherung f\u00fcr mich war und auch immer noch ist.<br \/>\nDort habe ich gelernt, dass es sehr wohl m\u00f6glich ist, durch viele helfende H\u00e4nde in kleinen Schritten etwas zu bewirken, und wie sch\u00f6n es ist, etwas f\u00fcr andere zu tun.<\/p>\n<h3>Miriam<\/h3>\n<p>Mein Name ist Miriam J\u00fcngling. Den Aguablanca-Verein habe ich w\u00e4hrend meiner Schulzeit am Herborner Johanneum Gymnasium kennen gelernt, da ich dort in der Oberstufe an der AG teilgenommen habe.<br \/>\nNach dem Abitur habe ich mich dazu entschlossen, die Chance zu ergreifen und einen Freiwilligendienst in Cali zu leisten, um das Projekt und die Menschen vor Ort besser kennen zu lernen. W\u00e4hrend meines Aufenthaltes habe ich (u.a. gemeinsam mit Silke) den Englischunterricht von Jana und Klara fortgef\u00fchrt, wobei ich nicht nur die Grundsch\u00fcler sondern auch die \u00c4lteren bis zur 10. Klasse unterrichtet habe.<br \/>\nAus heutiger Sicht ist der Entschluss, das FSJ zu machen, eine der wichtigsten und besten Entscheidungen meines Lebens gewesen, denn der Aufenthalt in Cali hat mich pers\u00f6nlich stark gepr\u00e4gt. Er hat mich zu einem respektvolleren, dankbareren und gleichzeitig auch gl\u00fccklicheren und st\u00e4rkeren Menschen gemacht und ich wei\u00df die vielen Annehmlichkeiten des Lebens in Deutschland heute viel besser zu sch\u00e4tzen.<br \/>\nDar\u00fcber hinaus durfte ich ein unheimlich spannendes Land mit vielen verschiedenen Gesichtern, \u00e4u\u00dferst herzlichen und liebenswerten Menschen und facettenreichen Landschaften kennen und lieben lernen. Ich kann jedem, der \u00fcber ein FSJ nachdenkt, einen Aufenthalt in S\u00fcdamerika w\u00e4rmstens empfehlen!<\/p>\n<h3>Klara<\/h3>\n<p>Mein Name ist Klara. Das Projekt Aguablanca e.V. kenne ich mittlerweile seit \u00fcber 10 Jahren, da ich mein Abitur am Johanneum Gymnasium in Herborn gemacht habe. Seit 2004 habe ich in der Arbeitsgemeinschaft Aguablanca mitgearbeitet. Nach meinem Abitur 2010 wollte ich gerne unsere Partnerschule in Kolumbien pers\u00f6nlich kennenlernen. Ich bin froh die M\u00f6glichkeit bekommen zu haben von August 2010 bis Juli 2011 den Englischunterricht im Grundschulalter unterst\u00fctzten zu k\u00f6nnen. Es war ein Jahr mit sehr vielen sch\u00f6nen Erlebnissen, die nicht missen m\u00f6chte.<br \/>\nIch bin weiterhin aktiv im Verein Aguablanca e.V. So stehe ich bei Fragen f\u00fcr die neuen Freiwilligen jederzeit Rede und Antwort. Au\u00dferdem bin ich bei Waffelverk\u00e4ufen etc. des Vereins immer wieder gerne dabei und erz\u00e4hle Interessierten von meinen sch\u00f6nen Erfahrungen.<br \/>\n<a href=\"https:\/\/blogs.donboscovolunteers.de\/aguablanca\/wp-content\/uploads\/sites\/4795\/2012\/07\/Klara.jpg\"><img loading=\"lazy\" decoding=\"async\" class=\"alignright size-thumbnail wp-image-643\" alt=\"\" src=\"https:\/\/blogs.donboscovolunteers.de\/aguablanca\/wp-content\/uploads\/sites\/4795\/2012\/07\/Klara-150x150.jpg\" width=\"150\" height=\"150\" \/><\/a><\/p>\n<h2>2009\/2010<\/h2>\n<h3>Lukas<\/h3>\n<p>Mein Name ist Lukas Frank und ich bin inzwischen 22 Jahre alt. 2009\/2010 durfte ich im Rahmen meines Zivildienstes ein Soziales Jahr an unserer Partnerschule in Cali verbringen. Es war ein wundersch\u00f6nes Jahr, voller Herausforderungen und unvergesslicher Momente. Die Herzlichkeit und W\u00e4rme der Menschen dort werde ich bestimmt nicht vergessen. Es ist teils unglaublich mit welchem Enthusiasmus und welcher Fr\u00f6hlichkeit die Kinder in die Schule gehen, trotz oder gerade wegen ihrer schwierigen Lebensverh\u00e4ltnissen. Man merkt: Das Projekt macht einen Unterschied und auch nur ein kleiner Teil davon zu sein hat mich sehr gl\u00fccklich gemacht. An der Schule war ich f\u00fcr den Sportunterricht zust\u00e4ndig und habe einmal in der Woche Englischkurse f\u00fcr Lehrer angeboten. Trotz anf\u00e4nglicher Verst\u00e4ndigungsschwierigkeiten ist Sport eine gute M\u00f6glichkeit gewesen, um Zugang zu den Kindern zu finden und mehr \u00fcber ihren Alttag zu erfahren. Auch neben der Arbeit habe ich viele tolle Menschen kennengelernt und es sind Freundschaften entstanden die bis heute Bestand haben.Inzwischen bin ich seit 2 Jahren wieder daheim, aber mein Aufenthalt in Cali hat viele Dinge wie Priorit\u00e4ten und Sichtweisen in meinem Leben ver\u00e4ndert. Kolumbien spielt immer noch eine gro\u00dfe Rolle in meinem Leben: Zurzeit studiere ich Economics und Internationale Beziehungen in Schottland \u2013 mit Schwerpunkt Lateinamerika. Au\u00dferdem versuche einmal im Jahr nach Cali zu kommen, um Schule und Freunde zu besuchen.Abschlie\u00dfen m\u00f6chte ich mit einem Werbeslogan den ich zu Beginn meines Jahres am Flughafen gesehen und zun\u00e4chst bel\u00e4chelt habe: \u201eColombia: El unico riesgo es que te quieras quedar\u201c- \u201eKolumbien:; Das einzige Risiko ist, dass du da bleiben m\u00f6chtest\u201c.<br \/>\nInzwischen kann ich dem nur vollstens zustimmen!<br \/>\n<img loading=\"lazy\" decoding=\"async\" class=\"alignright size-thumbnail wp-image-644\" alt=\"\" src=\"https:\/\/blogs.donboscovolunteers.de\/aguablanca\/wp-content\/uploads\/sites\/4795\/2012\/07\/Lukas-150x150.jpg\" width=\"150\" height=\"150\" \/><\/p>\n","protected":false},"excerpt":{"rendered":"<p>2014\/2015:\u00a0Anne und Annika Annika _ Anne Lange Zeit schon kannte ich das Projekt \u201eAguablanca e.V.\u201c, habe selbst acht Jahre lang regelm\u00e4\u00dfige Aktionen mit der Arbeitsgemeinschaft des Johanneum Gymnasiums durchgef\u00fchrt, bevor f\u00fcr mich am 01. Oktober 2014 endlich (!)das Abenteuer Kolumbien begonnen hat. Elf Monate habe ich im Colegio \u201eLa Providencia\u201c Englisch, sowie Gitarre und Geige [&hellip;]<\/p>\n","protected":false},"author":4842,"featured_media":0,"parent":0,"menu_order":3,"comment_status":"open","ping_status":"closed","template":"","meta":{"footnotes":""},"class_list":["post-610","page","type-page","status-publish","hentry"],"yoast_head":"<!-- This site is optimized with the Yoast SEO plugin v25.3.1 - https:\/\/yoast.com\/wordpress\/plugins\/seo\/ -->\n<title>Ehemalige - Kolumbien - so gesehen<\/title>\n<meta name=\"robots\" content=\"noindex, follow, max-snippet:-1, max-image-preview:large, max-video-preview:-1\" \/>\n<meta property=\"og:locale\" content=\"de_DE\" \/>\n<meta property=\"og:type\" content=\"article\" \/>\n<meta property=\"og:title\" content=\"Ehemalige - Kolumbien - so gesehen\" \/>\n<meta property=\"og:description\" content=\"2014\/2015:\u00a0Anne und Annika Annika _ Anne Lange Zeit schon kannte ich das Projekt \u201eAguablanca e.V.\u201c, habe selbst acht Jahre lang regelm\u00e4\u00dfige Aktionen mit der Arbeitsgemeinschaft des Johanneum Gymnasiums durchgef\u00fchrt, bevor f\u00fcr mich am 01. Oktober 2014 endlich (!)das Abenteuer Kolumbien begonnen hat. Elf Monate habe ich im Colegio \u201eLa Providencia\u201c Englisch, sowie Gitarre und Geige [&hellip;]\" \/>\n<meta property=\"og:url\" content=\"https:\/\/blogs.donboscovolunteers.de\/aguablanca\/ehemalige-freiwillige\/\" \/>\n<meta property=\"og:site_name\" content=\"Kolumbien - so gesehen\" \/>\n<meta property=\"article:modified_time\" content=\"2015-10-16T22:19:09+00:00\" \/>\n<meta property=\"og:image\" content=\"https:\/\/blogs.donboscovolunteers.de\/aguablanca\/wp-content\/uploads\/sites\/4795\/2012\/07\/IMG-20150811-WA0011-2-150x150.jpg\" \/>\n<meta name=\"twitter:card\" content=\"summary_large_image\" \/>\n<meta name=\"twitter:label1\" content=\"Gesch\u00e4tzte Lesezeit\" \/>\n\t<meta name=\"twitter:data1\" content=\"6\u00a0Minuten\" \/>\n<script type=\"application\/ld+json\" class=\"yoast-schema-graph\">{\"@context\":\"https:\/\/schema.org\",\"@graph\":[{\"@type\":\"WebPage\",\"@id\":\"https:\/\/blogs.donboscovolunteers.de\/aguablanca\/ehemalige-freiwillige\/\",\"url\":\"https:\/\/blogs.donboscovolunteers.de\/aguablanca\/ehemalige-freiwillige\/\",\"name\":\"Ehemalige - Kolumbien - so gesehen\",\"isPartOf\":{\"@id\":\"https:\/\/blogs.donboscovolunteers.de\/aguablanca\/#website\"},\"primaryImageOfPage\":{\"@id\":\"https:\/\/blogs.donboscovolunteers.de\/aguablanca\/ehemalige-freiwillige\/#primaryimage\"},\"image\":{\"@id\":\"https:\/\/blogs.donboscovolunteers.de\/aguablanca\/ehemalige-freiwillige\/#primaryimage\"},\"thumbnailUrl\":\"https:\/\/blogs.donboscovolunteers.de\/aguablanca\/wp-content\/uploads\/sites\/4795\/2012\/07\/IMG-20150811-WA0011-2-150x150.jpg\",\"datePublished\":\"2012-07-17T17:27:43+00:00\",\"dateModified\":\"2015-10-16T22:19:09+00:00\",\"breadcrumb\":{\"@id\":\"https:\/\/blogs.donboscovolunteers.de\/aguablanca\/ehemalige-freiwillige\/#breadcrumb\"},\"inLanguage\":\"de\",\"potentialAction\":[{\"@type\":\"ReadAction\",\"target\":[\"https:\/\/blogs.donboscovolunteers.de\/aguablanca\/ehemalige-freiwillige\/\"]}]},{\"@type\":\"ImageObject\",\"inLanguage\":\"de\",\"@id\":\"https:\/\/blogs.donboscovolunteers.de\/aguablanca\/ehemalige-freiwillige\/#primaryimage\",\"url\":\"https:\/\/blogs.donboscovolunteers.de\/aguablanca\/wp-content\/uploads\/sites\/4795\/2012\/07\/IMG-20150811-WA0011-2.jpg\",\"contentUrl\":\"https:\/\/blogs.donboscovolunteers.de\/aguablanca\/wp-content\/uploads\/sites\/4795\/2012\/07\/IMG-20150811-WA0011-2.jpg\",\"width\":997,\"height\":997},{\"@type\":\"BreadcrumbList\",\"@id\":\"https:\/\/blogs.donboscovolunteers.de\/aguablanca\/ehemalige-freiwillige\/#breadcrumb\",\"itemListElement\":[{\"@type\":\"ListItem\",\"position\":1,\"name\":\"Startseite\",\"item\":\"https:\/\/blogs.donboscovolunteers.de\/aguablanca\/\"},{\"@type\":\"ListItem\",\"position\":2,\"name\":\"Ehemalige\"}]},{\"@type\":\"WebSite\",\"@id\":\"https:\/\/blogs.donboscovolunteers.de\/aguablanca\/#website\",\"url\":\"https:\/\/blogs.donboscovolunteers.de\/aguablanca\/\",\"name\":\"Kolumbien - so gesehen\",\"description\":\"\",\"potentialAction\":[{\"@type\":\"SearchAction\",\"target\":{\"@type\":\"EntryPoint\",\"urlTemplate\":\"https:\/\/blogs.donboscovolunteers.de\/aguablanca\/?s={search_term_string}\"},\"query-input\":{\"@type\":\"PropertyValueSpecification\",\"valueRequired\":true,\"valueName\":\"search_term_string\"}}],\"inLanguage\":\"de\"}]}<\/script>\n<!-- \/ Yoast SEO plugin. -->","yoast_head_json":{"title":"Ehemalige - Kolumbien - so gesehen","robots":{"index":"noindex","follow":"follow","max-snippet":"max-snippet:-1","max-image-preview":"max-image-preview:large","max-video-preview":"max-video-preview:-1"},"og_locale":"de_DE","og_type":"article","og_title":"Ehemalige - Kolumbien - so gesehen","og_description":"2014\/2015:\u00a0Anne und Annika Annika _ Anne Lange Zeit schon kannte ich das Projekt \u201eAguablanca e.V.\u201c, habe selbst acht Jahre lang regelm\u00e4\u00dfige Aktionen mit der Arbeitsgemeinschaft des Johanneum Gymnasiums durchgef\u00fchrt, bevor f\u00fcr mich am 01. Oktober 2014 endlich (!)das Abenteuer Kolumbien begonnen hat. Elf Monate habe ich im Colegio \u201eLa Providencia\u201c Englisch, sowie Gitarre und Geige [&hellip;]","og_url":"https:\/\/blogs.donboscovolunteers.de\/aguablanca\/ehemalige-freiwillige\/","og_site_name":"Kolumbien - so gesehen","article_modified_time":"2015-10-16T22:19:09+00:00","og_image":[{"url":"https:\/\/blogs.donboscovolunteers.de\/aguablanca\/wp-content\/uploads\/sites\/4795\/2012\/07\/IMG-20150811-WA0011-2-150x150.jpg","type":"","width":"","height":""}],"twitter_card":"summary_large_image","twitter_misc":{"Gesch\u00e4tzte Lesezeit":"6\u00a0Minuten"},"schema":{"@context":"https:\/\/schema.org","@graph":[{"@type":"WebPage","@id":"https:\/\/blogs.donboscovolunteers.de\/aguablanca\/ehemalige-freiwillige\/","url":"https:\/\/blogs.donboscovolunteers.de\/aguablanca\/ehemalige-freiwillige\/","name":"Ehemalige - Kolumbien - so gesehen","isPartOf":{"@id":"https:\/\/blogs.donboscovolunteers.de\/aguablanca\/#website"},"primaryImageOfPage":{"@id":"https:\/\/blogs.donboscovolunteers.de\/aguablanca\/ehemalige-freiwillige\/#primaryimage"},"image":{"@id":"https:\/\/blogs.donboscovolunteers.de\/aguablanca\/ehemalige-freiwillige\/#primaryimage"},"thumbnailUrl":"https:\/\/blogs.donboscovolunteers.de\/aguablanca\/wp-content\/uploads\/sites\/4795\/2012\/07\/IMG-20150811-WA0011-2-150x150.jpg","datePublished":"2012-07-17T17:27:43+00:00","dateModified":"2015-10-16T22:19:09+00:00","breadcrumb":{"@id":"https:\/\/blogs.donboscovolunteers.de\/aguablanca\/ehemalige-freiwillige\/#breadcrumb"},"inLanguage":"de","potentialAction":[{"@type":"ReadAction","target":["https:\/\/blogs.donboscovolunteers.de\/aguablanca\/ehemalige-freiwillige\/"]}]},{"@type":"ImageObject","inLanguage":"de","@id":"https:\/\/blogs.donboscovolunteers.de\/aguablanca\/ehemalige-freiwillige\/#primaryimage","url":"https:\/\/blogs.donboscovolunteers.de\/aguablanca\/wp-content\/uploads\/sites\/4795\/2012\/07\/IMG-20150811-WA0011-2.jpg","contentUrl":"https:\/\/blogs.donboscovolunteers.de\/aguablanca\/wp-content\/uploads\/sites\/4795\/2012\/07\/IMG-20150811-WA0011-2.jpg","width":997,"height":997},{"@type":"BreadcrumbList","@id":"https:\/\/blogs.donboscovolunteers.de\/aguablanca\/ehemalige-freiwillige\/#breadcrumb","itemListElement":[{"@type":"ListItem","position":1,"name":"Startseite","item":"https:\/\/blogs.donboscovolunteers.de\/aguablanca\/"},{"@type":"ListItem","position":2,"name":"Ehemalige"}]},{"@type":"WebSite","@id":"https:\/\/blogs.donboscovolunteers.de\/aguablanca\/#website","url":"https:\/\/blogs.donboscovolunteers.de\/aguablanca\/","name":"Kolumbien - so gesehen","description":"","potentialAction":[{"@type":"SearchAction","target":{"@type":"EntryPoint","urlTemplate":"https:\/\/blogs.donboscovolunteers.de\/aguablanca\/?s={search_term_string}"},"query-input":{"@type":"PropertyValueSpecification","valueRequired":true,"valueName":"search_term_string"}}],"inLanguage":"de"}]}},"_links":{"self":[{"href":"https:\/\/blogs.donboscovolunteers.de\/aguablanca\/wp-json\/wp\/v2\/pages\/610","targetHints":{"allow":["GET"]}}],"collection":[{"href":"https:\/\/blogs.donboscovolunteers.de\/aguablanca\/wp-json\/wp\/v2\/pages"}],"about":[{"href":"https:\/\/blogs.donboscovolunteers.de\/aguablanca\/wp-json\/wp\/v2\/types\/page"}],"author":[{"embeddable":true,"href":"https:\/\/blogs.donboscovolunteers.de\/aguablanca\/wp-json\/wp\/v2\/users\/4842"}],"replies":[{"embeddable":true,"href":"https:\/\/blogs.donboscovolunteers.de\/aguablanca\/wp-json\/wp\/v2\/comments?post=610"}],"version-history":[{"count":25,"href":"https:\/\/blogs.donboscovolunteers.de\/aguablanca\/wp-json\/wp\/v2\/pages\/610\/revisions"}],"predecessor-version":[{"id":886,"href":"https:\/\/blogs.donboscovolunteers.de\/aguablanca\/wp-json\/wp\/v2\/pages\/610\/revisions\/886"}],"wp:attachment":[{"href":"https:\/\/blogs.donboscovolunteers.de\/aguablanca\/wp-json\/wp\/v2\/media?parent=610"}],"curies":[{"name":"wp","href":"https:\/\/api.w.org\/{rel}","templated":true}]}}