{"id":22,"date":"2010-08-11T18:17:47","date_gmt":"2010-08-11T23:17:47","guid":{"rendered":"https:\/\/blogs.donboscovolunteers.de\/aguablanca\/?page_id=22"},"modified":"2015-10-16T16:16:39","modified_gmt":"2015-10-16T21:16:39","slug":"kolumbien","status":"publish","type":"page","link":"https:\/\/blogs.donboscovolunteers.de\/aguablanca\/kolumbien\/","title":{"rendered":"Kolumbien"},"content":{"rendered":"<p>Kolumbien liegt im Nordwesten S\u00fcdamerikas neben Panam\u00e1, Venzuela, Ecuador, Brasilien und Peru.<\/p>\n<p>Dabei grenzt es an die Karibik und an den Pazifischen Ozean.<\/p>\n<p>In der Hauptstadt Bogot\u00e1 leben etwa 8 Millionen Menschen; in Cali, der zweitgr\u00f6\u00dften Stadt des Landes, etwa 3,6 Millionen.<\/p>\n<p>Anhand dieser Tatsache l\u00e4sst sich bereits eine gro\u00dfe Problematik erkennen: Wegen der anhaltenden gewaltsamen Konflikte zwischen der Regierung sowie Guerilla- und Parmamilit\u00e4rgruppen, durch Vertreibung und Existenzverlust ziehen viele verarmte Bauern in die Ballungsgebiete der gro\u00dfen Metropolen, wo sich die Menschen ein besseres Leben erhoffen. Nicht selten endet der Traum in Slums oder auf der Stra\u00dfe.<\/p>\n<p>Ein Beispiel daf\u00fcr ist das Elendsviertel Aguablanca in Cali. Es eines der gr\u00f6\u00dften S\u00fcdamerikas, in dem mehr als eine Million Menschen leben. Ihr Alltag wird von Armut, Gewalt, <a href=\"https:\/\/strassenkinder.de\/laender\/asien\/kinderrechte\/\">Kinderarbeit<\/a>, Prostitution und Drogen beherrscht. F\u00fcr diese \u201eWegwerfmenschen\u201c, wie sie sich selbst bezeichnen, besteht keine M\u00f6glichkeit ihrer Situation zu entkommen, da sie sich keine Schulbildung leisten k\u00f6nnen.<\/p>\n<p>An dieser Stelle setzt die Schule \u201eFe y Alegria la Providencia\u201c an: Etwa 500 Kindern wird eine Schulausbildung erm\u00f6glicht, damit sie dem Teufelskreis der Armut entfliehen k\u00f6nnen.<\/p>\n<p>Mehr zum <a title=\"Das kolumbianische Schulsystem\" href=\"https:\/\/blogs.donboscovolunteers.de\/aguablanca\/2015\/10\/16\/das-kolumbianische-schulsystem\/\">kolumbianischen Schulsystem<\/a><\/p>\n<p><a href=\"https:\/\/blogs.donboscovolunteers.de\/aguablanca\/wp-content\/uploads\/sites\/4795\/2010\/08\/karte-9-7531.gif\"><img decoding=\"async\" class=\"alignnone\" alt=\"\" src=\"https:\/\/blogs.donboscovolunteers.de\/aguablanca\/wp-content\/uploads\/sites\/4795\/2010\/08\/karte-9-7531-793x1024.gif\" width=\"400\" \/><\/a><\/p>\n","protected":false},"excerpt":{"rendered":"<p>Kolumbien liegt im Nordwesten S\u00fcdamerikas neben Panam\u00e1, Venzuela, Ecuador, Brasilien und Peru. Dabei grenzt es an die Karibik und an den Pazifischen Ozean. In der Hauptstadt Bogot\u00e1 leben etwa 8 Millionen Menschen; in Cali, der zweitgr\u00f6\u00dften Stadt des Landes, etwa 3,6 Millionen. Anhand dieser Tatsache l\u00e4sst sich bereits eine gro\u00dfe Problematik erkennen: Wegen der anhaltenden [&hellip;]<\/p>\n","protected":false},"author":4842,"featured_media":0,"parent":0,"menu_order":2,"comment_status":"open","ping_status":"closed","template":"","meta":{"footnotes":""},"class_list":["post-22","page","type-page","status-publish","hentry"],"yoast_head":"<!-- This site is optimized with the Yoast SEO plugin v25.3.1 - https:\/\/yoast.com\/wordpress\/plugins\/seo\/ -->\n<title>Kolumbien - Kolumbien - so gesehen<\/title>\n<meta name=\"robots\" content=\"noindex, follow, max-snippet:-1, max-image-preview:large, max-video-preview:-1\" \/>\n<meta property=\"og:locale\" content=\"de_DE\" \/>\n<meta property=\"og:type\" content=\"article\" \/>\n<meta property=\"og:title\" content=\"Kolumbien - Kolumbien - so gesehen\" \/>\n<meta property=\"og:description\" content=\"Kolumbien liegt im Nordwesten S\u00fcdamerikas neben Panam\u00e1, Venzuela, Ecuador, Brasilien und Peru. Dabei grenzt es an die Karibik und an den Pazifischen Ozean. In der Hauptstadt Bogot\u00e1 leben etwa 8 Millionen Menschen; in Cali, der zweitgr\u00f6\u00dften Stadt des Landes, etwa 3,6 Millionen. Anhand dieser Tatsache l\u00e4sst sich bereits eine gro\u00dfe Problematik erkennen: Wegen der anhaltenden [&hellip;]\" \/>\n<meta property=\"og:url\" content=\"https:\/\/blogs.donboscovolunteers.de\/aguablanca\/kolumbien\/\" \/>\n<meta property=\"og:site_name\" content=\"Kolumbien - so gesehen\" \/>\n<meta property=\"article:modified_time\" content=\"2015-10-16T21:16:39+00:00\" \/>\n<meta property=\"og:image\" content=\"https:\/\/blogs.donboscovolunteers.de\/aguablanca\/wp-content\/uploads\/sites\/4795\/2010\/08\/karte-9-7531-793x1024.gif\" \/>\n<meta name=\"twitter:card\" content=\"summary_large_image\" \/>\n<meta name=\"twitter:label1\" content=\"Gesch\u00e4tzte Lesezeit\" \/>\n\t<meta name=\"twitter:data1\" content=\"1\u00a0Minute\" \/>\n<script type=\"application\/ld+json\" class=\"yoast-schema-graph\">{\"@context\":\"https:\/\/schema.org\",\"@graph\":[{\"@type\":\"WebPage\",\"@id\":\"https:\/\/blogs.donboscovolunteers.de\/aguablanca\/kolumbien\/\",\"url\":\"https:\/\/blogs.donboscovolunteers.de\/aguablanca\/kolumbien\/\",\"name\":\"Kolumbien - Kolumbien - so gesehen\",\"isPartOf\":{\"@id\":\"https:\/\/blogs.donboscovolunteers.de\/aguablanca\/#website\"},\"primaryImageOfPage\":{\"@id\":\"https:\/\/blogs.donboscovolunteers.de\/aguablanca\/kolumbien\/#primaryimage\"},\"image\":{\"@id\":\"https:\/\/blogs.donboscovolunteers.de\/aguablanca\/kolumbien\/#primaryimage\"},\"thumbnailUrl\":\"https:\/\/blogs.donboscovolunteers.de\/aguablanca\/wp-content\/uploads\/sites\/4795\/2010\/08\/karte-9-7531-793x1024.gif\",\"datePublished\":\"2010-08-11T23:17:47+00:00\",\"dateModified\":\"2015-10-16T21:16:39+00:00\",\"breadcrumb\":{\"@id\":\"https:\/\/blogs.donboscovolunteers.de\/aguablanca\/kolumbien\/#breadcrumb\"},\"inLanguage\":\"de\",\"potentialAction\":[{\"@type\":\"ReadAction\",\"target\":[\"https:\/\/blogs.donboscovolunteers.de\/aguablanca\/kolumbien\/\"]}]},{\"@type\":\"ImageObject\",\"inLanguage\":\"de\",\"@id\":\"https:\/\/blogs.donboscovolunteers.de\/aguablanca\/kolumbien\/#primaryimage\",\"url\":\"https:\/\/blogs.donboscovolunteers.de\/aguablanca\/wp-content\/uploads\/sites\/4795\/2010\/08\/karte-9-7531-793x1024.gif\",\"contentUrl\":\"https:\/\/blogs.donboscovolunteers.de\/aguablanca\/wp-content\/uploads\/sites\/4795\/2010\/08\/karte-9-7531-793x1024.gif\"},{\"@type\":\"BreadcrumbList\",\"@id\":\"https:\/\/blogs.donboscovolunteers.de\/aguablanca\/kolumbien\/#breadcrumb\",\"itemListElement\":[{\"@type\":\"ListItem\",\"position\":1,\"name\":\"Startseite\",\"item\":\"https:\/\/blogs.donboscovolunteers.de\/aguablanca\/\"},{\"@type\":\"ListItem\",\"position\":2,\"name\":\"Kolumbien\"}]},{\"@type\":\"WebSite\",\"@id\":\"https:\/\/blogs.donboscovolunteers.de\/aguablanca\/#website\",\"url\":\"https:\/\/blogs.donboscovolunteers.de\/aguablanca\/\",\"name\":\"Kolumbien - so gesehen\",\"description\":\"\",\"potentialAction\":[{\"@type\":\"SearchAction\",\"target\":{\"@type\":\"EntryPoint\",\"urlTemplate\":\"https:\/\/blogs.donboscovolunteers.de\/aguablanca\/?s={search_term_string}\"},\"query-input\":{\"@type\":\"PropertyValueSpecification\",\"valueRequired\":true,\"valueName\":\"search_term_string\"}}],\"inLanguage\":\"de\"}]}<\/script>\n<!-- \/ Yoast SEO plugin. -->","yoast_head_json":{"title":"Kolumbien - Kolumbien - so gesehen","robots":{"index":"noindex","follow":"follow","max-snippet":"max-snippet:-1","max-image-preview":"max-image-preview:large","max-video-preview":"max-video-preview:-1"},"og_locale":"de_DE","og_type":"article","og_title":"Kolumbien - Kolumbien - so gesehen","og_description":"Kolumbien liegt im Nordwesten S\u00fcdamerikas neben Panam\u00e1, Venzuela, Ecuador, Brasilien und Peru. Dabei grenzt es an die Karibik und an den Pazifischen Ozean. In der Hauptstadt Bogot\u00e1 leben etwa 8 Millionen Menschen; in Cali, der zweitgr\u00f6\u00dften Stadt des Landes, etwa 3,6 Millionen. Anhand dieser Tatsache l\u00e4sst sich bereits eine gro\u00dfe Problematik erkennen: Wegen der anhaltenden [&hellip;]","og_url":"https:\/\/blogs.donboscovolunteers.de\/aguablanca\/kolumbien\/","og_site_name":"Kolumbien - so gesehen","article_modified_time":"2015-10-16T21:16:39+00:00","og_image":[{"url":"https:\/\/blogs.donboscovolunteers.de\/aguablanca\/wp-content\/uploads\/sites\/4795\/2010\/08\/karte-9-7531-793x1024.gif","type":"","width":"","height":""}],"twitter_card":"summary_large_image","twitter_misc":{"Gesch\u00e4tzte Lesezeit":"1\u00a0Minute"},"schema":{"@context":"https:\/\/schema.org","@graph":[{"@type":"WebPage","@id":"https:\/\/blogs.donboscovolunteers.de\/aguablanca\/kolumbien\/","url":"https:\/\/blogs.donboscovolunteers.de\/aguablanca\/kolumbien\/","name":"Kolumbien - Kolumbien - so gesehen","isPartOf":{"@id":"https:\/\/blogs.donboscovolunteers.de\/aguablanca\/#website"},"primaryImageOfPage":{"@id":"https:\/\/blogs.donboscovolunteers.de\/aguablanca\/kolumbien\/#primaryimage"},"image":{"@id":"https:\/\/blogs.donboscovolunteers.de\/aguablanca\/kolumbien\/#primaryimage"},"thumbnailUrl":"https:\/\/blogs.donboscovolunteers.de\/aguablanca\/wp-content\/uploads\/sites\/4795\/2010\/08\/karte-9-7531-793x1024.gif","datePublished":"2010-08-11T23:17:47+00:00","dateModified":"2015-10-16T21:16:39+00:00","breadcrumb":{"@id":"https:\/\/blogs.donboscovolunteers.de\/aguablanca\/kolumbien\/#breadcrumb"},"inLanguage":"de","potentialAction":[{"@type":"ReadAction","target":["https:\/\/blogs.donboscovolunteers.de\/aguablanca\/kolumbien\/"]}]},{"@type":"ImageObject","inLanguage":"de","@id":"https:\/\/blogs.donboscovolunteers.de\/aguablanca\/kolumbien\/#primaryimage","url":"https:\/\/blogs.donboscovolunteers.de\/aguablanca\/wp-content\/uploads\/sites\/4795\/2010\/08\/karte-9-7531-793x1024.gif","contentUrl":"https:\/\/blogs.donboscovolunteers.de\/aguablanca\/wp-content\/uploads\/sites\/4795\/2010\/08\/karte-9-7531-793x1024.gif"},{"@type":"BreadcrumbList","@id":"https:\/\/blogs.donboscovolunteers.de\/aguablanca\/kolumbien\/#breadcrumb","itemListElement":[{"@type":"ListItem","position":1,"name":"Startseite","item":"https:\/\/blogs.donboscovolunteers.de\/aguablanca\/"},{"@type":"ListItem","position":2,"name":"Kolumbien"}]},{"@type":"WebSite","@id":"https:\/\/blogs.donboscovolunteers.de\/aguablanca\/#website","url":"https:\/\/blogs.donboscovolunteers.de\/aguablanca\/","name":"Kolumbien - so gesehen","description":"","potentialAction":[{"@type":"SearchAction","target":{"@type":"EntryPoint","urlTemplate":"https:\/\/blogs.donboscovolunteers.de\/aguablanca\/?s={search_term_string}"},"query-input":{"@type":"PropertyValueSpecification","valueRequired":true,"valueName":"search_term_string"}}],"inLanguage":"de"}]}},"_links":{"self":[{"href":"https:\/\/blogs.donboscovolunteers.de\/aguablanca\/wp-json\/wp\/v2\/pages\/22","targetHints":{"allow":["GET"]}}],"collection":[{"href":"https:\/\/blogs.donboscovolunteers.de\/aguablanca\/wp-json\/wp\/v2\/pages"}],"about":[{"href":"https:\/\/blogs.donboscovolunteers.de\/aguablanca\/wp-json\/wp\/v2\/types\/page"}],"author":[{"embeddable":true,"href":"https:\/\/blogs.donboscovolunteers.de\/aguablanca\/wp-json\/wp\/v2\/users\/4842"}],"replies":[{"embeddable":true,"href":"https:\/\/blogs.donboscovolunteers.de\/aguablanca\/wp-json\/wp\/v2\/comments?post=22"}],"version-history":[{"count":16,"href":"https:\/\/blogs.donboscovolunteers.de\/aguablanca\/wp-json\/wp\/v2\/pages\/22\/revisions"}],"predecessor-version":[{"id":1004,"href":"https:\/\/blogs.donboscovolunteers.de\/aguablanca\/wp-json\/wp\/v2\/pages\/22\/revisions\/1004"}],"wp:attachment":[{"href":"https:\/\/blogs.donboscovolunteers.de\/aguablanca\/wp-json\/wp\/v2\/media?parent=22"}],"curies":[{"name":"wp","href":"https:\/\/api.w.org\/{rel}","templated":true}]}}